

--
-- TOC entry 5 (class 2615 OID 16496)
-- Name: public; Type: SCHEMA; Schema: -; Owner: -
--

-- *not* creating schema, since initdb creates it


--
-- TOC entry 3480 (class 0 OID 0)
-- Dependencies: 5
-- Name: SCHEMA public; Type: COMMENT; Schema: -; Owner: -
--

COMMENT ON SCHEMA public IS '';





--
-- TOC entry 216 (class 1259 OID 16501)
-- Name: admin_users_id_seq; Type: SEQUENCE; Schema: public; Owner: -
--

CREATE SEQUENCE public.admin_users_id_seq
    AS integer
    START WITH 1
    INCREMENT BY 1
    NO MINVALUE
    NO MAXVALUE
    CACHE 1;


--
-- TOC entry 3481 (class 0 OID 0)
-- Dependencies: 216
-- Name: admin_users_id_seq; Type: SEQUENCE OWNED BY; Schema: public; Owner: -
--

ALTER SEQUENCE public.admin_users_id_seq OWNED BY public.admin_users.id;


--
-- TOC entry 217 (class 1259 OID 16502)
-- Name: customer_metadata; Type: TABLE; Schema: public; Owner: -
--

CREATE TABLE public.customer_metadata (
    id integer NOT NULL,
    account_id integer NOT NULL,
    starlink_number character varying(100),
    customer_number character varying(100),
    additional_data text,
    created_at timestamp with time zone DEFAULT now(),
    updated_at timestamp with time zone DEFAULT now()
);


--
-- TOC entry 218 (class 1259 OID 16509)
-- Name: customer_metadata_id_seq; Type: SEQUENCE; Schema: public; Owner: -
--

CREATE SEQUENCE public.customer_metadata_id_seq
    AS integer
    START WITH 1
    INCREMENT BY 1
    NO MINVALUE
    NO MAXVALUE
    CACHE 1;


--
-- TOC entry 3482 (class 0 OID 0)
-- Dependencies: 218
-- Name: customer_metadata_id_seq; Type: SEQUENCE OWNED BY; Schema: public; Owner: -
--

ALTER SEQUENCE public.customer_metadata_id_seq OWNED BY public.customer_metadata.id;


--
-- TOC entry 219 (class 1259 OID 16510)
-- Name: email_accounts; Type: TABLE; Schema: public; Owner: -
--

CREATE TABLE public.email_accounts (
    id integer NOT NULL,
    email character varying(255) NOT NULL,
    name character varying(255),
    description text,
    is_active boolean,
    created_at timestamp with time zone DEFAULT now(),
    updated_at timestamp with time zone DEFAULT now(),
    google_app_id integer NOT NULL
);


--
-- TOC entry 220 (class 1259 OID 16517)
-- Name: email_accounts_id_seq; Type: SEQUENCE; Schema: public; Owner: -
--

CREATE SEQUENCE public.email_accounts_id_seq
    AS integer
    START WITH 1
    INCREMENT BY 1
    NO MINVALUE
    NO MAXVALUE
    CACHE 1;


--
-- TOC entry 3483 (class 0 OID 0)
-- Dependencies: 220
-- Name: email_accounts_id_seq; Type: SEQUENCE OWNED BY; Schema: public; Owner: -
--

ALTER SEQUENCE public.email_accounts_id_seq OWNED BY public.email_accounts.id;


--
-- TOC entry 222 (class 1259 OID 16524)
-- Name: google_apps_id_seq; Type: SEQUENCE; Schema: public; Owner: -
--

CREATE SEQUENCE public.google_apps_id_seq
    AS integer
    START WITH 1
    INCREMENT BY 1
    NO MINVALUE
    NO MAXVALUE
    CACHE 1;


--
-- TOC entry 3484 (class 0 OID 0)
-- Dependencies: 222
-- Name: google_apps_id_seq; Type: SEQUENCE OWNED BY; Schema: public; Owner: -
--

ALTER SEQUENCE public.google_apps_id_seq OWNED BY public.google_apps.id;


--
-- TOC entry 224 (class 1259 OID 16531)
-- Name: oauth_data_id_seq; Type: SEQUENCE; Schema: public; Owner: -
--

CREATE SEQUENCE public.oauth_data_id_seq
    AS integer
    START WITH 1
    INCREMENT BY 1
    NO MINVALUE
    NO MAXVALUE
    CACHE 1;


--
-- TOC entry 3485 (class 0 OID 0)
-- Dependencies: 224
-- Name: oauth_data_id_seq; Type: SEQUENCE OWNED BY; Schema: public; Owner: -
--

ALTER SEQUENCE public.oauth_data_id_seq OWNED BY public.oauth_data.id;


--
-- TOC entry 225 (class 1259 OID 16532)
-- Name: sync_status; Type: TABLE; Schema: public; Owner: -
--

CREATE TABLE public.sync_status (
    id integer NOT NULL,
    account_id integer NOT NULL,
    emails_count integer,
    last_email_received_at timestamp with time zone,
    last_sync_time timestamp with time zone DEFAULT now(),
    sync_status character varying(50)
);


--
-- TOC entry 226 (class 1259 OID 16536)
-- Name: sync_status_id_seq; Type: SEQUENCE; Schema: public; Owner: -
--

CREATE SEQUENCE public.sync_status_id_seq
    AS integer
    START WITH 1
    INCREMENT BY 1
    NO MINVALUE
    NO MAXVALUE
    CACHE 1;


--
-- TOC entry 3486 (class 0 OID 0)
-- Dependencies: 226
-- Name: sync_status_id_seq; Type: SEQUENCE OWNED BY; Schema: public; Owner: -
--

ALTER SEQUENCE public.sync_status_id_seq OWNED BY public.sync_status.id;


--
-- TOC entry 3276 (class 2604 OID 16538)
-- Name: customer_metadata id; Type: DEFAULT; Schema: public; Owner: -
--

ALTER TABLE ONLY public.customer_metadata ALTER COLUMN id SET DEFAULT nextval('public.customer_metadata_id_seq'::regclass);


--
-- TOC entry 3279 (class 2604 OID 16539)
-- Name: email_accounts id; Type: DEFAULT; Schema: public; Owner: -
--

ALTER TABLE ONLY public.email_accounts ALTER COLUMN id SET DEFAULT nextval('public.email_accounts_id_seq'::regclass);


--
-- TOC entry 3286 (class 2604 OID 16542)
-- Name: sync_status id; Type: DEFAULT; Schema: public; Owner: -
--

ALTER TABLE ONLY public.sync_status ALTER COLUMN id SET DEFAULT nextval('public.sync_status_id_seq'::regclass);

--
-- TOC entry 3465 (class 0 OID 16502)
-- Dependencies: 217
-- Data for Name: customer_metadata; Type: TABLE DATA; Schema: public; Owner: -
--

COPY public.customer_metadata (id, account_id, starlink_number, customer_number, additional_data, created_at, updated_at) FROM stdin;
1	1	\N	\N	\N	2025-11-01 16:11:21.201+00	2025-11-03 08:13:55.282319+00
3	4	34134163048	09153457304	\N	2025-10-30 16:50:31.969+00	2025-11-03 08:14:46.061832+00
2	3	27698755321	\N	\N	2025-10-30 16:05:21.186+00	2025-11-03 08:14:17.992198+00
4	5		aa5600725	\N	2025-11-09 09:07:46.959429+00	2025-11-09 09:07:46.959429+00
5	6		af9220084	\N	2025-11-09 09:18:15.23941+00	2025-11-09 09:18:15.23941+00
6	7		ap7376909	\N	2025-11-09 09:53:47.239623+00	2025-11-09 09:53:47.239623+00
7	8		as3934436	\N	2025-11-09 10:04:39.024136+00	2025-11-09 10:04:39.024136+00
8	9		aa1958258	\N	2025-11-09 10:08:06.688905+00	2025-11-09 10:08:06.688905+00
9	15		ab4090068	\N	2025-11-09 21:38:31.798495+00	2025-11-09 21:38:31.798495+00
10	14		am2557420	\N	2025-11-09 21:42:46.901758+00	2025-11-09 21:42:46.901758+00
11	13		at3461588	\N	2025-11-09 21:43:02.545154+00	2025-11-09 21:43:02.545154+00
12	12		as5453662	\N	2025-11-09 21:43:16.656776+00	2025-11-09 21:43:16.656776+00
13	11		as3651949	\N	2025-11-09 21:44:20.33915+00	2025-11-09 21:44:20.33915+00
14	10		aj5551322	\N	2025-11-09 21:44:44.027991+00	2025-11-09 21:44:44.027991+00
15	16		az2549884	\N	2025-11-09 21:53:52.955056+00	2025-11-09 21:53:52.955056+00
16	17		as5551322	\N	2025-11-09 22:05:21.552922+00	2025-11-09 22:05:21.552922+00
17	18		ab3472754	\N	2025-11-09 22:18:39.754292+00	2025-11-09 22:18:39.754292+00
18	19		ab3395478	\N	2025-11-10 13:44:47.445743+00	2025-11-10 13:44:47.445743+00
19	20		aj5452326	\N	2025-11-10 20:08:28.757226+00	2025-11-10 20:08:28.757226+00
20	21		mb5460231	\N	2025-11-10 20:08:44.14198+00	2025-11-10 20:08:44.14198+00
22	23		ah1175237	\N	2025-11-10 20:51:26.220067+00	2025-11-10 20:51:26.220067+00
23	24		ar9728767	\N	2025-11-10 21:10:00.036558+00	2025-11-10 21:10:00.036558+00
24	25		ap2715547	\N	2025-11-11 00:18:02.980256+00	2025-11-11 00:18:02.980256+00
25	26		aa1148143	\N	2025-11-11 09:38:52.56868+00	2025-11-11 09:38:52.56868+00
26	28		am5460564	\N	2025-11-11 12:27:07.851115+00	2025-11-11 12:27:07.851115+00
27	29		as5466646	\N	2025-11-11 12:35:43.013647+00	2025-11-11 12:35:43.013647+00
28	30		am1259308	\N	2025-11-11 13:05:00.748905+00	2025-11-11 13:05:00.748905+00
29	31		as4364068	\N	2025-11-11 14:10:23.326829+00	2025-11-11 14:10:23.326829+00
30	32		az5460677	\N	2025-11-11 14:53:07.513922+00	2025-11-11 14:53:07.513922+00
32	34		ab3469370	\N	2025-11-11 15:17:51.869154+00	2025-11-11 15:17:51.869154+00
33	35		ap2506494	\N	2025-11-11 15:20:56.507398+00	2025-11-11 15:20:56.507398+00
34	36		ar1950068	\N	2025-11-12 13:18:26.895301+00	2025-11-12 13:18:26.895301+00
35	159	+447577325030	Rahmdell Pishbin	\N	2026-01-04 00:12:52.848759+00	2026-01-04 00:12:52.848759+00
36	206	09151450026		\N	2026-01-20 09:53:07.917236+00	2026-01-20 09:53:07.917236+00
\.


--
-- TOC entry 3467 (class 0 OID 16510)
-- Dependencies: 219
-- Data for Name: email_accounts; Type: TABLE DATA; Schema: public; Owner: -
--

COPY public.email_accounts (id, email, name, description, is_active, created_at, updated_at, google_app_id) FROM stdin;
2	qaderamani0021@gmail.com	Qader Amani	Added via OAuth on 2025-10-30 14:55:34 UTC	t	2025-10-30 14:55:34.406+00	2025-11-03 08:04:49.062443+00	1
1	eisapak6153@gmail.com	Eisa Pak	Added via OAuth on 2025-10-29 21:39:14 UTC	t	2025-10-29 21:39:14.805+00	2025-10-29 21:39:14.805+00	1
3	moradsalarizadeh6235@gmail.com	Morad Salarizadeh	Added via OAuth on 2025-10-30 15:07:53 UTC	t	2025-10-30 15:07:53.758+00	2025-11-03 08:07:41.165467+00	1
4	sadhoot73@gmail.com	Sad Hoot	Added via OAuth on 2025-10-30 16:49:34 UTC	t	2025-10-30 16:49:34.489+00	2025-11-03 08:09:57.319043+00	1
5	abdollahabazarsa@gmail.com	Abdollah Abazarsa	Added via OAuth on 2025-11-08 23:23:18 UTC using app: Gmail-Auth	t	2025-11-08 23:23:18.132921+00	2025-11-08 23:23:18.132921+00	1
6	abdollahfarahbou@gmail.com	Abdollah Farahbou	Added via OAuth on 2025-11-08 23:28:41 UTC using app: Gmail-Auth	t	2025-11-08 23:28:41.218315+00	2025-11-08 23:28:41.218315+00	1
7	abdollahpanad6909@gmail.com	Abdollah Panad	Added via OAuth on 2025-11-09 09:53:03 UTC using app: Gmail-Auth	t	2025-11-09 09:53:02.953505+00	2025-11-09 09:53:02.953505+00	1
8	abdollahsayyadi4436@gmail.com	Abdollah Sayyadi	Added via OAuth on 2025-11-09 10:03:56 UTC using app: Gmail-Auth	t	2025-11-09 10:03:56.569797+00	2025-11-09 10:03:56.569797+00	1
9	abdollghafooramad@gmail.com	Abdollghafoor Amad	Added via OAuth on 2025-11-09 10:07:51 UTC using app: Gmail-Auth	t	2025-11-09 10:07:50.84561+00	2025-11-09 10:07:50.84561+00	1
10	abdollghafoorjavam@gmail.com	Abdollghafoor Javam	Added via OAuth on 2025-11-09 10:13:06 UTC using app: Gmail-Auth	t	2025-11-09 10:13:06.22801+00	2025-11-09 10:13:06.22801+00	1
11	abdollghafoorshaeri@gmail.com	Abdollghafoor Shaeri	Added via OAuth on 2025-11-09 10:33:23 UTC using app: Gmail-Auth	t	2025-11-09 10:33:22.810804+00	2025-11-09 10:33:22.810804+00	1
12	abdollghafoorsharifinia@gmail.com	Abdollghafoor Sharifinia	Added via OAuth on 2025-11-09 21:09:20 UTC using app: Gmail-Auth	t	2025-11-09 21:09:19.909177+00	2025-11-09 21:09:19.909177+00	1
13	abdollhamidtak@gmail.com	Abdollhamid Tak	Added via OAuth on 2025-11-09 21:14:12 UTC using app: Gmail-Auth	t	2025-11-09 21:14:12.454364+00	2025-11-09 21:14:12.454364+00	1
14	abdollrahimmallahi255@gmail.com	Abdollrahim Mallahi	Added via OAuth on 2025-11-09 21:23:00 UTC using app: Gmail-Auth	t	2025-11-09 21:23:00.058197+00	2025-11-09 21:23:00.058197+00	1
15	abdulltareqbaloch@gmail.com	Abdulltareq Baloch	Added via OAuth on 2025-11-09 21:36:43 UTC using app: Gmail-Auth	t	2025-11-09 21:36:43.395871+00	2025-11-09 21:36:43.395871+00	1
16	abdullahizabarjad@gmail.com	Abdullahi Zabarjad	Added via OAuth on 2025-11-09 21:53:29 UTC using app: Gmail-Auth	t	2025-11-09 21:53:28.682993+00	2025-11-09 21:53:28.682993+00	1
17	abedsalehi1322@gmail.com	Abed Salehi	Added via OAuth on 2025-11-09 22:05:08 UTC using app: Gmail-Auth	t	2025-11-09 22:05:07.919788+00	2025-11-09 22:05:07.919788+00	1
18	abedzabarjad2754@gmail.com	Abed Zabarjad	Added via OAuth on 2025-11-09 22:18:03 UTC using app: Gmail-Auth	t	2025-11-09 22:18:03.034394+00	2025-11-09 22:18:03.034394+00	1
19	ahmadbaloch33954@gmail.com	Ahmad Baloch	Added via OAuth on 2025-11-10 13:44:15 UTC using app: Gmail-Auth	t	2025-11-10 13:44:14.872814+00	2025-11-10 13:44:14.872814+00	1
20	akbarjali2326@gmail.com	Akbar Jali	Added via OAuth on 2025-11-10 14:46:40 UTC using app: Gmail-Auth	t	2025-11-10 14:46:39.926734+00	2025-11-10 14:46:39.926734+00	1
21	mehrdadbaloch0321@gmail.com	Mehrdad Baloch	Added via OAuth on 2025-11-10 20:08:14 UTC using app: Gmail-Auth	t	2025-11-10 20:08:14.251797+00	2025-11-10 20:08:14.251797+00	1
23	alirezaheidari5237@gmail.com	Alireza Heidari	Added via OAuth on 2025-11-10 20:49:17 UTC using app: Gmail-Auth	t	2025-11-10 20:49:16.992684+00	2025-11-10 20:49:16.992684+00	1
24	allahdadraeisi@gmail.com	Allahdad Raeisi	Added via OAuth on 2025-11-10 21:09:38 UTC using app: Gmail-Auth	t	2025-11-10 21:09:38.175152+00	2025-11-10 21:09:38.175152+00	1
25	amenehpirmallahi@gmail.com	Ameneh Pirmallahi	Added via OAuth on 2025-11-11 00:17:32 UTC using app: Gmail-Auth	t	2025-11-11 00:17:32.099257+00	2025-11-11 00:17:32.099257+00	1
26	aminabazarsa4143@gmail.com	Amin Abazarsa	Added via OAuth on 2025-11-11 09:38:20 UTC using app: Gmail-Auth	t	2025-11-11 09:38:19.982222+00	2025-11-11 09:38:19.982222+00	1
27	aminkhoei3476@gmail.com	Amin Khoei	Added via OAuth on 2025-11-11 09:49:23 UTC using app: Gmail-Auth	t	2025-11-11 09:49:23.41055+00	2025-11-11 09:49:23.41055+00	1
28	aminmobaraki0564@gmail.com	Amin Mobaraki	Added via OAuth on 2025-11-11 12:26:43 UTC using app: Gmail-Auth	t	2025-11-11 12:26:43.475927+00	2025-11-11 12:26:43.475927+00	1
29	aminshabab6646@gmail.com	Amin Shabab	Added via OAuth on 2025-11-11 12:35:27 UTC using app: Gmail-Auth	t	2025-11-11 12:35:26.964401+00	2025-11-11 12:35:26.964401+00	1
30	amirmollahasani9308@gmail.com	Amir Mollahasani	Added via OAuth on 2025-11-11 13:04:27 UTC using app: Gmail-Auth	t	2025-11-11 13:04:27.490811+00	2025-11-11 13:04:27.490811+00	1
31	amirsayyadi4068@gmail.com	Amir Sayyadi	Added via OAuth on 2025-11-11 14:09:55 UTC using app: Gmail-Auth	t	2025-11-11 14:09:54.835092+00	2025-11-11 14:09:54.835092+00	1
32	amirzabarjad0677@gmail.com	Amir Zabarjad	Added via OAuth on 2025-11-11 14:52:55 UTC using app: Gmail-Auth	t	2025-11-11 14:52:55.124787+00	2025-11-11 14:52:55.124787+00	1
34	anisbadool70@gmail.com	Anis Badool	Added via OAuth on 2025-11-11 15:17:32 UTC using app: Gmail-Auth	t	2025-11-11 15:17:32.390817+00	2025-11-11 15:17:32.390817+00	1
35	ansarpishpin@gmail.com	Ansar Pishpin	Added via OAuth on 2025-11-11 15:20:43 UTC using app: Gmail-Auth	t	2025-11-11 15:20:43.197278+00	2025-11-11 15:20:43.197278+00	1
36	anvarraz0068@gmail.com	Anvar Raz	Added via OAuth on 2025-11-12 13:16:42 UTC using app: Gmail-Auth	t	2025-11-12 13:16:41.908092+00	2025-11-12 13:16:41.908092+00	1
38	arefbaloch0065@gmail.com	Aref Baloch	Added via OAuth on 2025-11-12 14:24:34 UTC using app: Gmail-Auth	t	2025-11-12 14:24:33.733685+00	2025-11-12 14:24:33.733685+00	1
40	alimohammadsalehi9969@gmail.com	Ali Mohammadsalehi	Added via OAuth on 2025-11-29 14:12:31 UTC using app: Gmail-Auth	t	2025-11-29 14:12:31.572517+00	2025-11-29 14:12:31.572517+00	1
41	baharbaloch9529@gmail.com	Bahar Baloch	Added via OAuth on 2025-11-29 17:30:40 UTC using app: Gmail-Auth	t	2025-11-29 17:30:40.367171+00	2025-11-29 17:30:40.367171+00	1
42	maazbaloch4979@gmail.com	Maaz Baloch	Added via OAuth on 2025-11-29 21:51:56 UTC using app: Gmail-Auth	t	2025-11-29 21:51:56.152023+00	2025-11-29 21:51:56.152023+00	1
43	farshidbaloch9529@gmail.com	Farshid Baloch	Added via OAuth on 2025-11-30 13:55:02 UTC using app: Gmail-Auth	t	2025-11-30 13:55:02.175816+00	2025-11-30 13:55:02.175816+00	1
44	parvizkhesht1215@gmail.com	Parviz Khesht	Added via OAuth on 2025-12-01 11:45:05 UTC using app: Gmail-Auth	t	2025-12-01 11:45:05.038124+00	2025-12-01 11:45:05.038124+00	1
45	saeidbaloch9529@gmail.com	Saeid Baloch	Added via OAuth on 2025-12-02 14:04:09 UTC using app: Gmail-Auth	t	2025-12-02 14:04:09.110818+00	2025-12-02 14:04:09.110818+00	1
46	nazirmihankhah2@gmail.com	Nazir Mihankhah2	Added via OAuth on 2025-12-02 22:37:17 UTC using app: Gmail-Auth	t	2025-12-02 22:37:17.687103+00	2025-12-02 22:37:17.687103+00	1
47	armanmallahi1228@gmail.com	Arman Mallahi	Added via OAuth on 2025-12-02 22:44:10 UTC using app: Gmail-Auth	t	2025-12-02 22:44:09.972229+00	2025-12-02 22:44:09.972229+00	1
48	yousoftinab0080@gmail.com	yousof Tinab	Added via OAuth on 2025-12-02 22:49:38 UTC using app: Gmail-Auth	t	2025-12-02 22:49:38.204729+00	2025-12-02 22:49:38.204729+00	1
49	golabbaloch1322@gmail.com	Golab Baloch	Added via OAuth on 2025-12-03 06:34:31 UTC using app: Gmail-Auth	t	2025-12-03 06:34:30.835263+00	2025-12-03 06:34:30.835263+00	1
50	mehrdadnakhodaei5043@gmail.com	Mehrdad Nakhodaei	Added via OAuth on 2025-12-03 18:54:24 UTC using app: Gmail-Auth	t	2025-12-03 18:54:24.55455+00	2025-12-03 18:54:24.55455+00	1
101	hamidbaloch6066@gmail.com	Hamid Baloch	Added via OAuth on 2025-12-10 14:03:12 UTC using app: Gmail-Auth2	t	2025-12-10 14:03:11.821168+00	2025-12-10 14:03:11.821168+00	2
51	sourajbalochzahi@gmail.com	Souraj Balochzahi	Added via OAuth on 2025-12-04 11:37:56 UTC using app: Gmail-Auth	t	2025-12-04 11:37:56.15826+00	2025-12-04 11:37:56.15826+00	1
52	abdollahpak1440@gmail.com	Abdollah Pak	Added via OAuth on 2025-12-04 11:45:16 UTC using app: Gmail-Auth	t	2025-12-04 11:45:16.328936+00	2025-12-04 11:45:16.328936+00	1
53	esmaeilpadir6989@gmail.com	Esmaeil Padir	Added via OAuth on 2025-12-04 14:15:08 UTC using app: Gmail-Auth	t	2025-12-04 14:15:08.366736+00	2025-12-04 14:15:08.366736+00	1
54	anvarbadool@gmail.com	Anvar Badool	Added via OAuth on 2025-12-04 17:22:40 UTC using app: Gmail-Auth	t	2025-12-04 17:22:40.649764+00	2025-12-04 17:22:40.649764+00	1
55	mohammadsohrabzahi6603@gmail.com	Mohammad Sohrabzahi	Added via OAuth on 2025-12-05 11:43:49 UTC using app: Gmail-Auth	t	2025-12-05 11:43:48.716087+00	2025-12-05 11:43:48.716087+00	1
56	gholambahri2718@gmail.com	gholam bahri	Added via OAuth on 2025-12-05 13:07:45 UTC using app: Gmail-Auth	t	2025-12-05 13:07:45.065829+00	2025-12-05 13:07:45.065829+00	1
57	azizseddighi1244@gmail.com	Aziz Seddighi	Added via OAuth on 2025-12-05 14:43:22 UTC using app: Gmail-Auth	t	2025-12-05 14:43:21.854805+00	2025-12-05 14:43:21.854805+00	1
58	hakimbaloch4008@gmail.com	Hakim Baloch	Added via OAuth on 2025-12-05 20:36:24 UTC using app: Gmail-Auth	t	2025-12-05 20:36:24.004681+00	2025-12-05 20:36:24.004681+00	1
60	meerajkalmati6363@gmail.com	Meeraj Kalmati	Added via OAuth on 2025-12-06 09:53:01 UTC using app: Gmail-Auth	t	2025-12-06 09:53:01.585597+00	2025-12-06 09:53:01.585597+00	1
61	aminvatankhah0031@gmail.com	Amin Vatankhah	Added via OAuth on 2025-12-06 13:13:21 UTC using app: Gmail-Auth	t	2025-12-06 13:13:21.118147+00	2025-12-06 13:13:21.118147+00	1
62	farhanbavareh@gmail.com	Farhan Bavareh	Added via OAuth on 2025-12-06 13:16:08 UTC using app: Gmail-Auth	t	2025-12-06 13:16:08.116779+00	2025-12-06 13:16:08.116779+00	1
63	mosayebbaloch7311@gmail.com	Mosayeb Baloch	Added via OAuth on 2025-12-06 13:44:29 UTC using app: Gmail-Auth	t	2025-12-06 13:44:28.757856+00	2025-12-06 13:44:28.757856+00	1
64	majeedbalochzadeh@gmail.com	Majeed Balochzadeh	Added via OAuth on 2025-12-06 14:01:52 UTC using app: Gmail-Auth	t	2025-12-06 14:01:52.348554+00	2025-12-06 14:01:52.348554+00	1
65	samanpanahandeh0080@gmail.com	Saman Panahandeh	Added via OAuth on 2025-12-06 14:04:42 UTC using app: Gmail-Auth	t	2025-12-06 14:04:42.327549+00	2025-12-06 14:04:42.327549+00	1
66	maysamhoot8588@gmail.com	Maysam Hoot	Added via OAuth on 2025-12-06 14:10:56 UTC using app: Gmail-Auth	t	2025-12-06 14:10:55.868457+00	2025-12-06 14:10:55.868457+00	1
67	taherjangizahi1965@gmail.com	Taher Jangizahi	Added via OAuth on 2025-12-06 14:14:29 UTC using app: Gmail-Auth	t	2025-12-06 14:14:29.630744+00	2025-12-06 14:14:29.630744+00	1
68	usmanshahsavari4210@gmail.com	Usman Shahsavari	Added via OAuth on 2025-12-06 14:20:49 UTC using app: Gmail-Auth	t	2025-12-06 14:20:49.019368+00	2025-12-06 14:20:49.019368+00	1
69	maysamahmadpoor1322@gmail.com	Maysam Ahmadpoor	Added via OAuth on 2025-12-06 14:28:15 UTC using app: Gmail-Auth	t	2025-12-06 14:28:14.687146+00	2025-12-06 14:28:14.687146+00	1
70	halimbaloch2064@gmail.com	Halim Baloch	Added via OAuth on 2025-12-06 14:31:58 UTC using app: Gmail-Auth	t	2025-12-06 14:31:58.05562+00	2025-12-06 14:31:58.05562+00	1
71	hasanfarhad2257@gmail.com	Hasan Farhad	Added via OAuth on 2025-12-06 14:34:57 UTC using app: Gmail-Auth	t	2025-12-06 14:34:57.305225+00	2025-12-06 14:34:57.305225+00	1
72	rahmanbasaeidoei@gmail.com	Rahman Basaeidoei	Added via OAuth on 2025-12-06 14:39:52 UTC using app: Gmail-Auth	t	2025-12-06 14:39:51.95638+00	2025-12-06 14:39:51.95638+00	1
73	hanifsharifinia2397@gmail.com	Hanif Sharifinia	Added via OAuth on 2025-12-06 16:03:33 UTC using app: Gmail-Auth	t	2025-12-06 16:03:32.834938+00	2025-12-06 16:03:32.834938+00	1
74	ghafoorbaloch2064@gmail.com	Ghafoor Baloch	Added via OAuth on 2025-12-06 20:38:39 UTC using app: Gmail-Auth	t	2025-12-06 20:38:39.148825+00	2025-12-06 20:38:39.148825+00	1
75	mohammadmallahi4397@gmail.com	mohammad Mallahi	Added via OAuth on 2025-12-07 10:24:53 UTC using app: Gmail-Auth	t	2025-12-07 10:24:52.798709+00	2025-12-07 10:24:52.798709+00	1
76	ghafardehghani9529@gmail.com	Ghafar Dehghani	Added via OAuth on 2025-12-07 10:28:50 UTC using app: Gmail-Auth	t	2025-12-07 10:28:50.284819+00	2025-12-07 10:28:50.284819+00	1
77	rayanpahredell@gmail.com	Rayan Pahredell	Added via OAuth on 2025-12-07 10:32:06 UTC using app: Gmail-Auth	t	2025-12-07 10:32:06.560077+00	2025-12-07 10:32:06.560077+00	1
78	vaheddehghani7829@gmail.com	Vahed Dehghani	Added via OAuth on 2025-12-07 12:43:21 UTC using app: Gmail-Auth	t	2025-12-07 12:43:21.330305+00	2025-12-07 12:43:21.330305+00	1
79	jonaidbadool@gmail.com	Jonaid Badool	Added via OAuth on 2025-12-07 12:50:31 UTC using app: Gmail-Auth	t	2025-12-07 12:50:31.172373+00	2025-12-07 12:50:31.172373+00	1
80	aboozarahmadpoor2276@gmail.com	Aboozar Ahmadpoor	Added via OAuth on 2025-12-07 21:28:20 UTC using app: Gmail-Auth	t	2025-12-07 21:28:19.928657+00	2025-12-07 21:28:19.928657+00	1
81	mohsenariyapoor@gmail.com	Mohsen Ariyapoor	Added via OAuth on 2025-12-07 21:36:03 UTC using app: Gmail-Auth	t	2025-12-07 21:36:02.856513+00	2025-12-07 21:36:02.856513+00	1
82	behnamghavidel6983@gmail.com	Behnam Ghavidell	Added via OAuth on 2025-12-07 21:44:01 UTC using app: Gmail-Auth	t	2025-12-07 21:44:00.887569+00	2025-12-07 21:44:00.887569+00	1
83	mohammadyadgarzadeh@gmail.com	Mohammad yadgarzadeh	Added via OAuth on 2025-12-07 22:37:16 UTC using app: Gmail-Auth	t	2025-12-07 22:37:16.355922+00	2025-12-07 22:37:16.355922+00	1
84	hadisbadool@gmail.com	Hadis badool	Added via OAuth on 2025-12-07 22:42:19 UTC using app: Gmail-Auth	t	2025-12-07 22:42:19.506533+00	2025-12-07 22:42:19.506533+00	1
85	jamalirani2037@gmail.com	Jamal irani	Added via OAuth on 2025-12-07 22:46:34 UTC using app: Gmail-Auth	t	2025-12-07 22:46:34.142044+00	2025-12-07 22:46:34.142044+00	1
86	hamidbarpa4367@gmail.com	Hamid Barpa	Added via OAuth on 2025-12-07 22:55:02 UTC using app: Gmail-Auth	t	2025-12-07 22:55:02.031423+00	2025-12-07 22:55:02.031423+00	1
87	amanmihandoost0005@gmail.com	Aman mihandoost	Added via OAuth on 2025-12-07 22:59:29 UTC using app: Gmail-Auth	t	2025-12-07 22:59:29.273476+00	2025-12-07 22:59:29.273476+00	1
88	ayoubtak0005@gmail.com	Ayoub Tak	Added via OAuth on 2025-12-07 23:30:53 UTC using app: Gmail-Auth	t	2025-12-07 23:30:53.493225+00	2025-12-07 23:30:53.493225+00	1
89	salmanbadool1322@gmail.com	Salman Badool	Added via OAuth on 2025-12-08 16:02:16 UTC using app: Gmail-Auth	t	2025-12-08 16:02:15.797381+00	2025-12-08 16:02:15.797381+00	1
90	faizbaloch9529@gmail.com	Faiz Baloch	Added via OAuth on 2025-12-08 16:16:24 UTC using app: Gmail-Auth	t	2025-12-08 16:16:24.109009+00	2025-12-08 16:16:24.109009+00	1
91	abdollqaderjavam@gmail.com	Abdollqader Javam	Added via OAuth on 2025-12-08 19:00:11 UTC using app: Gmail-Auth	t	2025-12-08 19:00:10.957571+00	2025-12-08 19:00:10.957571+00	1
92	aminbaloch3193@gmail.com	Amin Baloch	Added via OAuth on 2025-12-09 12:52:11 UTC using app: Gmail-Auth	t	2025-12-09 12:52:11.041558+00	2025-12-09 12:52:11.041558+00	1
93	mollamallahi1455@gmail.com	Mollah Mallahi	Added via OAuth on 2025-12-09 12:53:08 UTC using app: Gmail-Auth	t	2025-12-09 12:53:08.193828+00	2025-12-09 12:53:08.193828+00	1
94	yousofbaloch7780@gmail.com	Yousof Baloch	Added via OAuth on 2025-12-09 14:33:01 UTC using app: Gmail-Auth	t	2025-12-09 14:33:00.676104+00	2025-12-09 14:33:00.676104+00	1
95	moosaahmadpoor1322@gmail.com	Moosa Ahmadpoor	Added via OAuth on 2025-12-09 15:52:18 UTC using app: Gmail-Auth2	t	2025-12-09 15:52:18.094966+00	2025-12-09 15:52:18.094966+00	2
96	usmanmallahi21@gmail.com	Usman Mallahi	Added via OAuth on 2025-12-09 16:45:16 UTC using app: Gmail-Auth2	t	2025-12-09 16:45:16.379206+00	2025-12-09 16:45:16.379206+00	2
97	noorbakhshpayedar1726@gmail.com	Noorbakhsh Payedar	Added via OAuth on 2025-12-09 20:36:17 UTC using app: Gmail-Auth2	t	2025-12-09 20:36:17.014763+00	2025-12-09 20:36:17.014763+00	2
98	yasinmoeini1322@gmail.com	Yasin Moeini	Added via OAuth on 2025-12-09 20:39:34 UTC using app: Gmail-Auth2	t	2025-12-09 20:39:34.128301+00	2025-12-09 20:39:34.128301+00	2
99	saeedirannejad7544@gmail.com	Saeid Irannejad	Added via OAuth on 2025-12-09 20:48:01 UTC using app: Gmail-Auth2	t	2025-12-09 20:48:00.986486+00	2025-12-09 20:48:00.986486+00	2
100	hoseinnoorahmadi95@gmail.com	Hosein Noorahmadi	Added via OAuth on 2025-12-10 13:10:47 UTC using app: Gmail-Auth2	t	2025-12-10 13:10:46.663194+00	2025-12-10 13:10:46.663194+00	2
102	mansoorjamalodini7780@gmail.com	Mansoor Jamalodini	Added via OAuth on 2025-12-10 14:35:40 UTC using app: Gmail-Auth2	t	2025-12-10 14:35:40.573201+00	2025-12-10 14:35:40.573201+00	2
103	sharifsabarok0407@gmail.com	Sharif Sabarok	Added via OAuth on 2025-12-10 17:22:56 UTC using app: Gmail-Auth2	t	2025-12-10 17:22:56.453899+00	2025-12-10 17:22:56.453899+00	2
104	rahimbakhshtooti@gmail.com	Rahimbakhsh Tooti	Added via OAuth on 2025-12-11 16:05:43 UTC using app: Gmail-Auth2	t	2025-12-11 16:05:42.9364+00	2025-12-11 16:05:42.9364+00	2
105	malombaloch@gmail.com	Malom Baloch	Added via OAuth on 2025-12-12 09:36:04 UTC using app: Gmail-Auth2	t	2025-12-12 09:36:04.127853+00	2025-12-12 09:36:04.127853+00	2
106	amirsayyadi2090@gmail.com	Amir Sayyadi	Added via OAuth on 2025-12-13 19:51:49 UTC using app: Gmail-Auth2	t	2025-12-13 19:51:49.310628+00	2025-12-13 19:51:49.310628+00	2
107	nadimraveh0047@gmail.com	Nadim Raveh	Added via OAuth on 2025-12-13 19:59:05 UTC using app: Gmail-Auth2	t	2025-12-13 19:59:05.450336+00	2025-12-13 19:59:05.450336+00	2
108	abedirannejad@gmail.com	Abed Irannejad	Added via OAuth on 2025-12-14 23:32:46 UTC using app: Gmail-Auth2	t	2025-12-14 23:32:46.414142+00	2025-12-14 23:32:46.414142+00	2
109	vafamoridi17@gmail.com	Vafa Moridi	Added via OAuth on 2025-12-14 23:36:13 UTC using app: Gmail-Auth2	t	2025-12-14 23:36:13.185263+00	2025-12-14 23:36:13.185263+00	2
110	salahkhoei@gmail.com	Salah Khoei	Added via OAuth on 2025-12-15 14:17:50 UTC using app: Gmail-Auth2	t	2025-12-15 14:17:50.094039+00	2025-12-15 14:17:50.094039+00	2
111	behroozkharkesh@gmail.com	Behrooz Kharkesh	Added via OAuth on 2025-12-15 14:20:46 UTC using app: Gmail-Auth2	t	2025-12-15 14:20:46.23822+00	2025-12-15 14:20:46.23822+00	2
112	amirbakhshbaloch1322@gmail.com	amirbakhsh baloch	Added via OAuth on 2025-12-16 18:02:07 UTC using app: Gmail-Auth2	t	2025-12-16 18:02:07.544627+00	2025-12-16 18:02:07.544627+00	2
113	qaderansarirad@gmail.com	Qader Ansarirad	Added via OAuth on 2025-12-17 09:47:38 UTC using app: Gmail-Auth2	t	2025-12-17 09:47:37.75091+00	2025-12-17 09:47:37.75091+00	2
114	alisaleme0021@gmail.com	Ali Salim	Added via OAuth on 2025-12-17 09:58:17 UTC using app: Gmail-Auth2	t	2025-12-17 09:58:17.585738+00	2025-12-17 09:58:17.585738+00	2
115	sodaisbalochzadeh4070@gmail.com	Sodais Balochzadeh	Added via OAuth on 2025-12-17 10:04:03 UTC using app: Gmail-Auth2	t	2025-12-17 10:04:03.398348+00	2025-12-17 10:04:03.398348+00	2
116	saeidmallahi0400@gmail.com	Saeid Mallahi	Added via OAuth on 2025-12-17 10:08:55 UTC using app: Gmail-Auth2	t	2025-12-17 10:08:54.863934+00	2025-12-17 10:08:54.863934+00	2
117	nabibakhshbaloch1322@gmail.com	Nabibakhsh Baloch	Added via OAuth on 2025-12-17 11:27:02 UTC using app: Gmail-Auth2	t	2025-12-17 11:27:02.122189+00	2025-12-17 11:27:02.122189+00	2
118	salmanbaloch92225@gmail.com	Salman Baloch	Added via OAuth on 2025-12-17 11:30:00 UTC using app: Gmail-Auth2	t	2025-12-17 11:29:59.935265+00	2025-12-17 11:29:59.935265+00	2
119	hasanmoridi3193@gmail.com	Hasan Moridi	Added via OAuth on 2025-12-20 10:11:09 UTC using app: Gmail-Auth2	t	2025-12-20 10:11:08.922425+00	2025-12-20 10:11:08.922425+00	2
120	arsalansamadi7680@gmail.com	Arsalan Samadi	Added via OAuth on 2025-12-20 20:33:33 UTC using app: Gmail-Auth2	t	2025-12-20 20:33:33.516909+00	2025-12-20 20:33:33.516909+00	2
121	sahidinakhuda9@gmail.com	Sahidi Nakhuda	Added via OAuth on 2025-12-20 20:43:00 UTC using app: Gmail-Auth2	t	2025-12-20 20:42:59.730481+00	2025-12-20 20:42:59.730481+00	2
122	aliseddighi8001@gmail.com	Ali seddighi	Added via OAuth on 2025-12-20 20:51:31 UTC using app: Gmail-Auth2	t	2025-12-20 20:51:31.688004+00	2025-12-20 20:51:31.688004+00	2
123	ebrahimpaziresh2889@gmail.com	Ebrahim paziresh	Added via OAuth on 2025-12-20 20:57:43 UTC using app: Gmail-Auth2	t	2025-12-20 20:57:43.069076+00	2025-12-20 20:57:43.069076+00	2
124	babolramak2265@gmail.com	babol ramak	Added via OAuth on 2025-12-20 21:04:32 UTC using app: Gmail-Auth2	t	2025-12-20 21:04:31.798929+00	2025-12-20 21:04:31.798929+00	2
125	usmanshahsavari0924@gmail.com	Usman Shahsavari	Added via OAuth on 2025-12-20 21:08:28 UTC using app: Gmail-Auth2	t	2025-12-20 21:08:28.174449+00	2025-12-20 21:08:28.174449+00	2
126	sobhanmallahi9243@gmail.com	Sobhan Mallahi	Added via OAuth on 2025-12-21 10:57:25 UTC using app: Gmail-Auth2	t	2025-12-21 10:57:25.082129+00	2025-12-21 10:57:25.082129+00	2
127	emadjashoei2718@gmail.com	Emad Jashoei	Added via OAuth on 2025-12-22 10:56:43 UTC using app: Gmail-Auth2	t	2025-12-22 10:56:43.559953+00	2025-12-22 10:56:43.559953+00	2
128	aminmoridi3193@gmail.com	Amin Moridi	Added via OAuth on 2025-12-22 10:57:54 UTC using app: Gmail-Auth2	t	2025-12-22 10:57:54.223144+00	2025-12-22 10:57:54.223144+00	2
129	imankhaleghi984@gmail.com	Iman Khaleghi	Added via OAuth on 2025-12-22 10:58:55 UTC using app: Gmail-Auth2	t	2025-12-22 10:58:54.771915+00	2025-12-22 10:58:54.771915+00	2
130	hamedbibak0077@gmail.com	Hamed Habibi	Added via OAuth on 2025-12-22 23:41:58 UTC using app: Gmail-Auth2	t	2025-12-22 23:41:58.088098+00	2025-12-22 23:41:58.088098+00	2
131	sibiljama@gmail.com	Sibil Jama	Added via OAuth on 2025-12-23 09:36:40 UTC using app: Gmail-Auth2	t	2025-12-23 09:36:40.583441+00	2025-12-23 09:36:40.583441+00	2
132	mehrannamordi5742@gmail.com	Mehran Namordi	Added via OAuth on 2025-12-23 12:52:05 UTC using app: Gmail-Auth2	t	2025-12-23 12:52:05.639721+00	2025-12-23 12:52:05.639721+00	2
133	emadhoseini7707@gmail.com	Emad Hoseini	Added via OAuth on 2025-12-24 14:25:30 UTC using app: Gmail-Auth2	t	2025-12-24 14:25:30.229561+00	2025-12-24 14:25:30.229561+00	2
134	ahadmoridi1778@gmail.com	Ahad Moridi	Added via OAuth on 2025-12-26 16:22:02 UTC using app: Gmail-Auth2	t	2025-12-26 16:22:01.689017+00	2025-12-26 16:22:01.689017+00	2
135	omaralijadgal@gmail.com	Omarali Jadgal	Added via OAuth on 2025-12-26 16:30:04 UTC using app: Gmail-Auth2	t	2025-12-26 16:30:04.52039+00	2025-12-26 16:30:04.52039+00	2
136	nivankhodaparast@gmail.com	Nivan Khodaparast	Added via OAuth on 2025-12-26 18:36:52 UTC using app: Gmail-Auth2	t	2025-12-26 18:36:51.849537+00	2025-12-26 18:36:51.849537+00	2
137	aboliboresh@gmail.com	aboli boresh	Added via OAuth on 2025-12-26 18:38:17 UTC using app: Gmail-Auth2	t	2025-12-26 18:38:17.360992+00	2025-12-26 18:38:17.360992+00	2
138	moslemafarin0344@gmail.com	Moslem Afarin	Added via OAuth on 2025-12-27 10:23:43 UTC using app: Gmail-Auth2	t	2025-12-27 10:23:43.676494+00	2025-12-27 10:23:43.676494+00	2
139	mohammadtinab6302@gmail.com	Mohammad Tinab	Added via OAuth on 2025-12-27 11:49:40 UTC using app: Gmail-Auth2	t	2025-12-27 11:49:40.023565+00	2025-12-27 11:49:40.023565+00	2
140	zobairdehvari@gmail.com	Zobair Dehvari	Added via OAuth on 2025-12-27 17:04:03 UTC using app: Gmail-Auth2	t	2025-12-27 17:04:03.511935+00	2025-12-27 17:04:03.511935+00	2
141	tayyebdaryanavard0002@gmail.com	Tayyeb Daryanavard	Added via OAuth on 2025-12-28 16:14:18 UTC using app: Gmail-Auth2	t	2025-12-28 16:14:17.92278+00	2025-12-28 16:14:17.92278+00	2
142	shahbaloch1322@gmail.com	Shah Baloch	Added via OAuth on 2025-12-28 16:27:43 UTC using app: Gmail-Auth2	t	2025-12-28 16:27:42.90615+00	2025-12-28 16:27:42.90615+00	2
143	shoaibshabab1787@gmail.com	Shoaib Shabab	Added via OAuth on 2025-12-28 17:29:57 UTC using app: Gmail-Auth2	t	2025-12-28 17:29:57.452142+00	2025-12-28 17:29:57.452142+00	2
144	maazbaloch7737@gmail.com	Maaz Baloch	Added via OAuth on 2025-12-29 09:56:03 UTC using app: Gmail-Auth2	t	2025-12-29 09:56:03.51413+00	2025-12-29 09:56:03.51413+00	2
145	hanifbadpa2469@gmail.com	hanif badpa	Added via OAuth on 2025-12-29 12:32:32 UTC using app: Gmail-Auth2	t	2025-12-29 12:32:32.040741+00	2025-12-29 12:32:32.040741+00	2
146	saadfarahbou@gmail.com	saad Farahbou	Added via OAuth on 2025-12-29 21:29:30 UTC using app: Gmail-Auth2	t	2025-12-29 21:29:30.519736+00	2025-12-29 21:29:30.519736+00	2
147	mobinparvaresh0228@gmail.com	Mobin Parvaresh	Added via OAuth on 2025-12-29 21:34:31 UTC using app: Gmail-Auth2	t	2025-12-29 21:34:30.857981+00	2025-12-29 21:34:30.857981+00	2
148	yaserrah1322@gmail.com	Yaser Rah	Added via OAuth on 2025-12-29 21:37:42 UTC using app: Gmail-Auth2	t	2025-12-29 21:37:41.937553+00	2025-12-29 21:37:41.937553+00	2
149	arefrah1322@gmail.com	Aref Rah	Added via OAuth on 2025-12-29 21:40:16 UTC using app: Gmail-Auth2	t	2025-12-29 21:40:16.511787+00	2025-12-29 21:40:16.511787+00	2
150	abdollwahedbaloch@gmail.com	Abdollwahed Baloch	Added via OAuth on 2025-12-31 13:57:32 UTC using app: Gmail-Auth2	t	2025-12-31 13:57:32.460796+00	2025-12-31 13:57:32.460796+00	2
152	nakhodaali3193@gmail.com	Nakhoda Ali	Added via OAuth on 2025-12-31 17:09:59 UTC using app: Gmail-Auth2	t	2025-12-31 17:09:59.041602+00	2025-12-31 17:09:59.041602+00	2
153	erfanpak0118@gmail.com	erfan Pak	Added via OAuth on 2025-12-31 17:16:08 UTC using app: Gmail-Auth2	t	2025-12-31 17:16:08.628909+00	2025-12-31 17:16:08.628909+00	2
154	zakariyabadsar@gmail.com	Zakariya Badsar	Added via OAuth on 2026-01-02 06:05:43 UTC using app: Gmail-Auth2	t	2026-01-02 06:05:43.18239+00	2026-01-02 06:05:43.18239+00	2
155	saberheidari5022@gmail.com	Saber Heidari	Added via OAuth on 2026-01-02 11:09:45 UTC using app: Gmail-Auth2	t	2026-01-02 11:09:44.688866+00	2026-01-02 11:09:44.688866+00	2
156	aliumarbaloch0321@gmail.com	Aliumar Baloch	Added via OAuth on 2026-01-02 14:42:57 UTC using app: Gmail-Auth2	t	2026-01-02 14:42:56.913528+00	2026-01-02 14:42:56.913528+00	2
157	eqbalbaloch9529@gmail.com	Eqbal Baloch	Added via OAuth on 2026-01-02 14:48:35 UTC using app: Gmail-Auth2	t	2026-01-02 14:48:35.198382+00	2026-01-02 14:48:35.198382+00	2
158	abdullahkalmati149@gmail.com	Abdullah Kalmati	Added via OAuth on 2026-01-03 09:31:16 UTC using app: Gmail-Auth2	t	2026-01-03 09:31:15.829506+00	2026-01-03 09:31:15.829506+00	2
160	ahmadbaroozeh631@gmail.com	Ahmad Baroozeh	Added via OAuth on 2026-01-04 11:19:31 UTC using app: Gmail-Auth2	t	2026-01-04 11:19:30.947074+00	2026-01-04 11:19:30.947074+00	2
161	jalalpanahandeh4608@gmail.com	Jalal Panahandeh	Added via OAuth on 2026-01-05 08:26:18 UTC using app: Gmail-Auth2	t	2026-01-05 08:26:18.60171+00	2026-01-05 08:26:18.60171+00	2
162	benyaminbibak0077@gmail.com	Benyamin Bibak	Added via OAuth on 2026-01-05 08:54:13 UTC using app: Gmail-Auth2	t	2026-01-05 08:54:13.025172+00	2026-01-05 08:54:13.025172+00	2
163	rahimjamaatzahi@gmail.com	rahim jamaatzahi	Added via OAuth on 2026-01-05 15:07:22 UTC using app: Gmail-Auth2	t	2026-01-05 15:07:21.574266+00	2026-01-05 15:07:21.574266+00	2
164	wahidjahanbani@gmail.com	wahid jahanbani	Added via OAuth on 2026-01-05 15:17:52 UTC using app: Gmail-Auth2	t	2026-01-05 15:17:51.996118+00	2026-01-05 15:17:51.996118+00	2
165	shabirpeykar5463@gmail.com	shabir peykar	Added via OAuth on 2026-01-05 15:52:26 UTC using app: Gmail-Auth2	t	2026-01-05 15:52:26.032884+00	2026-01-05 15:52:26.032884+00	2
159	rahmdellpishbin@gmail.com	Rahmdell Pishbin	Brandenburgische Straße 13\nBERLIN, Berlin 12439\nDE	t	2026-01-03 22:59:07.900036+00	2026-01-04 00:12:52.848759+00	2
166	sedigharsang@gmail.com	sedigh arsang	Added via OAuth on 2026-01-05 16:10:10 UTC using app: Gmail-Auth2	t	2026-01-05 16:10:10.299699+00	2026-01-05 16:10:10.299699+00	2
167	mollahmallahi9@gmail.com	Mollah Mallahi	Added via OAuth on 2026-01-06 11:48:35 UTC using app: Gmail-Auth2	t	2026-01-06 11:48:34.741015+00	2026-01-06 11:48:34.741015+00	2
168	tamimbalochzahi@gmail.com	Tamim Balochzahi	Added via OAuth on 2026-01-07 19:02:26 UTC using app: Gmail-Auth2	t	2026-01-07 19:02:25.678286+00	2026-01-07 19:02:25.678286+00	2
169	moosabaloch0713@gmail.com	Moosa Baloch	Added via OAuth on 2026-01-07 19:04:59 UTC using app: Gmail-Auth2	t	2026-01-07 19:04:59.04121+00	2026-01-07 19:04:59.04121+00	2
170	alikhasteh8734@gmail.com	Ali Khasteh	Added via OAuth on 2026-01-08 23:26:47 UTC using app: Gmail-Auth2	t	2026-01-08 23:26:47.039357+00	2026-01-08 23:26:47.039357+00	2
171	alibaloch0699@gmail.com	Ali Baloch	Added via OAuth on 2026-01-08 23:27:47 UTC using app: Gmail-Auth2	t	2026-01-08 23:27:46.991076+00	2026-01-08 23:27:46.991076+00	2
172	alitarin904@gmail.com	Ali Tarin	Added via OAuth on 2026-01-09 19:02:33 UTC using app: Gmail-Auth2	t	2026-01-09 19:02:32.674842+00	2026-01-09 19:02:32.674842+00	2
173	aminkhareh3193@gmail.com	Amin Khareh	Added via OAuth on 2026-01-09 19:34:37 UTC using app: Gmail-Auth2	t	2026-01-09 19:34:36.687361+00	2026-01-09 19:34:36.687361+00	2
174	jamshidmesdaghi2978@gmail.com	Jamshid Mesdaghi	Added via OAuth on 2026-01-10 10:52:14 UTC using app: Gmail-Auth2	t	2026-01-10 10:52:14.307149+00	2026-01-10 10:52:14.307149+00	2
175	jalilparandoosh@gmail.com	Jalil Parandoosh	Added via OAuth on 2026-01-10 15:47:22 UTC using app: Gmail-Auth2	t	2026-01-10 15:47:21.812163+00	2026-01-10 15:47:21.812163+00	2
176	aradjan1322@gmail.com	Arad Jan	Added via OAuth on 2026-01-10 16:03:18 UTC using app: Gmail-Auth2	t	2026-01-10 16:03:18.034395+00	2026-01-10 16:03:18.034395+00	2
177	biliahmadpoor@gmail.com	Bili Ahmadpoor	Added via OAuth on 2026-01-10 16:06:15 UTC using app: Gmail-Auth2	t	2026-01-10 16:06:14.904866+00	2026-01-10 16:06:14.904866+00	2
178	mohammadsaeidbalochzahi@gmail.com	Mohammadsaeid Balochzahi	Added via OAuth on 2026-01-10 17:43:19 UTC using app: Gmail-Auth2	t	2026-01-10 17:43:18.681028+00	2026-01-10 17:43:18.681028+00	2
179	azizbaloch3033@gmail.com	Aziz Baloch	Added via OAuth on 2026-01-10 21:36:56 UTC using app: Gmail-Auth2	t	2026-01-10 21:36:55.785602+00	2026-01-10 21:36:55.785602+00	2
180	azadehfalahatkar8399@gmail.com	Azadeh Falahatkar	Added via OAuth on 2026-01-10 21:38:03 UTC using app: Gmail-Auth2	t	2026-01-10 21:38:02.960978+00	2026-01-10 21:38:02.960978+00	2
181	hakimpeykar0078@gmail.com	hakim peykar	Added via OAuth on 2026-01-10 22:22:16 UTC using app: Gmail-Auth2	t	2026-01-10 22:22:16.183512+00	2026-01-10 22:22:16.183512+00	2
182	adhamtal5217@gmail.com	Adham Tal	Added via OAuth on 2026-01-11 14:52:15 UTC using app: Gmail-Auth2	t	2026-01-11 14:52:15.2132+00	2026-01-11 14:52:15.2132+00	2
183	alirezapishbin6970@gmail.com	Alireza Pishbin	Added via OAuth on 2026-01-11 14:54:59 UTC using app: Gmail-Auth2	t	2026-01-11 14:54:59.041072+00	2026-01-11 14:54:59.041072+00	2
184	anaspishbin@gmail.com	Anas Pishbin	Added via OAuth on 2026-01-11 14:55:44 UTC using app: Gmail-Auth2	t	2026-01-11 14:55:44.255869+00	2026-01-11 14:55:44.255869+00	2
185	tareqpishbin@gmail.com	Tareq Pishbin	Added via OAuth on 2026-01-11 14:56:53 UTC using app: Gmail-Auth2	t	2026-01-11 14:56:52.744773+00	2026-01-11 14:56:52.744773+00	2
186	hesammoridi1778@gmail.com	Hesam Moridi	Added via OAuth on 2026-01-11 22:22:10 UTC using app: Gmail-Auth2	t	2026-01-11 22:22:09.787093+00	2026-01-11 22:22:09.787093+00	2
187	javadmihandoost7134@gmail.com	Javad Mihandoost	Added via OAuth on 2026-01-11 23:22:49 UTC using app: Gmail-Auth2	t	2026-01-11 23:22:48.693386+00	2026-01-11 23:22:48.693386+00	2
188	ehteshamtabesh1229@gmail.com	Ehtesham Tabesh	Added via OAuth on 2026-01-12 09:40:28 UTC using app: Gmail-Auth2	t	2026-01-12 09:40:27.825602+00	2026-01-12 09:40:27.825602+00	2
189	farzadbalouch1322@gmail.com	Farzad Balouch	Added via OAuth on 2026-01-12 10:50:36 UTC using app: Gmail-Auth2	t	2026-01-12 10:50:36.4295+00	2026-01-12 10:50:36.4295+00	2
190	mohammadabbas7832@gmail.com	Mohammad Abbas	Added via OAuth on 2026-01-12 11:46:43 UTC using app: Gmail-Auth2	t	2026-01-12 11:46:42.729418+00	2026-01-12 11:46:42.729418+00	2
191	aliabbas9457832@gmail.com	Ali Abbas	Added via OAuth on 2026-01-12 11:47:13 UTC using app: Gmail-Auth2	t	2026-01-12 11:47:13.058127+00	2026-01-12 11:47:13.058127+00	2
192	yahyazardkoohi5104@gmail.com	Yahya Zardkoohi	Added via OAuth on 2026-01-12 14:48:17 UTC using app: Gmail-Auth2	t	2026-01-12 14:48:17.051426+00	2026-01-12 14:48:17.051426+00	2
193	heisammohammadzahi@gmail.com	Heisam Mohammadzahi	Added via OAuth on 2026-01-12 19:25:17 UTC using app: Gmail-Auth3	t	2026-01-12 19:25:16.795911+00	2026-01-12 19:25:16.795911+00	4
194	mozamelbolaydeh@gmail.com	Mozamel Bolaydeh	Added via OAuth on 2026-01-12 19:28:11 UTC using app: Gmail-Auth3	t	2026-01-12 19:28:11.255296+00	2026-01-12 19:28:11.255296+00	4
195	daneshdelvari@gmail.com	danesh delvari	Added via OAuth on 2026-01-13 11:15:31 UTC using app: Gmail-Auth3	t	2026-01-13 11:15:31.103039+00	2026-01-13 11:15:31.103039+00	4
196	majedbadpa0712@gmail.com	Majed Badpa	Added via OAuth on 2026-01-13 11:46:20 UTC using app: Gmail-Auth3	t	2026-01-13 11:46:20.50731+00	2026-01-13 11:46:20.50731+00	4
197	mohammadtavakolzadeh1322@gmail.com	Mohammad Tavakolzadeh	Added via OAuth on 2026-01-13 12:15:16 UTC using app: Gmail-Auth3	t	2026-01-13 12:15:16.273882+00	2026-01-13 12:15:16.273882+00	4
198	janmohammadhoot5133@gmail.com	Janmohammad Hoot	Added via OAuth on 2026-01-14 10:59:06 UTC using app: Gmail-Auth3	t	2026-01-14 10:59:06.249263+00	2026-01-14 10:59:06.249263+00	4
199	yousofaeen7109@gmail.com	Yousof Aeen	Added via OAuth on 2026-01-14 11:00:10 UTC using app: Gmail-Auth3	t	2026-01-14 11:00:09.84614+00	2026-01-14 11:00:09.84614+00	4
200	usmanshahsavari@gmail.com	Usman Shahsavari	Added via OAuth on 2026-01-16 04:34:29 UTC using app: Gmail-Auth3	t	2026-01-16 04:34:29.28242+00	2026-01-16 04:34:29.28242+00	4
201	navidtahoo6819@gmail.com	Navid Tahoo	Added via OAuth on 2026-01-16 04:41:59 UTC using app: Gmail-Auth3	t	2026-01-16 04:41:59.567305+00	2026-01-16 04:41:59.567305+00	4
203	khosrosaberi855@gmail.com	Khosro Saberi	Added via OAuth on 2026-01-18 09:53:05 UTC using app: Gmail-Auth3	t	2026-01-18 09:53:04.725395+00	2026-01-18 09:53:04.725395+00	4
204	omidafraz3345@gmail.com	Omid Afraz	Added via OAuth on 2026-01-19 10:01:39 UTC using app: Gmail-Auth3	t	2026-01-19 10:01:38.83151+00	2026-01-19 10:01:38.83151+00	4
205	hajkhalilh8049@gmail.com	haj khalilh	Added via OAuth on 2026-01-19 22:03:05 UTC using app: Gmail-Auth3	t	2026-01-19 22:03:05.430973+00	2026-01-19 22:03:05.430973+00	4
206	hamidbaloch0026@gmail.com	Hamid Baloch	Added via OAuth on 2026-01-20 09:37:53 UTC using app: Gmail-Auth3	t	2026-01-20 09:37:52.934236+00	2026-01-20 09:37:52.934236+00	4
207	imanbadroozeh0984@gmail.com	Iman Badroozeh	Added via OAuth on 2026-01-20 12:13:24 UTC using app: Gmail-Auth3	t	2026-01-20 12:13:24.293747+00	2026-01-20 12:13:24.293747+00	4
208	ghafoorjalalzahi@gmail.com	Ghafoor Jalalzahi	Added via OAuth on 2026-01-20 15:11:36 UTC using app: Gmail-Auth3	t	2026-01-20 15:11:35.827527+00	2026-01-20 15:11:35.827527+00	4
209	vahedbakhsharefi@gmail.com	Vahedbakhsh Arefi	Added via OAuth on 2026-01-20 15:50:25 UTC using app: Gmail-Auth3	t	2026-01-20 15:50:25.125412+00	2026-01-20 15:50:25.125412+00	4
210	mohammadtaravideh5633@gmail.com	Mohammad Taravideh	Added via OAuth on 2026-01-20 15:51:14 UTC using app: Gmail-Auth3	t	2026-01-20 15:51:13.814476+00	2026-01-20 15:51:13.814476+00	4
211	mehrabrimdan@gmail.com	Mehrab Rimdan	Added via OAuth on 2026-01-20 15:59:00 UTC using app: Gmail-Auth3	t	2026-01-20 15:59:00.087601+00	2026-01-20 15:59:00.087601+00	4
212	amirafraz195@gmail.com	Amir Afraz	Added via OAuth on 2026-01-23 19:43:43 UTC using app: Gmail-Auth3	t	2026-01-23 19:43:43.522651+00	2026-01-23 19:43:43.522651+00	4
213	bahadordorzadeh8734@gmail.com	Bahador Dorzadeh	Added via OAuth on 2026-01-23 19:53:30 UTC using app: Gmail-Auth3	t	2026-01-23 19:53:29.669485+00	2026-01-23 19:53:29.669485+00	4
214	mohammadnoortinab@gmail.com	Mohammadnoor Tinab	Added via OAuth on 2026-01-24 10:35:10 UTC using app: Gmail-Auth3	t	2026-01-24 10:35:10.053194+00	2026-01-24 10:35:10.053194+00	4
215	wahedbaloochzadeh@gmail.com	Wahed Baloochzadeh	Added via OAuth on 2026-01-26 10:39:25 UTC using app: Gmail-Auth3	t	2026-01-26 10:39:25.620449+00	2026-01-26 10:39:25.620449+00	4
216	taefpishgoo@gmail.com	Taef Pishgoo	Added via OAuth on 2026-01-26 11:04:32 UTC using app: Gmail-Auth3	t	2026-01-26 11:04:32.04773+00	2026-01-26 11:04:32.04773+00	4
217	fahimhooti6536@gmail.com	Fahim Hooti	Added via OAuth on 2026-01-26 11:17:16 UTC using app: Gmail-Auth3	t	2026-01-26 11:17:16.253731+00	2026-01-26 11:17:16.253731+00	4
218	hanifsabarok@gmail.com	Hanif Sabarok	Added via OAuth on 2026-01-26 11:24:24 UTC using app: Gmail-Auth3	t	2026-01-26 11:24:23.982712+00	2026-01-26 11:24:23.982712+00	4
219	emranpirak400805321@gmail.com	Emran Pirak	Added via OAuth on 2026-01-26 11:25:55 UTC using app: Gmail-Auth3	t	2026-01-26 11:25:55.155555+00	2026-01-26 11:25:55.155555+00	4
220	moosakalmati012@gmail.com	Moosa Kalmati	Added via OAuth on 2026-01-26 16:34:53 UTC using app: Gmail-Auth3	t	2026-01-26 16:34:53.033332+00	2026-01-26 16:34:53.033332+00	4
221	samadbaloch0080@gmail.com	Samad Baloch	Added via OAuth on 2026-01-26 23:42:35 UTC using app: Gmail-Auth3	t	2026-01-26 23:42:35.599379+00	2026-01-26 23:42:35.599379+00	4
222	abdullahzabarjad9978@gmail.com	Abdullah Zabarjad	Added via OAuth on 2026-01-26 23:55:41 UTC using app: Gmail-Auth3	t	2026-01-26 23:55:40.735013+00	2026-01-26 23:55:40.735013+00	4
223	sharifrahmani0228@gmail.com	Sharif Rahmani	Added via OAuth on 2026-01-29 10:43:00 UTC using app: Gmail-Auth3	t	2026-01-29 10:43:00.288626+00	2026-01-29 10:43:00.288626+00	4
224	akrampeykar9098@gmail.com	Akram Peykar	Added via OAuth on 2026-01-30 17:14:48 UTC using app: Gmail-Auth3	t	2026-01-30 17:14:48.484841+00	2026-01-30 17:14:48.484841+00	4
225	raoufseddighi345@gmail.com	Raouf Seddighi	Added via OAuth on 2026-01-30 22:01:13 UTC using app: Gmail-Auth3	t	2026-01-30 22:01:13.655192+00	2026-01-30 22:01:13.655192+00	4
226	rezajavam1322@gmail.com	Reza Javam	Added via OAuth on 2026-01-31 14:34:27 UTC using app: Gmail-Auth3	t	2026-01-31 14:34:27.361776+00	2026-01-31 14:34:27.361776+00	4
227	peymanbaloch9186@gmail.com	Peyman Baloch	Added via OAuth on 2026-01-31 14:35:42 UTC using app: Gmail-Auth3	t	2026-01-31 14:35:41.918638+00	2026-01-31 14:35:41.918638+00	4
228	bahrambahrami55513@gmail.com	Bahram Bahrami	Added via OAuth on 2026-01-31 14:39:24 UTC using app: Gmail-Auth3	t	2026-01-31 14:39:23.596569+00	2026-01-31 14:39:23.596569+00	4
229	alijat7737@gmail.com	Ali Jat	Added via OAuth on 2026-02-01 21:37:26 UTC using app: Gmail-Auth3	t	2026-02-01 21:37:26.564234+00	2026-02-01 21:37:26.564234+00	4
230	hanifbroomand@gmail.com	Hanif Broomand	Added via OAuth on 2026-02-01 21:44:23 UTC using app: Gmail-Auth3	t	2026-02-01 21:44:23.025468+00	2026-02-01 21:44:23.025468+00	4
231	ebrahimaram2064@gmail.com	Ebrahim Aram	Added via OAuth on 2026-02-03 17:06:57 UTC using app: Gmail-Auth3	t	2026-02-03 17:06:57.098394+00	2026-02-03 17:06:57.098394+00	4
232	samtiregan@gmail.com	Sam Tiregan	Added via OAuth on 2026-02-05 21:42:44 UTC using app: Gmail-Auth3	t	2026-02-05 21:42:43.975905+00	2026-02-05 21:42:43.975905+00	4
233	soleymanibalochzahi@gmail.com	Soleymani Balochzahi	Added via OAuth on 2026-02-06 15:11:39 UTC using app: Gmail-Auth3	t	2026-02-06 15:11:39.407869+00	2026-02-06 15:11:39.407869+00	4
234	ekhlasfarahbou@gmail.com	Ekhlas Farahbou	Added via OAuth on 2026-02-06 18:16:53 UTC using app: Gmail-Auth3	t	2026-02-06 18:16:52.810389+00	2026-02-06 18:16:52.810389+00	4
235	nawabafarin0097@gmail.com	Nawab Afarin	Added via OAuth on 2026-02-09 16:09:18 UTC using app: Gmail-Auth3	t	2026-02-09 16:09:18.340381+00	2026-02-09 16:09:18.340381+00	4
236	salmanmallahi8726@gmail.com	Salman Mallahi	Added via OAuth on 2026-02-12 14:55:13 UTC using app: Gmail-Auth3	t	2026-02-12 14:55:13.203778+00	2026-02-12 14:55:13.203778+00	4
237	rezabavar4228@gmail.com	Reza Bavar	Added via OAuth on 2026-02-16 17:37:00 UTC using app: Gmail-Auth3	t	2026-02-16 17:37:00.034317+00	2026-02-16 17:37:00.034317+00	4
238	mojahedbazarkhak@gmail.com	Mojahed Bazarkhak	Added via OAuth on 2026-02-16 19:24:35 UTC using app: Gmail-Auth3	t	2026-02-16 19:24:34.673201+00	2026-02-16 19:24:34.673201+00	4
239	aboobakrmallahi2213@gmail.com	Aboobakr Mallahi	Added via OAuth on 2026-02-17 17:07:30 UTC using app: Gmail-Auth3	t	2026-02-17 17:07:30.543339+00	2026-02-17 17:07:30.543339+00	4
240	yousofjavaherkalam@gmail.com	Yousof Javaherkalam	Added via OAuth on 2026-02-18 21:25:39 UTC using app: Gmail-Auth3	t	2026-02-18 21:25:39.236554+00	2026-02-18 21:25:39.236554+00	4
241	ghanikhodadoost@gmail.com	Ghani Khodadoost	Added via OAuth on 2026-02-18 21:26:52 UTC using app: Gmail-Auth3	t	2026-02-18 21:26:52.497844+00	2026-02-18 21:26:52.497844+00	4
242	jalilborna38@gmail.com	Jalil Borna	Added via OAuth on 2026-02-18 21:28:46 UTC using app: Gmail-Auth3	t	2026-02-18 21:28:46.310066+00	2026-02-18 21:28:46.310066+00	4
243	nadimbaloch1322@gmail.com	Nadim Baloch	Added via OAuth on 2026-02-18 22:56:36 UTC using app: Gmail-Auth3	t	2026-02-18 22:56:36.037486+00	2026-02-18 22:56:36.037486+00	4
244	moosabaloch2064@gmail.com	Moosa Baloch	Added via OAuth on 2026-02-19 17:38:57 UTC using app: Gmail-Auth3	t	2026-02-19 17:38:57.34511+00	2026-02-19 17:38:57.34511+00	4
245	omidbalochi7800@gmail.com	Omid Balochi	Added via OAuth on 2026-02-19 19:28:33 UTC using app: Gmail-Auth3	t	2026-02-19 19:28:33.047427+00	2026-02-19 19:28:33.047427+00	4
246	halimbadool1322@gmail.com	Halim Badool	Added via OAuth on 2026-02-20 01:55:07 UTC using app: Gmail-Auth3	t	2026-02-20 01:55:07.313805+00	2026-02-20 01:55:07.313805+00	4
247	tamimbaloch1593@gmail.com	Tamim Baloch	Added via OAuth on 2026-02-20 15:15:59 UTC using app: Gmail-Auth3	t	2026-02-20 15:15:58.82965+00	2026-02-20 15:15:58.82965+00	4
248	ovaispeykar@gmail.com	Ovais Peykar	Added via OAuth on 2026-02-20 15:45:12 UTC using app: Gmail-Auth3	t	2026-02-20 15:45:12.421698+00	2026-02-20 15:45:12.421698+00	4
249	zakariyairandoost1322@gmail.com	Zakariya Irandoost	Added via OAuth on 2026-02-21 10:54:07 UTC using app: Gmail-Auth3	t	2026-02-21 10:54:07.04202+00	2026-02-21 10:54:07.04202+00	4
250	hoseinjangizahi1882@gmail.com	Hosein Jangizahi	Added via OAuth on 2026-02-21 20:57:37 UTC using app: Gmail-Auth3	t	2026-02-21 20:57:37.555041+00	2026-02-21 20:57:37.555041+00	4
251	aliamini7361@gmail.com	Ali Amini	Added via OAuth on 2026-02-23 08:38:49 UTC using app: Gmail-Auth3	t	2026-02-23 08:38:49.107369+00	2026-02-23 08:38:49.107369+00	4
252	akrambadeban7260@gmail.com	Akram Badeban	Added via OAuth on 2026-02-24 19:31:40 UTC using app: Gmail-Auth3	t	2026-02-24 19:31:40.362384+00	2026-02-24 19:31:40.362384+00	4
253	nakhodakaek@gmail.com	Nakhoda Kaek	Added via OAuth on 2026-02-24 21:40:07 UTC using app: Gmail-Auth3	t	2026-02-24 21:40:06.879005+00	2026-02-24 21:40:06.879005+00	4
254	farhadazargoon0091@gmail.com	Farhad Azargoon	Added via OAuth on 2026-02-26 17:26:39 UTC using app: Gmail-Auth3	t	2026-02-26 17:26:39.236074+00	2026-02-26 17:26:39.236074+00	4
255	arminzoomaki@gmail.com	Armin Zoomaki	Added via OAuth on 2026-02-26 22:16:46 UTC using app: Gmail-Auth3	t	2026-02-26 22:16:46.342301+00	2026-02-26 22:16:46.342301+00	4
256	arsinzoomaki@gmail.com	Arsin Zoomaki	Added via OAuth on 2026-02-26 22:17:39 UTC using app: Gmail-Auth3	t	2026-02-26 22:17:39.035009+00	2026-02-26 22:17:39.035009+00	4
257	benyaminzoomaki9452@gmail.com	Benyamin Zoomaki	Added via OAuth on 2026-02-26 22:18:46 UTC using app: Gmail-Auth3	t	2026-02-26 22:18:46.34634+00	2026-02-26 22:18:46.34634+00	4
258	karimbakhshbighal@gmail.com	Karimbakhsh Bighal	Added via OAuth on 2026-03-02 15:20:50 UTC using app: Gmail-Auth3	t	2026-03-02 15:20:50.572998+00	2026-03-02 15:20:50.572998+00	4
259	darvishatashbahar5896@gmail.com	Darvish Atashbahar	Added via OAuth on 2026-03-03 15:13:27 UTC using app: Gmail-Auth3	t	2026-03-03 15:13:27.49545+00	2026-03-03 15:13:27.49545+00	4
260	atefkhodaparast1012@gmail.com	Aref Khodaparast	Added via OAuth on 2026-03-04 21:30:07 UTC using app: Gmail-Auth3	t	2026-03-04 21:30:07.471272+00	2026-03-04 21:30:07.471272+00	4
261	mehboobariyan5153@gmail.com	Mehboob Ariyan	Added via OAuth on 2026-03-10 19:03:44 UTC using app: Gmail-Auth3	t	2026-03-10 19:03:44.547645+00	2026-03-10 19:03:44.547645+00	4
262	hamiddehghani1903@gmail.com	Hamid Dehghani	Added via OAuth on 2026-03-11 02:39:04 UTC using app: Gmail-Auth3	t	2026-03-11 02:39:04.690803+00	2026-03-11 02:39:04.690803+00	4
263	alimallahi1514@gmail.com	Ali Mallahi	Added via OAuth on 2026-03-11 21:08:31 UTC using app: Gmail-Auth3	t	2026-03-11 21:08:30.728504+00	2026-03-11 21:08:30.728504+00	4
264	ahmadraeisi5478@gmail.com	Ahmad Raeisi	Added via OAuth on 2026-03-12 15:37:48 UTC using app: Gmail-Auth3	t	2026-03-12 15:37:48.442536+00	2026-03-12 15:37:48.442536+00	4
265	karimbakhshpahredell@gmail.com	Karimbakhsh Pahredell	Added via OAuth on 2026-03-12 15:43:13 UTC using app: Gmail-Auth3	t	2026-03-12 15:43:13.093801+00	2026-03-12 15:43:13.093801+00	4
266	ghafarpak0118@gmail.com	Ghafar Pak	Added via OAuth on 2026-03-12 18:27:23 UTC using app: Gmail-Auth3	t	2026-03-12 18:27:22.887803+00	2026-03-12 18:27:22.887803+00	4
267	moslembeer0987@gmail.com	Moslem Beer	Added via OAuth on 2026-03-12 19:51:04 UTC using app: Gmail-Auth3	t	2026-03-12 19:51:03.85376+00	2026-03-12 19:51:03.85376+00	4
268	naseermihandoost0043@gmail.com	naseer Mihandoost	Added via OAuth on 2026-03-17 13:34:08 UTC using app: Gmail-Auth3	t	2026-03-17 13:34:08.514177+00	2026-03-17 13:34:08.514177+00	4
269	ebtesambavar@gmail.com	Ebtesam Bavar	Added via OAuth on 2026-03-17 17:37:51 UTC using app: Gmail-Auth3	t	2026-03-17 17:37:51.242382+00	2026-03-17 17:37:51.242382+00	4
270	ebtesambavar1698@gmail.com	Ebtesam Bavar	Added via OAuth on 2026-03-17 22:35:47 UTC using app: Gmail-Auth3	t	2026-03-17 22:35:47.168019+00	2026-03-17 22:35:47.168019+00	4
271	azimkhoei@gmail.com	Azim Khoei	Added via OAuth on 2026-03-18 18:54:24 UTC using app: Gmail-Auth3	t	2026-03-18 18:54:24.364827+00	2026-03-18 18:54:24.364827+00	4
272	moosashaeri@gmail.com	Moosa Shaeri	Added via OAuth on 2026-03-18 20:25:22 UTC using app: Gmail-Auth3	t	2026-03-18 20:25:22.487269+00	2026-03-18 20:25:22.487269+00	4
273	sahidinakhoda@gmail.com	Sahidi Nakhoda	Added via OAuth on 2026-03-18 21:55:18 UTC using app: Gmail-Auth3	t	2026-03-18 21:55:18.221847+00	2026-03-18 21:55:18.221847+00	4
274	mojeebmasoomi@gmail.com	Mojeeb Masoomi	Added via OAuth on 2026-03-20 18:12:58 UTC using app: Gmail-Auth3	t	2026-03-20 18:12:57.756852+00	2026-03-20 18:12:57.756852+00	4
275	nakhodakarimmashayekhi@gmail.com	Nakhoda Karim mashayekhi	Added via OAuth on 2026-03-20 22:23:47 UTC using app: Gmail-Auth3	t	2026-03-20 22:23:47.267055+00	2026-03-20 22:23:47.267055+00	4
276	raminkhaleghi8815@gmail.com	Ramin Khaleghi	Added via OAuth on 2026-03-21 14:21:02 UTC using app: Gmail-Auth3	t	2026-03-21 14:21:02.64531+00	2026-03-21 14:21:02.64531+00	4
277	ariyabaradar@gmail.com	Ariya Baradar	Added via OAuth on 2026-03-21 15:07:39 UTC using app: Gmail-Auth3	t	2026-03-21 15:07:38.801946+00	2026-03-21 15:07:38.801946+00	4
279	najeebkalmati7142@gmail.com	Najeeb Kalmati	Added via OAuth on 2026-03-22 12:33:25 UTC using app: Gmail-Auth3	t	2026-03-22 12:33:25.094492+00	2026-03-22 12:33:25.094492+00	4
280	mallahimolla@gmail.com	molla Mallahi	Added via OAuth on 2026-03-22 13:46:50 UTC using app: Gmail-Auth3	t	2026-03-22 13:46:50.078871+00	2026-03-22 13:46:50.078871+00	4
281	nazeerdost1078@gmail.com	Nazeer Dost	Added via OAuth on 2026-03-22 17:28:31 UTC using app: Gmail-Auth3	t	2026-03-22 17:28:30.826867+00	2026-03-22 17:28:30.826867+00	4
282	fawadbaloch7040@gmail.com	Fawad Baloch	Added via OAuth on 2026-03-22 17:37:26 UTC using app: Gmail-Auth3	t	2026-03-22 17:37:26.54024+00	2026-03-22 17:37:26.54024+00	4
283	salehzabarjad7235@gmail.com	Saleh Zabarjad	Added via OAuth on 2026-03-22 17:46:54 UTC using app: Gmail-Auth3	t	2026-03-22 17:46:53.852177+00	2026-03-22 17:46:53.852177+00	4
284	wahedjadgal4896@gmail.com	Wahed Jadgal	Added via OAuth on 2026-03-22 19:39:08 UTC using app: Gmail-Auth3	t	2026-03-22 19:39:08.380323+00	2026-03-22 19:39:08.380323+00	4
285	rezazabarjad8939@gmail.com	Reza Zabarjad	Added via OAuth on 2026-03-22 19:48:03 UTC using app: Gmail-Auth3	t	2026-03-22 19:48:02.801889+00	2026-03-22 19:48:02.801889+00	4
286	parsazabarjad@gmail.com	Parsa Zabarjad	Added via OAuth on 2026-03-22 22:28:12 UTC using app: Gmail-Auth3	t	2026-03-22 22:28:12.184411+00	2026-03-22 22:28:12.184411+00	4
287	mohammadaliabbas7006@gmail.com	Mohammadali Abbas	Added via OAuth on 2026-03-23 13:30:23 UTC using app: Gmail-Auth3	t	2026-03-23 13:30:23.271485+00	2026-03-23 13:30:23.271485+00	4
288	abdollrahimmallahi@gmail.com	Abdollrahim Mallahi	Added via OAuth on 2026-03-23 18:10:46 UTC using app: Gmail-Auth3	t	2026-03-23 18:10:46.564997+00	2026-03-23 18:10:46.564997+00	4
289	ebrahimheidari4101@gmail.com	Ebrahim Heidari	Added via OAuth on 2026-03-23 23:33:58 UTC using app: Gmail-Auth3	t	2026-03-23 23:33:58.15302+00	2026-03-23 23:33:58.15302+00	4
291	arefdejkam4520@gmail.com	Aref Dejkam	Added via OAuth on 2026-03-24 14:02:09 UTC using app: Gmail-Auth4	t	2026-03-24 14:02:08.878438+00	2026-03-24 14:02:08.878438+00	5
292	mostafamallahi8524@gmail.com	Mostafa Mallahi	Added via OAuth on 2026-03-25 10:24:42 UTC using app: Gmail-Auth4	t	2026-03-25 10:24:41.948406+00	2026-03-25 10:24:41.948406+00	5
293	karimheidari1447@gmail.com	Karim Heidari	Added via OAuth on 2026-03-25 11:01:39 UTC using app: Gmail-Auth4	t	2026-03-25 11:01:39.019518+00	2026-03-25 11:01:39.019518+00	5
294	abdolrahim7420@gmail.com	عبدالرحیم ملاحی	Added via OAuth on 2026-03-25 22:33:31 UTC using app: Gmail-Auth4	t	2026-03-25 22:33:31.152812+00	2026-03-25 22:33:31.152812+00	5
295	mohammadmallahi0965@gmail.com	Mohammad Mallahi	Added via OAuth on 2026-03-26 12:06:16 UTC using app: Gmail-Auth4	t	2026-03-26 12:06:16.435875+00	2026-03-26 12:06:16.435875+00	5
296	talhapanad@gmail.com	Talha Panad	Added via OAuth on 2026-03-28 10:47:41 UTC using app: Gmail-Auth4	t	2026-03-28 10:47:41.623674+00	2026-03-28 10:47:41.623674+00	5
297	hoseinitilab7346@gmail.com	Hoseini Tilab	Added via OAuth on 2026-03-28 15:15:15 UTC using app: Gmail-Auth4	t	2026-03-28 15:15:15.722921+00	2026-03-28 15:15:15.722921+00	5
299	salimikonarak@gmail.com	Salimi Konarak	Added via OAuth on 2026-03-29 02:06:28 UTC using app: Gmail-Auth4	t	2026-03-29 02:06:28.529301+00	2026-03-29 02:06:28.529301+00	5
300	yousofnakhoda@gmail.com	nakhoda yousof	Added via OAuth on 2026-03-29 07:12:41 UTC using app: Gmail-Auth4	t	2026-03-29 07:12:41.084756+00	2026-03-29 07:12:41.084756+00	5
301	yasergorgij6213@gmail.com	Yaser Gorgij	Added via OAuth on 2026-03-29 21:37:43 UTC using app: Gmail-Auth4	t	2026-03-29 21:37:43.546823+00	2026-03-29 21:37:43.546823+00	5
302	sinaheidari9425@gmail.com	Sina Heidari	Added via OAuth on 2026-04-01 11:24:46 UTC using app: Gmail-Auth4	t	2026-04-01 11:24:46.653502+00	2026-04-01 11:24:46.653502+00	5
303	shirabaloch0118@gmail.com	Shira Baloch	Added via OAuth on 2026-04-01 11:25:58 UTC using app: Gmail-Auth4	t	2026-04-01 11:25:57.928246+00	2026-04-01 11:25:57.928246+00	5
304	shehzadbaloch0829@gmail.com	Shehzad Baloch	Added via OAuth on 2026-04-01 11:27:43 UTC using app: Gmail-Auth4	t	2026-04-01 11:27:43.227407+00	2026-04-01 11:27:43.227407+00	5
305	meeramin1322@gmail.com	Meer Amin	Added via OAuth on 2026-04-01 23:53:23 UTC using app: Gmail-Auth4	t	2026-04-01 23:53:22.773807+00	2026-04-01 23:53:22.773807+00	5
306	meerabdollah1322@gmail.com	Meer Abdollah	Added via OAuth on 2026-04-01 23:54:20 UTC using app: Gmail-Auth4	t	2026-04-01 23:54:20.022771+00	2026-04-01 23:54:20.022771+00	5
307	amanpatan6213@gmail.com	Aman Patan	Added via OAuth on 2026-04-02 00:27:24 UTC using app: Gmail-Auth4	t	2026-04-02 00:27:24.142872+00	2026-04-02 00:27:24.142872+00	5
308	safinebadool@gmail.com	Safine Badool	Added via OAuth on 2026-04-02 10:03:56 UTC using app: Gmail-Auth4	t	2026-04-02 10:03:56.347134+00	2026-04-02 10:03:56.347134+00	5
309	ziyamallahi7832@gmail.com	Ziya Mallahi	Added via OAuth on 2026-04-02 18:07:27 UTC using app: Gmail-Auth4	t	2026-04-02 18:07:27.410904+00	2026-04-02 18:07:27.410904+00	5
310	daryakonarak@gmail.com	Darya Konarak	Added via OAuth on 2026-04-03 07:46:55 UTC using app: Gmail-Auth4	t	2026-04-03 07:46:55.337539+00	2026-04-03 07:46:55.337539+00	5
312	mohammadaslam8363@gmail.com	Mohammad Aslam	Added via OAuth on 2026-05-16 17:03:40 UTC using app: Gmail-Auth4	t	2026-05-16 17:03:39.991957+00	2026-05-16 17:03:39.991957+00	5
313	mansoorashktalkh0049@gmail.com	Mansoor Ashktalkh	Added via OAuth on 2026-05-17 12:51:47 UTC using app: Gmail-Auth4	t	2026-05-17 12:51:47.699554+00	2026-05-17 12:51:47.699554+00	5
314	raminpahredell5113@gmail.com	Ramin Pahredell	Added via OAuth on 2026-05-19 17:51:47 UTC using app: Gmail-Auth4	t	2026-05-19 17:51:46.883761+00	2026-05-19 17:51:46.883761+00	5
\.


--
-- TOC entry 3473 (class 0 OID 16532)
-- Dependencies: 225
-- Data for Name: sync_status; Type: TABLE DATA; Schema: public; Owner: -
--

COPY public.sync_status (id, account_id, emails_count, last_email_received_at, last_sync_time, sync_status) FROM stdin;
36	36	33	2026-06-05 04:59:11.153745+00	2026-06-06 14:55:22.853797+00	success
3	3	59	2026-06-05 09:59:04.545849+00	2026-06-06 14:54:29.813381+00	success
50	50	71	2026-04-12 01:24:30.684066+00	2026-06-06 14:54:34.3508+00	success
20	20	225	2026-06-05 22:41:46.586621+00	2026-06-06 14:54:37.322044+00	success
71	71	73	2026-05-30 21:54:41.189473+00	2026-06-06 14:54:34.639535+00	success
15	15	179	2026-06-03 12:54:39.488387+00	2026-06-06 14:55:05.366321+00	success
7	7	159	2026-06-04 15:25:35.614884+00	2026-06-06 14:54:43.698745+00	success
63	63	185	2026-05-27 17:05:03.148143+00	2026-06-06 14:54:55.646277+00	success
79	79	113	2026-06-06 00:14:17.360691+00	2026-06-06 14:54:34.976477+00	success
81	81	57	2026-06-02 14:43:24.114136+00	2026-06-06 14:54:31.729126+00	success
101	101	63	2026-05-31 21:20:03.737587+00	2026-06-06 14:54:58.62961+00	success
52	52	67	2026-06-05 08:05:59.09864+00	2026-06-06 14:54:37.578433+00	success
92	92	98	2026-06-01 00:19:32.265707+00	2026-06-06 14:55:08.791523+00	success
34	34	108	2026-06-02 19:31:52.981871+00	2026-06-06 14:55:05.496526+00	success
26	26	68	2026-06-04 12:01:36.487676+00	2026-06-06 14:55:16.790822+00	success
38	38	60	2026-05-11 14:35:23.447045+00	2026-06-06 14:55:22.190002+00	success
56	56	30	2026-04-01 10:07:47.692417+00	2026-06-06 14:54:37.66173+00	success
116	116	39	2026-04-02 13:08:25.244182+00	2026-06-06 14:54:59.216735+00	success
40	40	46	2026-05-26 14:18:22.828537+00	2026-06-06 14:55:22.432501+00	success
61	61	109	2026-06-04 16:56:01.576541+00	2026-06-06 14:54:39.547408+00	failed
122	122	90	2026-06-04 10:22:39.259428+00	2026-06-06 14:54:59.451525+00	success
41	41	96	2026-06-06 14:05:51.661436+00	2026-06-06 14:55:22.557906+00	success
16	16	198	2026-06-03 12:35:11.979203+00	2026-06-06 14:54:44.048124+00	success
35	35	98	2026-06-05 18:52:17.077622+00	2026-06-06 14:54:44.525853+00	success
64	64	140	2026-05-30 08:22:22.965795+00	2026-06-06 14:54:44.732188+00	success
65	65	104	2026-06-03 21:17:42.493699+00	2026-06-06 14:54:44.973131+00	success
93	93	12	2026-06-05 01:03:57.089132+00	2026-06-06 14:55:08.916242+00	success
4	4	100	2026-06-05 09:01:32.307404+00	2026-06-06 14:54:29.204926+00	success
60	60	7	2025-12-27 02:25:36.995417+00	2026-06-06 14:54:52.43757+00	success
43	43	86	2026-06-05 01:40:51.373217+00	2026-06-06 14:55:05.621954+00	success
57	57	45	2026-04-01 10:08:13.985767+00	2026-06-06 14:55:05.853394+00	success
103	103	64	2026-05-23 09:56:41.247504+00	2026-06-06 14:55:09.498198+00	success
28	28	151	2026-06-06 09:44:33.043571+00	2026-06-06 14:55:17.009217+00	success
32	32	228	2026-06-04 21:15:40.32247+00	2026-06-06 14:55:18.172099+00	success
114	114	79	2026-06-04 09:05:07.816621+00	2026-06-06 14:55:10.214502+00	success
157	157	51	2026-06-01 12:53:25.776763+00	2026-06-06 14:54:50.63328+00	success
51	51	69	2026-06-06 02:20:00.569185+00	2026-06-06 14:55:17.817628+00	success
171	171	63	2026-05-29 21:42:13.822878+00	2026-06-06 14:54:50.212269+00	success
45	45	58	2026-04-09 03:06:28.510448+00	2026-06-06 14:55:26.018131+00	success
229	229	34	2026-05-11 14:35:24.306399+00	2026-06-06 14:54:52.977182+00	success
30	30	298	2026-06-05 22:11:07.344161+00	2026-06-06 14:54:28.535469+00	success
251	251	219	2026-06-06 14:31:16.637073+00	2026-06-06 14:54:29.494704+00	success
314	314	6	2026-05-19 17:52:14.165683+00	2026-06-06 14:54:27.396868+00	failed
2	2	93	2026-05-31 08:03:01.313924+00	2026-06-06 14:54:33.370111+00	success
10	10	101	2026-05-26 21:24:15.239877+00	2026-06-06 14:54:33.625779+00	success
70	70	85	2026-06-03 10:32:25.082316+00	2026-06-06 14:54:37.189365+00	success
12	12	158	2026-06-05 21:45:22.350207+00	2026-06-06 14:54:58.279996+00	success
83	83	41	2026-06-06 14:45:09.707612+00	2026-06-06 14:54:35.503033+00	success
82	82	127	2026-05-29 19:36:53.240701+00	2026-06-06 14:55:06.282877+00	success
225	225	60	2026-06-06 10:29:18.104645+00	2026-06-06 14:55:06.075455+00	success
73	73	67	2026-04-16 21:30:19.836533+00	2026-06-06 14:54:37.876292+00	success
84	84	39	2026-04-03 04:21:26.756351+00	2026-06-06 14:54:36.776129+00	success
72	72	116	2026-05-20 21:05:33.252632+00	2026-06-06 14:54:45.459309+00	success
230	230	36	2026-05-27 17:33:25.744529+00	2026-06-06 14:55:03.160204+00	success
14	14	241	2026-05-17 18:31:10.975008+00	2026-06-06 14:55:18.651901+00	success
74	74	36	2026-05-11 14:35:41.845493+00	2026-06-06 14:54:45.543299+00	success
21	21	152	2026-06-04 11:42:47.88918+00	2026-06-06 14:54:57.778526+00	success
19	19	58	2026-04-18 03:00:35.243638+00	2026-06-06 14:55:16.675711+00	success
24	24	100	2026-06-04 15:37:01.785578+00	2026-06-06 14:55:18.885668+00	success
76	76	96	2026-06-06 09:14:14.845867+00	2026-06-06 14:54:45.685173+00	success
94	94	47	2026-06-02 14:21:40.527154+00	2026-06-06 14:54:46.507781+00	success
58	58	49	2026-06-05 11:07:13.602614+00	2026-06-06 14:55:25.812779+00	success
98	98	80	2026-04-03 07:22:02.48528+00	2026-06-06 14:54:46.290763+00	success
23	23	58	2026-06-06 10:24:35.887457+00	2026-06-06 14:54:57.869674+00	success
27	27	106	2026-06-03 12:09:56.95014+00	2026-06-06 14:54:58.081663+00	success
182	182	42	2026-04-20 01:58:37.201853+00	2026-06-06 14:55:27.465089+00	success
29	29	212	2026-05-11 14:35:57.705572+00	2026-06-06 14:54:56.597482+00	success
46	46	56	2026-06-05 07:13:38.085026+00	2026-06-06 14:54:58.501175+00	success
13	13	173	2026-06-06 14:10:16.233689+00	2026-06-06 14:55:10.437055+00	success
44	44	90	2026-06-05 14:01:26.850564+00	2026-06-06 14:55:12.669985+00	success
48	48	83	2026-06-06 14:10:16.360723+00	2026-06-06 14:55:10.555485+00	success
1	1	105	2026-05-19 21:46:52.127454+00	2026-06-06 14:55:24.173197+00	success
11	11	72	2026-06-04 12:11:47.509693+00	2026-06-06 14:54:32.38+00	success
5	5	57	2026-06-04 12:03:24.523992+00	2026-06-06 14:55:23.066029+00	success
9	9	145	2026-06-04 21:17:21.522605+00	2026-06-06 14:55:23.158425+00	success
25	25	124	2026-03-28 11:10:38.640088+00	2026-06-06 14:55:21.001471+00	failed
31	31	52	2026-01-24 01:24:20.874049+00	2026-06-06 14:54:33.93156+00	success
42	42	47	2026-06-04 21:22:33.946812+00	2026-06-06 14:54:34.161211+00	success
90	90	47	2026-05-11 14:35:34.606337+00	2026-06-06 14:54:38.187488+00	success
47	47	71	2026-05-31 20:14:10.387742+00	2026-06-06 14:54:32.577251+00	success
249	249	7	2026-02-21 12:45:26.69815+00	2026-06-06 14:54:38.817814+00	failed
258	258	73	2026-06-03 13:03:51.276009+00	2026-06-06 14:54:39.913428+00	success
6	6	172	2026-06-06 14:02:05.643346+00	2026-06-06 14:54:42.594894+00	success
49	49	59	2026-04-10 01:08:02.607324+00	2026-06-06 14:54:56.848575+00	success
53	53	72	2026-06-05 08:06:31.674203+00	2026-06-06 14:55:10.010442+00	success
112	112	43	2026-06-05 19:50:40.227619+00	2026-06-06 14:54:42.853099+00	success
126	126	77	2026-06-06 11:05:49.158497+00	2026-06-06 14:54:42.983688+00	success
127	127	56	2026-05-16 03:01:48.934887+00	2026-06-06 14:54:58.989192+00	success
128	128	63	2026-06-04 14:05:11.426247+00	2026-06-06 14:54:59.107227+00	success
312	312	12048	2026-05-18 10:26:56.042881+00	2026-06-06 14:54:33.14083+00	success
313	313	126	2026-06-06 09:51:29.366225+00	2026-06-06 14:54:35.238304+00	success
241	241	28	2026-05-11 14:35:46.653661+00	2026-06-06 14:55:00.256514+00	success
194	194	42	2026-05-11 14:35:34.783639+00	2026-06-06 14:54:31.602621+00	success
219	219	152	2026-05-11 14:35:50.509156+00	2026-06-06 14:54:32.878955+00	success
86	86	70	2026-05-11 14:35:01.34692+00	2026-06-06 14:55:06.537455+00	success
130	130	36	2026-06-05 14:08:10.586885+00	2026-06-06 14:54:52.641319+00	success
68	68	102	2026-06-05 22:54:45.714914+00	2026-06-06 14:55:17.553047+00	success
138	138	63	2026-06-05 14:17:45.696747+00	2026-06-06 14:54:52.769747+00	success
123	123	91	2026-06-04 23:08:51.041668+00	2026-06-06 14:54:59.541572+00	success
281	281	40	2026-06-02 18:52:38.912146+00	2026-06-06 14:55:25.28565+00	success
139	139	45	2026-05-11 14:35:10.056341+00	2026-06-06 14:54:55.728917+00	success
133	133	48	2026-06-03 21:33:47.358722+00	2026-06-06 14:55:01.464216+00	success
265	265	62	2026-06-05 06:03:32.183328+00	2026-06-06 14:55:27.76355+00	success
100	100	73	2026-06-05 09:40:31.907592+00	2026-06-06 14:54:26.810876+00	success
161	161	54	2026-06-05 08:23:20.544228+00	2026-06-06 14:55:03.50884+00	success
107	107	46	2026-06-05 10:28:57.669318+00	2026-06-06 14:54:38.314955+00	success
110	110	58	2026-06-04 09:10:47.113895+00	2026-06-06 14:54:38.933977+00	success
189	189	38	2026-06-05 09:04:46.590798+00	2026-06-06 14:54:27.74049+00	success
106	106	28	2026-04-01 12:07:28.179203+00	2026-06-06 14:54:46.635335+00	success
91	91	32	2026-04-01 11:06:47.853425+00	2026-06-06 14:55:08.677207+00	success
203	203	71	2026-05-18 21:10:02.873917+00	2026-06-06 14:55:19.643337+00	success
108	108	43	2026-04-04 21:19:33.868298+00	2026-06-06 14:54:46.865414+00	success
99	99	73	2026-05-16 11:05:44.470812+00	2026-06-06 14:55:09.129732+00	success
102	102	47	2026-05-22 16:18:14.739586+00	2026-06-06 14:55:09.406964+00	success
272	272	218	2026-06-05 11:33:32.953303+00	2026-06-06 14:55:16.096672+00	success
113	113	89	2026-04-02 13:08:30.365774+00	2026-06-06 14:54:38.760199+00	success
132	132	70	2026-06-05 05:59:42.192758+00	2026-06-06 14:54:43.248695+00	success
144	144	66	2026-06-05 11:08:14.609515+00	2026-06-06 14:54:54.059772+00	success
310	310	5	2026-04-03 07:47:37.59084+00	2026-06-06 14:55:15.663951+00	success
134	134	54	2026-05-12 16:47:22.891739+00	2026-06-06 14:55:23.399443+00	success
18	18	117	2026-01-20 16:44:28.25144+00	2026-06-06 14:54:29.873845+00	failed
164	164	58	2026-04-18 07:12:19.426212+00	2026-06-06 14:55:22.605082+00	failed
221	221	138	2026-06-04 14:22:55.858416+00	2026-06-06 14:55:21.101889+00	success
259	259	125	2026-06-03 13:54:06.533275+00	2026-06-06 14:55:21.731053+00	success
252	252	28	2026-06-01 09:06:49.053823+00	2026-06-06 14:54:32.267528+00	success
80	80	88	2026-05-23 10:11:38.018131+00	2026-06-06 14:54:28.735154+00	success
153	153	56	2026-06-05 09:39:24.235599+00	2026-06-06 14:54:51.182446+00	success
154	154	6	2026-02-07 03:27:46.434669+00	2026-06-06 14:54:53.200796+00	success
158	158	60	2026-05-11 17:21:46.832016+00	2026-06-06 14:54:49.194767+00	success
159	159	55	2026-05-24 21:10:39.915328+00	2026-06-06 14:54:49.970783+00	success
160	160	41	2026-06-04 22:09:40.190482+00	2026-06-06 14:54:49.289958+00	success
207	207	128	2026-06-06 09:26:07.962776+00	2026-06-06 14:54:27.979201+00	success
156	156	57	2026-06-06 04:55:26.921708+00	2026-06-06 14:54:55.301127+00	success
162	162	43	2026-05-26 21:09:16.432081+00	2026-06-06 14:54:55.453441+00	success
85	85	119	2026-05-11 14:35:29.208296+00	2026-06-06 14:54:31.038216+00	success
147	147	84	2026-05-30 14:04:09.177728+00	2026-06-06 14:54:31.950674+00	success
77	77	89	2026-06-06 09:17:11.068429+00	2026-06-06 14:54:37.964757+00	success
179	179	26	2026-06-04 16:04:33.065916+00	2026-06-06 14:54:57.068829+00	success
181	181	36	2026-04-19 02:58:22.820205+00	2026-06-06 14:54:57.282461+00	success
163	163	92	2026-06-06 08:10:10.005223+00	2026-06-06 14:55:03.638287+00	success
149	149	110	2026-06-04 23:12:55.815165+00	2026-06-06 14:54:32.07373+00	success
89	89	84	2026-06-01 15:26:55.632168+00	2026-06-06 14:54:36.896889+00	success
121	121	211	2026-06-05 02:44:59.835253+00	2026-06-06 14:54:39.055448+00	success
191	191	69	2026-04-17 14:19:17.823092+00	2026-06-06 14:54:57.50279+00	success
239	239	31	2026-04-16 03:23:01.563851+00	2026-06-06 14:54:56.378677+00	success
165	165	74	2026-06-06 14:11:41.378743+00	2026-06-06 14:55:04.326223+00	success
167	167	85	2026-05-19 19:34:37.596211+00	2026-06-06 14:55:01.694436+00	success
172	172	29	2026-04-16 02:51:05.515344+00	2026-06-06 14:55:02.570626+00	success
152	152	51	2026-06-02 14:24:38.34955+00	2026-06-06 14:54:32.149402+00	success
131	131	39	2026-06-02 21:11:32.230917+00	2026-06-06 14:54:39.188816+00	success
192	192	25	2026-03-08 19:18:05.366509+00	2026-06-06 14:54:38.498101+00	failed
195	195	35	2026-06-05 21:46:36.510534+00	2026-06-06 14:54:40.34603+00	success
135	135	37	2026-05-11 14:35:31.004503+00	2026-06-06 14:54:47.101277+00	success
136	136	78	2026-06-04 11:04:06.24202+00	2026-06-06 14:54:47.324622+00	success
137	137	36	2026-05-21 16:08:01.588297+00	2026-06-06 14:54:47.702051+00	success
145	145	53	2026-06-03 10:27:57.528995+00	2026-06-06 14:54:47.577774+00	failed
148	148	78	2026-06-02 09:51:09.68009+00	2026-06-06 14:54:47.458775+00	success
183	184	39	2026-06-05 11:44:03.529488+00	2026-06-06 14:54:43.479834+00	success
125	125	67	2026-01-22 15:15:47.692906+00	2026-06-06 14:54:50.415398+00	success
166	166	41	2026-06-06 03:55:22.340111+00	2026-06-06 14:54:49.506173+00	success
178	178	36	2026-04-19 02:58:41.572092+00	2026-06-06 14:55:04.556436+00	success
197	197	55	2026-06-06 00:38:00.610732+00	2026-06-06 14:55:05.113822+00	success
198	198	41	2026-05-22 09:59:44.63613+00	2026-06-06 14:55:02.665932+00	success
104	104	53	2026-06-01 21:05:50.597433+00	2026-06-06 14:55:09.619713+00	success
105	105	66	2026-06-06 08:50:06.057332+00	2026-06-06 14:55:09.824218+00	success
111	111	23	2026-06-06 02:06:02.177938+00	2026-06-06 14:55:09.918053+00	success
115	115	106	2026-06-04 08:16:45.469291+00	2026-06-06 14:55:12.889921+00	success
119	119	43	2026-05-28 11:33:52.456651+00	2026-06-06 14:55:10.682356+00	success
120	120	72	2026-05-11 14:36:01.843569+00	2026-06-06 14:55:10.86338+00	success
175	175	46	2026-05-11 14:36:05.001239+00	2026-06-06 14:55:10.745475+00	failed
268	268	159	2026-06-04 11:56:53.111334+00	2026-06-06 14:55:24.3003+00	success
271	271	90	2026-06-03 12:29:35.72461+00	2026-06-06 14:55:24.806851+00	success
190	190	47	2026-05-11 14:36:06.112448+00	2026-06-06 14:54:31.511189+00	success
196	196	33	2026-04-20 01:58:39.915203+00	2026-06-06 14:54:40.601226+00	success
169	169	134	2026-06-04 21:05:58.466276+00	2026-06-06 14:54:49.631659+00	success
233	233	175	2026-06-04 08:41:37.205447+00	2026-06-06 14:55:03.986163+00	success
199	199	37	2026-06-03 14:01:31.894208+00	2026-06-06 14:54:40.810289+00	success
218	218	190	2026-06-06 08:40:29.843694+00	2026-06-06 14:54:40.920222+00	success
303	303	10	2026-04-01 23:26:42.931609+00	2026-06-06 14:54:36.573851+00	failed
177	177	5	2026-02-07 06:31:03.720107+00	2026-06-06 14:54:51.999544+00	success
185	185	5	2026-02-07 04:59:19.371112+00	2026-06-06 14:54:52.116445+00	success
228	228	120	2026-03-17 22:36:47.92904+00	2026-06-06 14:54:52.894295+00	success
237	237	51	2026-06-01 21:36:35.574968+00	2026-06-06 14:54:51.051129+00	success
240	240	26	2026-05-26 08:18:22.70625+00	2026-06-06 14:54:51.275395+00	success
186	186	22	2026-06-06 01:04:16.455719+00	2026-06-06 14:55:04.822911+00	success
282	282	107	2026-06-02 19:02:08.045681+00	2026-06-06 14:55:25.48744+00	success
214	214	11	2026-01-25 12:00:48.447584+00	2026-06-06 14:54:29.55635+00	failed
236	236	182	2026-06-04 00:06:58.925485+00	2026-06-06 14:54:28.946092+00	success
109	109	46	2026-05-11 14:37:21.139002+00	2026-06-06 14:54:38.436732+00	success
216	216	174	2026-06-03 12:38:50.596464+00	2026-06-06 14:55:11.503574+00	success
257	257	52	2026-06-05 21:41:04.019625+00	2026-06-06 14:55:15.448731+00	success
261	261	19	2026-05-11 14:35:48.582126+00	2026-06-06 14:54:28.292516+00	success
176	176	37	2026-04-19 02:58:57.04637+00	2026-06-06 14:54:51.798015+00	success
201	201	156	2026-06-03 12:06:43.94959+00	2026-06-06 14:54:53.293008+00	success
245	245	27	2026-05-27 09:25:24.915339+00	2026-06-06 14:54:53.384935+00	success
280	280	19	2026-04-02 19:34:22.116534+00	2026-06-06 14:54:55.525326+00	failed
187	187	37	2026-04-20 01:58:11.782261+00	2026-06-06 14:55:05.025074+00	success
262	262	170	2026-06-06 09:23:53.3644+00	2026-06-06 14:55:15.8863+00	success
264	264	29	2026-06-05 04:28:35.184711+00	2026-06-06 14:55:19.42902+00	success
223	223	70	2026-06-01 04:39:24.959487+00	2026-06-06 14:55:02.926315+00	success
217	217	140	2026-06-02 18:33:30.38195+00	2026-06-06 14:55:11.769763+00	success
295	295	74	2026-06-06 12:14:41.940009+00	2026-06-06 14:55:23.932184+00	success
263	263	84	2026-06-05 15:53:23.150068+00	2026-06-06 14:55:27.54915+00	success
235	235	32	2026-05-11 14:35:02.000857+00	2026-06-06 14:55:08.19449+00	success
222	222	187	2026-06-03 11:58:16.599448+00	2026-06-06 14:54:41.050838+00	success
238	238	32	2026-05-25 10:05:22.207825+00	2026-06-06 14:54:39.776145+00	success
276	276	99	2026-06-04 12:25:50.243631+00	2026-06-06 14:54:39.275099+00	success
246	246	27	2026-05-11 14:36:07.914853+00	2026-06-06 14:54:53.643056+00	success
247	247	178	2026-06-06 02:19:36.518483+00	2026-06-06 14:54:53.783305+00	success
248	248	29	2026-06-05 06:16:41.628324+00	2026-06-06 14:54:51.489862+00	success
224	224	73	2026-05-28 21:31:12.055663+00	2026-06-06 14:55:03.765924+00	success
226	226	40	2026-06-02 14:20:21.696923+00	2026-06-06 14:55:01.815756+00	success
227	227	46	2026-05-27 17:38:06.778387+00	2026-06-06 14:55:02.013549+00	success
243	243	31	2026-05-11 14:34:43.880253+00	2026-06-06 14:55:11.064105+00	success
267	267	174	2026-06-02 19:19:26.453143+00	2026-06-06 14:55:12.223689+00	success
275	275	67	2026-04-01 10:19:24.517611+00	2026-06-06 14:55:11.986527+00	success
150	150	6	2026-06-05 04:11:42.510768+00	2026-06-06 14:55:18.425821+00	success
242	242	22	2026-05-11 14:35:46.939159+00	2026-06-06 14:55:14.255511+00	success
279	279	611	2026-06-02 19:08:32.172827+00	2026-06-06 14:55:19.308119+00	failed
301	301	30	2026-06-05 11:11:40.152647+00	2026-06-06 14:55:14.509851+00	success
305	305	22	2026-06-02 10:23:13.182557+00	2026-06-06 14:55:17.095691+00	success
306	306	20	2026-06-02 11:11:47.173554+00	2026-06-06 14:55:17.326849+00	success
205	205	35	2026-03-30 13:08:56.03957+00	2026-06-06 14:55:20.942375+00	success
253	253	27	2026-06-02 10:46:48.189758+00	2026-06-06 14:55:21.365492+00	success
274	274	154	2026-06-03 12:51:50.516658+00	2026-06-06 14:55:25.061797+00	success
140	140	37	2026-06-05 01:23:23.566499+00	2026-06-06 14:54:27.278358+00	success
155	155	23	2026-01-23 21:55:08.680896+00	2026-06-06 14:54:26.867973+00	failed
277	277	123	2026-05-11 14:35:49.868108+00	2026-06-06 14:55:25.140995+00	success
174	174	12	2026-01-26 10:18:02.06744+00	2026-06-06 14:54:28.597577+00	failed
188	188	7	2026-01-26 08:09:32.537284+00	2026-06-06 14:54:29.263054+00	failed
204	204	11	2026-01-19 13:02:45.557517+00	2026-06-06 14:54:26.537385+00	failed
206	206	11	2026-01-21 01:14:47.742877+00	2026-06-06 14:54:28.411517+00	failed
284	284	174	2026-06-06 02:36:30.890044+00	2026-06-06 14:54:29.698922+00	success
87	87	79	2026-05-14 10:30:07.493579+00	2026-06-06 14:54:31.249136+00	success
293	293	162	2026-06-03 13:45:31.013611+00	2026-06-06 14:54:39.485908+00	success
8	8	116	2026-06-05 20:10:33.729799+00	2026-06-06 14:54:43.788819+00	success
17	17	80	2026-04-11 06:23:42.559676+00	2026-06-06 14:54:44.283021+00	success
66	66	139	2026-06-03 21:57:44.425653+00	2026-06-06 14:54:45.103276+00	success
67	67	64	2026-06-03 11:01:08.298456+00	2026-06-06 14:54:45.227628+00	success
96	96	106	2026-04-01 11:08:16.80579+00	2026-06-06 14:54:45.799709+00	success
97	97	113	2026-06-06 08:43:37.036296+00	2026-06-06 14:54:46.077575+00	success
146	146	69	2026-06-05 00:09:43.558073+00	2026-06-06 14:54:47.927496+00	success
193	193	1	2026-01-12 19:26:31.300705+00	2026-06-06 14:54:47.515898+00	failed
117	117	42	2026-06-05 08:43:30.662979+00	2026-06-06 14:54:58.864922+00	success
124	124	84	2026-06-04 09:23:32.046075+00	2026-06-06 14:54:59.807247+00	success
231	231	38	2026-06-05 21:53:19.276788+00	2026-06-06 14:55:03.379933+00	success
141	141	37	2026-05-11 14:34:58.970723+00	2026-06-06 14:54:55.943712+00	success
142	142	60	2026-04-19 09:32:36.606762+00	2026-06-06 14:54:58.145216+00	failed
232	232	8	2026-02-10 07:51:15.906263+00	2026-06-06 14:54:34.698788+00	failed
273	273	4	2026-03-18 21:58:08.372471+00	2026-06-06 14:54:34.224655+00	failed
234	234	167	2026-06-05 05:26:17.687471+00	2026-06-06 14:55:04.11813+00	success
250	250	44	2026-05-30 08:28:50.51478+00	2026-06-06 14:55:01.341473+00	success
168	168	66	2026-06-04 14:33:15.91825+00	2026-06-06 14:54:51.685708+00	success
170	170	66	2026-05-24 10:46:14.356395+00	2026-06-06 14:54:49.836125+00	success
143	143	34	2026-04-19 08:29:25.867819+00	2026-06-06 14:54:56.073931+00	success
180	180	22	2026-05-19 15:43:54.607682+00	2026-06-06 14:54:56.284024+00	success
200	200	54	2026-03-21 03:50:48.817883+00	2026-06-06 14:55:00.041417+00	success
266	266	25	2026-05-11 14:35:49.554351+00	2026-06-06 14:55:02.138956+00	success
269	269	118	2026-06-05 00:28:27.148314+00	2026-06-06 14:55:02.348619+00	success
88	88	120	2026-06-03 21:44:58.010175+00	2026-06-06 14:55:08.4246+00	success
118	118	109	2026-06-05 09:24:09.017377+00	2026-06-06 14:55:11.292349+00	success
129	129	53	2026-06-05 21:25:39.033554+00	2026-06-06 14:55:07.672413+00	success
184	183	67	2026-06-06 05:35:52.576199+00	2026-06-06 14:55:07.921975+00	success
215	215	189	2026-06-04 10:09:05.278651+00	2026-06-06 14:55:13.022801+00	success
244	244	32	2026-06-04 23:03:03.03076+00	2026-06-06 14:55:14.732044+00	success
254	254	15	2026-04-19 03:22:40.91228+00	2026-06-06 14:55:14.960961+00	success
256	256	48	2026-06-04 09:28:34.316036+00	2026-06-06 14:55:15.183958+00	success
208	208	10	2026-01-21 08:25:41.286249+00	2026-06-06 14:54:27.513656+00	failed
209	209	10	2026-01-21 08:27:37.079383+00	2026-06-06 14:54:28.110639+00	failed
210	210	9	2026-01-21 08:27:32.973611+00	2026-06-06 14:54:26.93322+00	failed
173	173	60	2026-06-05 23:41:55.171997+00	2026-06-06 14:54:50.842996+00	success
62	62	60	2026-05-19 19:38:00.666714+00	2026-06-06 14:55:18.074991+00	success
69	69	0	\N	2026-06-06 14:55:17.604212+00	failed
75	75	87	2026-01-16 19:34:29.426377+00	2026-06-06 14:55:18.975715+00	success
78	78	77	2026-04-02 13:08:00.349195+00	2026-06-06 14:55:19.240886+00	success
283	283	152	2026-06-03 12:03:56.64462+00	2026-06-06 14:55:16.221687+00	success
285	285	212	2026-06-06 07:50:27.949172+00	2026-06-06 14:55:16.333343+00	success
54	54	91	2026-06-06 06:09:07.373749+00	2026-06-06 14:55:26.241779+00	success
55	55	51	2026-06-05 10:17:17.96015+00	2026-06-06 14:55:25.726656+00	success
255	255	59	2026-06-05 21:52:02.054171+00	2026-06-06 14:55:21.607934+00	success
211	211	4	2026-01-20 15:59:15.227493+00	2026-06-06 14:54:28.352293+00	failed
212	212	10	2026-01-23 19:46:03.829558+00	2026-06-06 14:54:28.170263+00	failed
213	213	12	2026-01-25 09:44:31.784842+00	2026-06-06 14:54:27.339761+00	failed
220	220	11	2026-02-02 15:22:58.366482+00	2026-06-06 14:54:27.456312+00	failed
270	270	9	2026-03-17 22:53:14.999998+00	2026-06-06 14:54:29.615516+00	failed
294	294	19	2026-03-26 10:42:17.866298+00	2026-06-06 14:54:28.040242+00	failed
299	299	9	2026-03-29 02:07:03.411259+00	2026-06-06 14:54:26.994061+00	failed
95	95	66	2026-04-15 21:33:08.442476+00	2026-06-06 14:54:34.758223+00	failed
309	309	12	2026-04-03 13:07:27.894487+00	2026-06-06 14:54:30.942655+00	failed
286	286	116	2026-06-03 13:17:13.544442+00	2026-06-06 14:55:02.439989+00	success
287	287	321	2026-05-26 01:01:39.971828+00	2026-06-06 14:55:12.445612+00	success
300	300	142	2026-04-02 00:15:07.07401+00	2026-06-06 14:55:16.563492+00	success
288	288	40	2026-06-05 05:32:46.450336+00	2026-06-06 14:55:21.937128+00	success
292	292	214	2026-04-06 09:48:46.058093+00	2026-06-06 14:55:23.845623+00	success
296	296	151	2026-06-04 15:43:23.952372+00	2026-06-06 14:55:23.740183+00	success
297	297	68	2026-06-03 14:04:10.964326+00	2026-06-06 14:55:23.491397+00	success
302	302	14	2026-04-03 06:15:47.990677+00	2026-06-06 14:54:32.627209+00	failed
304	304	10	2026-04-02 21:47:04.758455+00	2026-06-06 14:54:34.411287+00	failed
307	307	7	2026-04-02 00:50:45.527452+00	2026-06-06 14:54:33.673635+00	failed
308	308	8	2026-04-02 10:23:40.202147+00	2026-06-06 14:54:32.680552+00	failed
260	260	153	2026-06-05 08:09:06.223275+00	2026-06-06 14:54:41.318946+00	success
289	289	188	2026-06-05 08:52:22.78441+00	2026-06-06 14:54:40.123206+00	success
291	291	23	2026-06-04 21:19:51.376637+00	2026-06-06 14:54:52.317797+00	success
\.



--
-- TOC entry 3294 (class 2606 OID 16546)
-- Name: customer_metadata customer_metadata_account_id_key; Type: CONSTRAINT; Schema: public; Owner: -
--

ALTER TABLE ONLY public.customer_metadata
    ADD CONSTRAINT customer_metadata_account_id_key UNIQUE (account_id);


--
-- TOC entry 3296 (class 2606 OID 16548)
-- Name: customer_metadata customer_metadata_pkey; Type: CONSTRAINT; Schema: public; Owner: -
--

ALTER TABLE ONLY public.customer_metadata
    ADD CONSTRAINT customer_metadata_pkey PRIMARY KEY (id);


--
-- TOC entry 3299 (class 2606 OID 16550)
-- Name: email_accounts email_accounts_pkey; Type: CONSTRAINT; Schema: public; Owner: -
--

ALTER TABLE ONLY public.email_accounts
    ADD CONSTRAINT email_accounts_pkey PRIMARY KEY (id);


--
-- TOC entry 3312 (class 2606 OID 16558)
-- Name: sync_status sync_status_account_id_key; Type: CONSTRAINT; Schema: public; Owner: -
--

ALTER TABLE ONLY public.sync_status
    ADD CONSTRAINT sync_status_account_id_key UNIQUE (account_id);


--
-- TOC entry 3314 (class 2606 OID 16560)
-- Name: sync_status sync_status_pkey; Type: CONSTRAINT; Schema: public; Owner: -
--

ALTER TABLE ONLY public.sync_status
    ADD CONSTRAINT sync_status_pkey PRIMARY KEY (id);


--
-- TOC entry 3297 (class 1259 OID 16564)
-- Name: ix_customer_metadata_id; Type: INDEX; Schema: public; Owner: -
--

CREATE INDEX ix_customer_metadata_id ON public.customer_metadata USING btree (id);


--
-- TOC entry 3300 (class 1259 OID 16565)
-- Name: ix_email_accounts_email; Type: INDEX; Schema: public; Owner: -
--

CREATE UNIQUE INDEX ix_email_accounts_email ON public.email_accounts USING btree (email);


--
-- TOC entry 3301 (class 1259 OID 16566)
-- Name: ix_email_accounts_id; Type: INDEX; Schema: public; Owner: -
--

CREATE INDEX ix_email_accounts_id ON public.email_accounts USING btree (id);


--
-- TOC entry 3310 (class 1259 OID 16569)
-- Name: ix_sync_status_id; Type: INDEX; Schema: public; Owner: -
--

CREATE INDEX ix_sync_status_id ON public.sync_status USING btree (id);


--
-- TOC entry 3315 (class 2606 OID 16570)
-- Name: customer_metadata customer_metadata_account_id_fkey; Type: FK CONSTRAINT; Schema: public; Owner: -
--

ALTER TABLE ONLY public.customer_metadata
    ADD CONSTRAINT customer_metadata_account_id_fkey FOREIGN KEY (account_id) REFERENCES public.email_accounts(id);


--
-- TOC entry 3316 (class 2606 OID 16575)
-- Name: email_accounts email_accounts_google_app_id_fkey; Type: FK CONSTRAINT; Schema: public; Owner: -
--

ALTER TABLE ONLY public.email_accounts
    ADD CONSTRAINT email_accounts_google_app_id_fkey FOREIGN KEY (google_app_id) REFERENCES public.google_apps(id);


--
-- TOC entry 3319 (class 2606 OID 16590)
-- Name: sync_status sync_status_account_id_fkey; Type: FK CONSTRAINT; Schema: public; Owner: -
--

ALTER TABLE ONLY public.sync_status
    ADD CONSTRAINT sync_status_account_id_fkey FOREIGN KEY (account_id) REFERENCES public.email_accounts(id);