--
--

\restrict lXcangmIxGhZrrCwohYCbClcMcp4NnCmlhgauxUi4mgO1tXumyI7oxkD7k19Frn


-- Started on 2026-06-06 14:55:31 UTC

SELECT pg_catalog.set_config('search_path', '', false);

--
-- TOC entry 5 (class 2615 OID 16496)
-- Name: public; Type: SCHEMA; Schema: -; Owner: -
--

-- *not* creating schema, since initdb creates it


--
-- TOC entry 3480 (class 0 OID 0)
-- Dependencies: 5
-- Name: SCHEMA public; Type: COMMENT; Schema: -; Owner: -
--

COMMENT ON SCHEMA public IS '';




--
-- TOC entry 215 (class 1259 OID 16497)
-- Name: admin_users; Type: TABLE; Schema: public; Owner: -
--

CREATE TABLE public.admin_users (
    id integer NOT NULL,
    username character varying(50) NOT NULL,
    email character varying(100) NOT NULL,
    hashed_password character varying(255) NOT NULL,
    is_active boolean,
    is_superuser boolean,
    created_at timestamp with time zone DEFAULT now(),
    last_login timestamp with time zone
);


--
-- TOC entry 216 (class 1259 OID 16501)
-- Name: admin_users_id_seq; Type: SEQUENCE; Schema: public; Owner: -
--

CREATE SEQUENCE public.admin_users_id_seq
    AS integer
    START WITH 1
    INCREMENT BY 1
    NO MINVALUE
    NO MAXVALUE
    CACHE 1;


--
-- TOC entry 3481 (class 0 OID 0)
-- Dependencies: 216
-- Name: admin_users_id_seq; Type: SEQUENCE OWNED BY; Schema: public; Owner: -
--

ALTER SEQUENCE public.admin_users_id_seq OWNED BY public.admin_users.id;


--
-- TOC entry 217 (class 1259 OID 16502)
-- Name: customer_metadata; Type: TABLE; Schema: public; Owner: -
--

CREATE TABLE public.customer_metadata (
    id integer NOT NULL,
    account_id integer NOT NULL,
    starlink_number character varying(100),
    customer_number character varying(100),
    additional_data text,
    created_at timestamp with time zone DEFAULT now(),
    updated_at timestamp with time zone DEFAULT now()
);


--
-- TOC entry 218 (class 1259 OID 16509)
-- Name: customer_metadata_id_seq; Type: SEQUENCE; Schema: public; Owner: -
--

CREATE SEQUENCE public.customer_metadata_id_seq
    AS integer
    START WITH 1
    INCREMENT BY 1
    NO MINVALUE
    NO MAXVALUE
    CACHE 1;


--
-- TOC entry 3482 (class 0 OID 0)
-- Dependencies: 218
-- Name: customer_metadata_id_seq; Type: SEQUENCE OWNED BY; Schema: public; Owner: -
--

ALTER SEQUENCE public.customer_metadata_id_seq OWNED BY public.customer_metadata.id;


--
-- TOC entry 219 (class 1259 OID 16510)
-- Name: email_accounts; Type: TABLE; Schema: public; Owner: -
--

CREATE TABLE public.email_accounts (
    id integer NOT NULL,
    email character varying(255) NOT NULL,
    name character varying(255),
    description text,
    is_active boolean,
    created_at timestamp with time zone DEFAULT now(),
    updated_at timestamp with time zone DEFAULT now(),
    google_app_id integer NOT NULL
);


--
-- TOC entry 220 (class 1259 OID 16517)
-- Name: email_accounts_id_seq; Type: SEQUENCE; Schema: public; Owner: -
--

CREATE SEQUENCE public.email_accounts_id_seq
    AS integer
    START WITH 1
    INCREMENT BY 1
    NO MINVALUE
    NO MAXVALUE
    CACHE 1;


--
-- TOC entry 3483 (class 0 OID 0)
-- Dependencies: 220
-- Name: email_accounts_id_seq; Type: SEQUENCE OWNED BY; Schema: public; Owner: -
--

ALTER SEQUENCE public.email_accounts_id_seq OWNED BY public.email_accounts.id;


--
-- TOC entry 221 (class 1259 OID 16518)
-- Name: google_apps; Type: TABLE; Schema: public; Owner: -
--

CREATE TABLE public.google_apps (
    id integer NOT NULL,
    name character varying(255) NOT NULL,
    client_id character varying(255) NOT NULL,
    client_secret_encrypted text NOT NULL,
    owner_admin_id integer NOT NULL,
    is_active boolean,
    created_at timestamp with time zone DEFAULT now()
);


--
-- TOC entry 222 (class 1259 OID 16524)
-- Name: google_apps_id_seq; Type: SEQUENCE; Schema: public; Owner: -
--

CREATE SEQUENCE public.google_apps_id_seq
    AS integer
    START WITH 1
    INCREMENT BY 1
    NO MINVALUE
    NO MAXVALUE
    CACHE 1;


--
-- TOC entry 3484 (class 0 OID 0)
-- Dependencies: 222
-- Name: google_apps_id_seq; Type: SEQUENCE OWNED BY; Schema: public; Owner: -
--

ALTER SEQUENCE public.google_apps_id_seq OWNED BY public.google_apps.id;


--
-- TOC entry 223 (class 1259 OID 16525)
-- Name: oauth_data; Type: TABLE; Schema: public; Owner: -
--

CREATE TABLE public.oauth_data (
    id integer NOT NULL,
    account_id integer NOT NULL,
    access_token_encrypted text,
    refresh_token_encrypted text,
    token_expiry timestamp with time zone,
    last_token_refresh timestamp with time zone DEFAULT now(),
    is_access_token_valid boolean,
    is_refresh_token_valid boolean,
    failed_refresh_attempts integer,
    last_failed_refresh timestamp with time zone
);


--
-- TOC entry 224 (class 1259 OID 16531)
-- Name: oauth_data_id_seq; Type: SEQUENCE; Schema: public; Owner: -
--

CREATE SEQUENCE public.oauth_data_id_seq
    AS integer
    START WITH 1
    INCREMENT BY 1
    NO MINVALUE
    NO MAXVALUE
    CACHE 1;


--
-- TOC entry 3485 (class 0 OID 0)
-- Dependencies: 224
-- Name: oauth_data_id_seq; Type: SEQUENCE OWNED BY; Schema: public; Owner: -
--

ALTER SEQUENCE public.oauth_data_id_seq OWNED BY public.oauth_data.id;


--
-- TOC entry 225 (class 1259 OID 16532)
-- Name: sync_status; Type: TABLE; Schema: public; Owner: -
--

CREATE TABLE public.sync_status (
    id integer NOT NULL,
    account_id integer NOT NULL,
    emails_count integer,
    last_email_received_at timestamp with time zone,
    last_sync_time timestamp with time zone DEFAULT now(),
    sync_status character varying(50)
);


--
-- TOC entry 226 (class 1259 OID 16536)
-- Name: sync_status_id_seq; Type: SEQUENCE; Schema: public; Owner: -
--

CREATE SEQUENCE public.sync_status_id_seq
    AS integer
    START WITH 1
    INCREMENT BY 1
    NO MINVALUE
    NO MAXVALUE
    CACHE 1;


--
-- TOC entry 3486 (class 0 OID 0)
-- Dependencies: 226
-- Name: sync_status_id_seq; Type: SEQUENCE OWNED BY; Schema: public; Owner: -
--

ALTER SEQUENCE public.sync_status_id_seq OWNED BY public.sync_status.id;


--
-- TOC entry 3274 (class 2604 OID 16537)
-- Name: admin_users id; Type: DEFAULT; Schema: public; Owner: -
--

ALTER TABLE ONLY public.admin_users ALTER COLUMN id SET DEFAULT nextval('public.admin_users_id_seq'::regclass);


--
-- TOC entry 3276 (class 2604 OID 16538)
-- Name: customer_metadata id; Type: DEFAULT; Schema: public; Owner: -
--

ALTER TABLE ONLY public.customer_metadata ALTER COLUMN id SET DEFAULT nextval('public.customer_metadata_id_seq'::regclass);


--
-- TOC entry 3279 (class 2604 OID 16539)
-- Name: email_accounts id; Type: DEFAULT; Schema: public; Owner: -
--

ALTER TABLE ONLY public.email_accounts ALTER COLUMN id SET DEFAULT nextval('public.email_accounts_id_seq'::regclass);


--
-- TOC entry 3282 (class 2604 OID 16540)
-- Name: google_apps id; Type: DEFAULT; Schema: public; Owner: -
--

ALTER TABLE ONLY public.google_apps ALTER COLUMN id SET DEFAULT nextval('public.google_apps_id_seq'::regclass);


--
-- TOC entry 3284 (class 2604 OID 16541)
-- Name: oauth_data id; Type: DEFAULT; Schema: public; Owner: -
--

ALTER TABLE ONLY public.oauth_data ALTER COLUMN id SET DEFAULT nextval('public.oauth_data_id_seq'::regclass);


--
-- TOC entry 3286 (class 2604 OID 16542)
-- Name: sync_status id; Type: DEFAULT; Schema: public; Owner: -
--

ALTER TABLE ONLY public.sync_status ALTER COLUMN id SET DEFAULT nextval('public.sync_status_id_seq'::regclass);


--
-- TOC entry 3463 (class 0 OID 16497)
-- Dependencies: 215
-- Data for Name: admin_users; Type: TABLE DATA; Schema: public; Owner: -
--

COPY public.admin_users (id, username, email, hashed_password, is_active, is_superuser, created_at, last_login) FROM stdin;
1	mohammadcfz	mohammadcfz@gmail.com	$2b$12$m86PzwF.r1Twg2u5EwwELu6l4RrWYCI0OYs4Dw/lkIix88Kd7IkgW	t	t	2025-11-02 21:57:20.511741+00	2026-06-05 16:23:36.892149+00
\.


--
-- TOC entry 3465 (class 0 OID 16502)
-- Dependencies: 217
-- Data for Name: customer_metadata; Type: TABLE DATA; Schema: public; Owner: -
--

COPY public.customer_metadata (id, account_id, starlink_number, customer_number, additional_data, created_at, updated_at) FROM stdin;
1	1	\N	\N	\N	2025-11-01 16:11:21.201+00	2025-11-03 08:13:55.282319+00
3	4	34134163048	09153457304	\N	2025-10-30 16:50:31.969+00	2025-11-03 08:14:46.061832+00
2	3	27698755321	\N	\N	2025-10-30 16:05:21.186+00	2025-11-03 08:14:17.992198+00
4	5		aa5600725	\N	2025-11-09 09:07:46.959429+00	2025-11-09 09:07:46.959429+00
5	6		af9220084	\N	2025-11-09 09:18:15.23941+00	2025-11-09 09:18:15.23941+00
6	7		ap7376909	\N	2025-11-09 09:53:47.239623+00	2025-11-09 09:53:47.239623+00
7	8		as3934436	\N	2025-11-09 10:04:39.024136+00	2025-11-09 10:04:39.024136+00
8	9		aa1958258	\N	2025-11-09 10:08:06.688905+00	2025-11-09 10:08:06.688905+00
9	15		ab4090068	\N	2025-11-09 21:38:31.798495+00	2025-11-09 21:38:31.798495+00
10	14		am2557420	\N	2025-11-09 21:42:46.901758+00	2025-11-09 21:42:46.901758+00
11	13		at3461588	\N	2025-11-09 21:43:02.545154+00	2025-11-09 21:43:02.545154+00
12	12		as5453662	\N	2025-11-09 21:43:16.656776+00	2025-11-09 21:43:16.656776+00
13	11		as3651949	\N	2025-11-09 21:44:20.33915+00	2025-11-09 21:44:20.33915+00
14	10		aj5551322	\N	2025-11-09 21:44:44.027991+00	2025-11-09 21:44:44.027991+00
15	16		az2549884	\N	2025-11-09 21:53:52.955056+00	2025-11-09 21:53:52.955056+00
16	17		as5551322	\N	2025-11-09 22:05:21.552922+00	2025-11-09 22:05:21.552922+00
17	18		ab3472754	\N	2025-11-09 22:18:39.754292+00	2025-11-09 22:18:39.754292+00
18	19		ab3395478	\N	2025-11-10 13:44:47.445743+00	2025-11-10 13:44:47.445743+00
19	20		aj5452326	\N	2025-11-10 20:08:28.757226+00	2025-11-10 20:08:28.757226+00
20	21		mb5460231	\N	2025-11-10 20:08:44.14198+00	2025-11-10 20:08:44.14198+00
22	23		ah1175237	\N	2025-11-10 20:51:26.220067+00	2025-11-10 20:51:26.220067+00
23	24		ar9728767	\N	2025-11-10 21:10:00.036558+00	2025-11-10 21:10:00.036558+00
24	25		ap2715547	\N	2025-11-11 00:18:02.980256+00	2025-11-11 00:18:02.980256+00
25	26		aa1148143	\N	2025-11-11 09:38:52.56868+00	2025-11-11 09:38:52.56868+00
26	28		am5460564	\N	2025-11-11 12:27:07.851115+00	2025-11-11 12:27:07.851115+00
27	29		as5466646	\N	2025-11-11 12:35:43.013647+00	2025-11-11 12:35:43.013647+00
28	30		am1259308	\N	2025-11-11 13:05:00.748905+00	2025-11-11 13:05:00.748905+00
29	31		as4364068	\N	2025-11-11 14:10:23.326829+00	2025-11-11 14:10:23.326829+00
30	32		az5460677	\N	2025-11-11 14:53:07.513922+00	2025-11-11 14:53:07.513922+00
32	34		ab3469370	\N	2025-11-11 15:17:51.869154+00	2025-11-11 15:17:51.869154+00
33	35		ap2506494	\N	2025-11-11 15:20:56.507398+00	2025-11-11 15:20:56.507398+00
34	36		ar1950068	\N	2025-11-12 13:18:26.895301+00	2025-11-12 13:18:26.895301+00
35	159	+447577325030	Rahmdell Pishbin	\N	2026-01-04 00:12:52.848759+00	2026-01-04 00:12:52.848759+00
36	206	09151450026		\N	2026-01-20 09:53:07.917236+00	2026-01-20 09:53:07.917236+00
\.


--
-- TOC entry 3467 (class 0 OID 16510)
-- Dependencies: 219
-- Data for Name: email_accounts; Type: TABLE DATA; Schema: public; Owner: -
--

COPY public.email_accounts (id, email, name, description, is_active, created_at, updated_at, google_app_id) FROM stdin;
2	qaderamani0021@gmail.com	Qader Amani	Added via OAuth on 2025-10-30 14:55:34 UTC	t	2025-10-30 14:55:34.406+00	2025-11-03 08:04:49.062443+00	1
1	eisapak6153@gmail.com	Eisa Pak	Added via OAuth on 2025-10-29 21:39:14 UTC	t	2025-10-29 21:39:14.805+00	2025-10-29 21:39:14.805+00	1
3	moradsalarizadeh6235@gmail.com	Morad Salarizadeh	Added via OAuth on 2025-10-30 15:07:53 UTC	t	2025-10-30 15:07:53.758+00	2025-11-03 08:07:41.165467+00	1
4	sadhoot73@gmail.com	Sad Hoot	Added via OAuth on 2025-10-30 16:49:34 UTC	t	2025-10-30 16:49:34.489+00	2025-11-03 08:09:57.319043+00	1
5	abdollahabazarsa@gmail.com	Abdollah Abazarsa	Added via OAuth on 2025-11-08 23:23:18 UTC using app: Gmail-Auth	t	2025-11-08 23:23:18.132921+00	2025-11-08 23:23:18.132921+00	1
6	abdollahfarahbou@gmail.com	Abdollah Farahbou	Added via OAuth on 2025-11-08 23:28:41 UTC using app: Gmail-Auth	t	2025-11-08 23:28:41.218315+00	2025-11-08 23:28:41.218315+00	1
7	abdollahpanad6909@gmail.com	Abdollah Panad	Added via OAuth on 2025-11-09 09:53:03 UTC using app: Gmail-Auth	t	2025-11-09 09:53:02.953505+00	2025-11-09 09:53:02.953505+00	1
8	abdollahsayyadi4436@gmail.com	Abdollah Sayyadi	Added via OAuth on 2025-11-09 10:03:56 UTC using app: Gmail-Auth	t	2025-11-09 10:03:56.569797+00	2025-11-09 10:03:56.569797+00	1
9	abdollghafooramad@gmail.com	Abdollghafoor Amad	Added via OAuth on 2025-11-09 10:07:51 UTC using app: Gmail-Auth	t	2025-11-09 10:07:50.84561+00	2025-11-09 10:07:50.84561+00	1
10	abdollghafoorjavam@gmail.com	Abdollghafoor Javam	Added via OAuth on 2025-11-09 10:13:06 UTC using app: Gmail-Auth	t	2025-11-09 10:13:06.22801+00	2025-11-09 10:13:06.22801+00	1
11	abdollghafoorshaeri@gmail.com	Abdollghafoor Shaeri	Added via OAuth on 2025-11-09 10:33:23 UTC using app: Gmail-Auth	t	2025-11-09 10:33:22.810804+00	2025-11-09 10:33:22.810804+00	1
12	abdollghafoorsharifinia@gmail.com	Abdollghafoor Sharifinia	Added via OAuth on 2025-11-09 21:09:20 UTC using app: Gmail-Auth	t	2025-11-09 21:09:19.909177+00	2025-11-09 21:09:19.909177+00	1
13	abdollhamidtak@gmail.com	Abdollhamid Tak	Added via OAuth on 2025-11-09 21:14:12 UTC using app: Gmail-Auth	t	2025-11-09 21:14:12.454364+00	2025-11-09 21:14:12.454364+00	1
14	abdollrahimmallahi255@gmail.com	Abdollrahim Mallahi	Added via OAuth on 2025-11-09 21:23:00 UTC using app: Gmail-Auth	t	2025-11-09 21:23:00.058197+00	2025-11-09 21:23:00.058197+00	1
15	abdulltareqbaloch@gmail.com	Abdulltareq Baloch	Added via OAuth on 2025-11-09 21:36:43 UTC using app: Gmail-Auth	t	2025-11-09 21:36:43.395871+00	2025-11-09 21:36:43.395871+00	1
16	abdullahizabarjad@gmail.com	Abdullahi Zabarjad	Added via OAuth on 2025-11-09 21:53:29 UTC using app: Gmail-Auth	t	2025-11-09 21:53:28.682993+00	2025-11-09 21:53:28.682993+00	1
17	abedsalehi1322@gmail.com	Abed Salehi	Added via OAuth on 2025-11-09 22:05:08 UTC using app: Gmail-Auth	t	2025-11-09 22:05:07.919788+00	2025-11-09 22:05:07.919788+00	1
18	abedzabarjad2754@gmail.com	Abed Zabarjad	Added via OAuth on 2025-11-09 22:18:03 UTC using app: Gmail-Auth	t	2025-11-09 22:18:03.034394+00	2025-11-09 22:18:03.034394+00	1
19	ahmadbaloch33954@gmail.com	Ahmad Baloch	Added via OAuth on 2025-11-10 13:44:15 UTC using app: Gmail-Auth	t	2025-11-10 13:44:14.872814+00	2025-11-10 13:44:14.872814+00	1
20	akbarjali2326@gmail.com	Akbar Jali	Added via OAuth on 2025-11-10 14:46:40 UTC using app: Gmail-Auth	t	2025-11-10 14:46:39.926734+00	2025-11-10 14:46:39.926734+00	1
21	mehrdadbaloch0321@gmail.com	Mehrdad Baloch	Added via OAuth on 2025-11-10 20:08:14 UTC using app: Gmail-Auth	t	2025-11-10 20:08:14.251797+00	2025-11-10 20:08:14.251797+00	1
23	alirezaheidari5237@gmail.com	Alireza Heidari	Added via OAuth on 2025-11-10 20:49:17 UTC using app: Gmail-Auth	t	2025-11-10 20:49:16.992684+00	2025-11-10 20:49:16.992684+00	1
24	allahdadraeisi@gmail.com	Allahdad Raeisi	Added via OAuth on 2025-11-10 21:09:38 UTC using app: Gmail-Auth	t	2025-11-10 21:09:38.175152+00	2025-11-10 21:09:38.175152+00	1
25	amenehpirmallahi@gmail.com	Ameneh Pirmallahi	Added via OAuth on 2025-11-11 00:17:32 UTC using app: Gmail-Auth	t	2025-11-11 00:17:32.099257+00	2025-11-11 00:17:32.099257+00	1
26	aminabazarsa4143@gmail.com	Amin Abazarsa	Added via OAuth on 2025-11-11 09:38:20 UTC using app: Gmail-Auth	t	2025-11-11 09:38:19.982222+00	2025-11-11 09:38:19.982222+00	1
27	aminkhoei3476@gmail.com	Amin Khoei	Added via OAuth on 2025-11-11 09:49:23 UTC using app: Gmail-Auth	t	2025-11-11 09:49:23.41055+00	2025-11-11 09:49:23.41055+00	1
28	aminmobaraki0564@gmail.com	Amin Mobaraki	Added via OAuth on 2025-11-11 12:26:43 UTC using app: Gmail-Auth	t	2025-11-11 12:26:43.475927+00	2025-11-11 12:26:43.475927+00	1
29	aminshabab6646@gmail.com	Amin Shabab	Added via OAuth on 2025-11-11 12:35:27 UTC using app: Gmail-Auth	t	2025-11-11 12:35:26.964401+00	2025-11-11 12:35:26.964401+00	1
30	amirmollahasani9308@gmail.com	Amir Mollahasani	Added via OAuth on 2025-11-11 13:04:27 UTC using app: Gmail-Auth	t	2025-11-11 13:04:27.490811+00	2025-11-11 13:04:27.490811+00	1
31	amirsayyadi4068@gmail.com	Amir Sayyadi	Added via OAuth on 2025-11-11 14:09:55 UTC using app: Gmail-Auth	t	2025-11-11 14:09:54.835092+00	2025-11-11 14:09:54.835092+00	1
32	amirzabarjad0677@gmail.com	Amir Zabarjad	Added via OAuth on 2025-11-11 14:52:55 UTC using app: Gmail-Auth	t	2025-11-11 14:52:55.124787+00	2025-11-11 14:52:55.124787+00	1
34	anisbadool70@gmail.com	Anis Badool	Added via OAuth on 2025-11-11 15:17:32 UTC using app: Gmail-Auth	t	2025-11-11 15:17:32.390817+00	2025-11-11 15:17:32.390817+00	1
35	ansarpishpin@gmail.com	Ansar Pishpin	Added via OAuth on 2025-11-11 15:20:43 UTC using app: Gmail-Auth	t	2025-11-11 15:20:43.197278+00	2025-11-11 15:20:43.197278+00	1
36	anvarraz0068@gmail.com	Anvar Raz	Added via OAuth on 2025-11-12 13:16:42 UTC using app: Gmail-Auth	t	2025-11-12 13:16:41.908092+00	2025-11-12 13:16:41.908092+00	1
38	arefbaloch0065@gmail.com	Aref Baloch	Added via OAuth on 2025-11-12 14:24:34 UTC using app: Gmail-Auth	t	2025-11-12 14:24:33.733685+00	2025-11-12 14:24:33.733685+00	1
40	alimohammadsalehi9969@gmail.com	Ali Mohammadsalehi	Added via OAuth on 2025-11-29 14:12:31 UTC using app: Gmail-Auth	t	2025-11-29 14:12:31.572517+00	2025-11-29 14:12:31.572517+00	1
41	baharbaloch9529@gmail.com	Bahar Baloch	Added via OAuth on 2025-11-29 17:30:40 UTC using app: Gmail-Auth	t	2025-11-29 17:30:40.367171+00	2025-11-29 17:30:40.367171+00	1
42	maazbaloch4979@gmail.com	Maaz Baloch	Added via OAuth on 2025-11-29 21:51:56 UTC using app: Gmail-Auth	t	2025-11-29 21:51:56.152023+00	2025-11-29 21:51:56.152023+00	1
43	farshidbaloch9529@gmail.com	Farshid Baloch	Added via OAuth on 2025-11-30 13:55:02 UTC using app: Gmail-Auth	t	2025-11-30 13:55:02.175816+00	2025-11-30 13:55:02.175816+00	1
44	parvizkhesht1215@gmail.com	Parviz Khesht	Added via OAuth on 2025-12-01 11:45:05 UTC using app: Gmail-Auth	t	2025-12-01 11:45:05.038124+00	2025-12-01 11:45:05.038124+00	1
45	saeidbaloch9529@gmail.com	Saeid Baloch	Added via OAuth on 2025-12-02 14:04:09 UTC using app: Gmail-Auth	t	2025-12-02 14:04:09.110818+00	2025-12-02 14:04:09.110818+00	1
46	nazirmihankhah2@gmail.com	Nazir Mihankhah2	Added via OAuth on 2025-12-02 22:37:17 UTC using app: Gmail-Auth	t	2025-12-02 22:37:17.687103+00	2025-12-02 22:37:17.687103+00	1
47	armanmallahi1228@gmail.com	Arman Mallahi	Added via OAuth on 2025-12-02 22:44:10 UTC using app: Gmail-Auth	t	2025-12-02 22:44:09.972229+00	2025-12-02 22:44:09.972229+00	1
48	yousoftinab0080@gmail.com	yousof Tinab	Added via OAuth on 2025-12-02 22:49:38 UTC using app: Gmail-Auth	t	2025-12-02 22:49:38.204729+00	2025-12-02 22:49:38.204729+00	1
49	golabbaloch1322@gmail.com	Golab Baloch	Added via OAuth on 2025-12-03 06:34:31 UTC using app: Gmail-Auth	t	2025-12-03 06:34:30.835263+00	2025-12-03 06:34:30.835263+00	1
50	mehrdadnakhodaei5043@gmail.com	Mehrdad Nakhodaei	Added via OAuth on 2025-12-03 18:54:24 UTC using app: Gmail-Auth	t	2025-12-03 18:54:24.55455+00	2025-12-03 18:54:24.55455+00	1
101	hamidbaloch6066@gmail.com	Hamid Baloch	Added via OAuth on 2025-12-10 14:03:12 UTC using app: Gmail-Auth2	t	2025-12-10 14:03:11.821168+00	2025-12-10 14:03:11.821168+00	2
51	sourajbalochzahi@gmail.com	Souraj Balochzahi	Added via OAuth on 2025-12-04 11:37:56 UTC using app: Gmail-Auth	t	2025-12-04 11:37:56.15826+00	2025-12-04 11:37:56.15826+00	1
52	abdollahpak1440@gmail.com	Abdollah Pak	Added via OAuth on 2025-12-04 11:45:16 UTC using app: Gmail-Auth	t	2025-12-04 11:45:16.328936+00	2025-12-04 11:45:16.328936+00	1
53	esmaeilpadir6989@gmail.com	Esmaeil Padir	Added via OAuth on 2025-12-04 14:15:08 UTC using app: Gmail-Auth	t	2025-12-04 14:15:08.366736+00	2025-12-04 14:15:08.366736+00	1
54	anvarbadool@gmail.com	Anvar Badool	Added via OAuth on 2025-12-04 17:22:40 UTC using app: Gmail-Auth	t	2025-12-04 17:22:40.649764+00	2025-12-04 17:22:40.649764+00	1
55	mohammadsohrabzahi6603@gmail.com	Mohammad Sohrabzahi	Added via OAuth on 2025-12-05 11:43:49 UTC using app: Gmail-Auth	t	2025-12-05 11:43:48.716087+00	2025-12-05 11:43:48.716087+00	1
56	gholambahri2718@gmail.com	gholam bahri	Added via OAuth on 2025-12-05 13:07:45 UTC using app: Gmail-Auth	t	2025-12-05 13:07:45.065829+00	2025-12-05 13:07:45.065829+00	1
57	azizseddighi1244@gmail.com	Aziz Seddighi	Added via OAuth on 2025-12-05 14:43:22 UTC using app: Gmail-Auth	t	2025-12-05 14:43:21.854805+00	2025-12-05 14:43:21.854805+00	1
58	hakimbaloch4008@gmail.com	Hakim Baloch	Added via OAuth on 2025-12-05 20:36:24 UTC using app: Gmail-Auth	t	2025-12-05 20:36:24.004681+00	2025-12-05 20:36:24.004681+00	1
60	meerajkalmati6363@gmail.com	Meeraj Kalmati	Added via OAuth on 2025-12-06 09:53:01 UTC using app: Gmail-Auth	t	2025-12-06 09:53:01.585597+00	2025-12-06 09:53:01.585597+00	1
61	aminvatankhah0031@gmail.com	Amin Vatankhah	Added via OAuth on 2025-12-06 13:13:21 UTC using app: Gmail-Auth	t	2025-12-06 13:13:21.118147+00	2025-12-06 13:13:21.118147+00	1
62	farhanbavareh@gmail.com	Farhan Bavareh	Added via OAuth on 2025-12-06 13:16:08 UTC using app: Gmail-Auth	t	2025-12-06 13:16:08.116779+00	2025-12-06 13:16:08.116779+00	1
63	mosayebbaloch7311@gmail.com	Mosayeb Baloch	Added via OAuth on 2025-12-06 13:44:29 UTC using app: Gmail-Auth	t	2025-12-06 13:44:28.757856+00	2025-12-06 13:44:28.757856+00	1
64	majeedbalochzadeh@gmail.com	Majeed Balochzadeh	Added via OAuth on 2025-12-06 14:01:52 UTC using app: Gmail-Auth	t	2025-12-06 14:01:52.348554+00	2025-12-06 14:01:52.348554+00	1
65	samanpanahandeh0080@gmail.com	Saman Panahandeh	Added via OAuth on 2025-12-06 14:04:42 UTC using app: Gmail-Auth	t	2025-12-06 14:04:42.327549+00	2025-12-06 14:04:42.327549+00	1
66	maysamhoot8588@gmail.com	Maysam Hoot	Added via OAuth on 2025-12-06 14:10:56 UTC using app: Gmail-Auth	t	2025-12-06 14:10:55.868457+00	2025-12-06 14:10:55.868457+00	1
67	taherjangizahi1965@gmail.com	Taher Jangizahi	Added via OAuth on 2025-12-06 14:14:29 UTC using app: Gmail-Auth	t	2025-12-06 14:14:29.630744+00	2025-12-06 14:14:29.630744+00	1
68	usmanshahsavari4210@gmail.com	Usman Shahsavari	Added via OAuth on 2025-12-06 14:20:49 UTC using app: Gmail-Auth	t	2025-12-06 14:20:49.019368+00	2025-12-06 14:20:49.019368+00	1
69	maysamahmadpoor1322@gmail.com	Maysam Ahmadpoor	Added via OAuth on 2025-12-06 14:28:15 UTC using app: Gmail-Auth	t	2025-12-06 14:28:14.687146+00	2025-12-06 14:28:14.687146+00	1
70	halimbaloch2064@gmail.com	Halim Baloch	Added via OAuth on 2025-12-06 14:31:58 UTC using app: Gmail-Auth	t	2025-12-06 14:31:58.05562+00	2025-12-06 14:31:58.05562+00	1
71	hasanfarhad2257@gmail.com	Hasan Farhad	Added via OAuth on 2025-12-06 14:34:57 UTC using app: Gmail-Auth	t	2025-12-06 14:34:57.305225+00	2025-12-06 14:34:57.305225+00	1
72	rahmanbasaeidoei@gmail.com	Rahman Basaeidoei	Added via OAuth on 2025-12-06 14:39:52 UTC using app: Gmail-Auth	t	2025-12-06 14:39:51.95638+00	2025-12-06 14:39:51.95638+00	1
73	hanifsharifinia2397@gmail.com	Hanif Sharifinia	Added via OAuth on 2025-12-06 16:03:33 UTC using app: Gmail-Auth	t	2025-12-06 16:03:32.834938+00	2025-12-06 16:03:32.834938+00	1
74	ghafoorbaloch2064@gmail.com	Ghafoor Baloch	Added via OAuth on 2025-12-06 20:38:39 UTC using app: Gmail-Auth	t	2025-12-06 20:38:39.148825+00	2025-12-06 20:38:39.148825+00	1
75	mohammadmallahi4397@gmail.com	mohammad Mallahi	Added via OAuth on 2025-12-07 10:24:53 UTC using app: Gmail-Auth	t	2025-12-07 10:24:52.798709+00	2025-12-07 10:24:52.798709+00	1
76	ghafardehghani9529@gmail.com	Ghafar Dehghani	Added via OAuth on 2025-12-07 10:28:50 UTC using app: Gmail-Auth	t	2025-12-07 10:28:50.284819+00	2025-12-07 10:28:50.284819+00	1
77	rayanpahredell@gmail.com	Rayan Pahredell	Added via OAuth on 2025-12-07 10:32:06 UTC using app: Gmail-Auth	t	2025-12-07 10:32:06.560077+00	2025-12-07 10:32:06.560077+00	1
78	vaheddehghani7829@gmail.com	Vahed Dehghani	Added via OAuth on 2025-12-07 12:43:21 UTC using app: Gmail-Auth	t	2025-12-07 12:43:21.330305+00	2025-12-07 12:43:21.330305+00	1
79	jonaidbadool@gmail.com	Jonaid Badool	Added via OAuth on 2025-12-07 12:50:31 UTC using app: Gmail-Auth	t	2025-12-07 12:50:31.172373+00	2025-12-07 12:50:31.172373+00	1
80	aboozarahmadpoor2276@gmail.com	Aboozar Ahmadpoor	Added via OAuth on 2025-12-07 21:28:20 UTC using app: Gmail-Auth	t	2025-12-07 21:28:19.928657+00	2025-12-07 21:28:19.928657+00	1
81	mohsenariyapoor@gmail.com	Mohsen Ariyapoor	Added via OAuth on 2025-12-07 21:36:03 UTC using app: Gmail-Auth	t	2025-12-07 21:36:02.856513+00	2025-12-07 21:36:02.856513+00	1
82	behnamghavidel6983@gmail.com	Behnam Ghavidell	Added via OAuth on 2025-12-07 21:44:01 UTC using app: Gmail-Auth	t	2025-12-07 21:44:00.887569+00	2025-12-07 21:44:00.887569+00	1
83	mohammadyadgarzadeh@gmail.com	Mohammad yadgarzadeh	Added via OAuth on 2025-12-07 22:37:16 UTC using app: Gmail-Auth	t	2025-12-07 22:37:16.355922+00	2025-12-07 22:37:16.355922+00	1
84	hadisbadool@gmail.com	Hadis badool	Added via OAuth on 2025-12-07 22:42:19 UTC using app: Gmail-Auth	t	2025-12-07 22:42:19.506533+00	2025-12-07 22:42:19.506533+00	1
85	jamalirani2037@gmail.com	Jamal irani	Added via OAuth on 2025-12-07 22:46:34 UTC using app: Gmail-Auth	t	2025-12-07 22:46:34.142044+00	2025-12-07 22:46:34.142044+00	1
86	hamidbarpa4367@gmail.com	Hamid Barpa	Added via OAuth on 2025-12-07 22:55:02 UTC using app: Gmail-Auth	t	2025-12-07 22:55:02.031423+00	2025-12-07 22:55:02.031423+00	1
87	amanmihandoost0005@gmail.com	Aman mihandoost	Added via OAuth on 2025-12-07 22:59:29 UTC using app: Gmail-Auth	t	2025-12-07 22:59:29.273476+00	2025-12-07 22:59:29.273476+00	1
88	ayoubtak0005@gmail.com	Ayoub Tak	Added via OAuth on 2025-12-07 23:30:53 UTC using app: Gmail-Auth	t	2025-12-07 23:30:53.493225+00	2025-12-07 23:30:53.493225+00	1
89	salmanbadool1322@gmail.com	Salman Badool	Added via OAuth on 2025-12-08 16:02:16 UTC using app: Gmail-Auth	t	2025-12-08 16:02:15.797381+00	2025-12-08 16:02:15.797381+00	1
90	faizbaloch9529@gmail.com	Faiz Baloch	Added via OAuth on 2025-12-08 16:16:24 UTC using app: Gmail-Auth	t	2025-12-08 16:16:24.109009+00	2025-12-08 16:16:24.109009+00	1
91	abdollqaderjavam@gmail.com	Abdollqader Javam	Added via OAuth on 2025-12-08 19:00:11 UTC using app: Gmail-Auth	t	2025-12-08 19:00:10.957571+00	2025-12-08 19:00:10.957571+00	1
92	aminbaloch3193@gmail.com	Amin Baloch	Added via OAuth on 2025-12-09 12:52:11 UTC using app: Gmail-Auth	t	2025-12-09 12:52:11.041558+00	2025-12-09 12:52:11.041558+00	1
93	mollamallahi1455@gmail.com	Mollah Mallahi	Added via OAuth on 2025-12-09 12:53:08 UTC using app: Gmail-Auth	t	2025-12-09 12:53:08.193828+00	2025-12-09 12:53:08.193828+00	1
94	yousofbaloch7780@gmail.com	Yousof Baloch	Added via OAuth on 2025-12-09 14:33:01 UTC using app: Gmail-Auth	t	2025-12-09 14:33:00.676104+00	2025-12-09 14:33:00.676104+00	1
95	moosaahmadpoor1322@gmail.com	Moosa Ahmadpoor	Added via OAuth on 2025-12-09 15:52:18 UTC using app: Gmail-Auth2	t	2025-12-09 15:52:18.094966+00	2025-12-09 15:52:18.094966+00	2
96	usmanmallahi21@gmail.com	Usman Mallahi	Added via OAuth on 2025-12-09 16:45:16 UTC using app: Gmail-Auth2	t	2025-12-09 16:45:16.379206+00	2025-12-09 16:45:16.379206+00	2
97	noorbakhshpayedar1726@gmail.com	Noorbakhsh Payedar	Added via OAuth on 2025-12-09 20:36:17 UTC using app: Gmail-Auth2	t	2025-12-09 20:36:17.014763+00	2025-12-09 20:36:17.014763+00	2
98	yasinmoeini1322@gmail.com	Yasin Moeini	Added via OAuth on 2025-12-09 20:39:34 UTC using app: Gmail-Auth2	t	2025-12-09 20:39:34.128301+00	2025-12-09 20:39:34.128301+00	2
99	saeedirannejad7544@gmail.com	Saeid Irannejad	Added via OAuth on 2025-12-09 20:48:01 UTC using app: Gmail-Auth2	t	2025-12-09 20:48:00.986486+00	2025-12-09 20:48:00.986486+00	2
100	hoseinnoorahmadi95@gmail.com	Hosein Noorahmadi	Added via OAuth on 2025-12-10 13:10:47 UTC using app: Gmail-Auth2	t	2025-12-10 13:10:46.663194+00	2025-12-10 13:10:46.663194+00	2
102	mansoorjamalodini7780@gmail.com	Mansoor Jamalodini	Added via OAuth on 2025-12-10 14:35:40 UTC using app: Gmail-Auth2	t	2025-12-10 14:35:40.573201+00	2025-12-10 14:35:40.573201+00	2
103	sharifsabarok0407@gmail.com	Sharif Sabarok	Added via OAuth on 2025-12-10 17:22:56 UTC using app: Gmail-Auth2	t	2025-12-10 17:22:56.453899+00	2025-12-10 17:22:56.453899+00	2
104	rahimbakhshtooti@gmail.com	Rahimbakhsh Tooti	Added via OAuth on 2025-12-11 16:05:43 UTC using app: Gmail-Auth2	t	2025-12-11 16:05:42.9364+00	2025-12-11 16:05:42.9364+00	2
105	malombaloch@gmail.com	Malom Baloch	Added via OAuth on 2025-12-12 09:36:04 UTC using app: Gmail-Auth2	t	2025-12-12 09:36:04.127853+00	2025-12-12 09:36:04.127853+00	2
106	amirsayyadi2090@gmail.com	Amir Sayyadi	Added via OAuth on 2025-12-13 19:51:49 UTC using app: Gmail-Auth2	t	2025-12-13 19:51:49.310628+00	2025-12-13 19:51:49.310628+00	2
107	nadimraveh0047@gmail.com	Nadim Raveh	Added via OAuth on 2025-12-13 19:59:05 UTC using app: Gmail-Auth2	t	2025-12-13 19:59:05.450336+00	2025-12-13 19:59:05.450336+00	2
108	abedirannejad@gmail.com	Abed Irannejad	Added via OAuth on 2025-12-14 23:32:46 UTC using app: Gmail-Auth2	t	2025-12-14 23:32:46.414142+00	2025-12-14 23:32:46.414142+00	2
109	vafamoridi17@gmail.com	Vafa Moridi	Added via OAuth on 2025-12-14 23:36:13 UTC using app: Gmail-Auth2	t	2025-12-14 23:36:13.185263+00	2025-12-14 23:36:13.185263+00	2
110	salahkhoei@gmail.com	Salah Khoei	Added via OAuth on 2025-12-15 14:17:50 UTC using app: Gmail-Auth2	t	2025-12-15 14:17:50.094039+00	2025-12-15 14:17:50.094039+00	2
111	behroozkharkesh@gmail.com	Behrooz Kharkesh	Added via OAuth on 2025-12-15 14:20:46 UTC using app: Gmail-Auth2	t	2025-12-15 14:20:46.23822+00	2025-12-15 14:20:46.23822+00	2
112	amirbakhshbaloch1322@gmail.com	amirbakhsh baloch	Added via OAuth on 2025-12-16 18:02:07 UTC using app: Gmail-Auth2	t	2025-12-16 18:02:07.544627+00	2025-12-16 18:02:07.544627+00	2
113	qaderansarirad@gmail.com	Qader Ansarirad	Added via OAuth on 2025-12-17 09:47:38 UTC using app: Gmail-Auth2	t	2025-12-17 09:47:37.75091+00	2025-12-17 09:47:37.75091+00	2
114	alisaleme0021@gmail.com	Ali Salim	Added via OAuth on 2025-12-17 09:58:17 UTC using app: Gmail-Auth2	t	2025-12-17 09:58:17.585738+00	2025-12-17 09:58:17.585738+00	2
115	sodaisbalochzadeh4070@gmail.com	Sodais Balochzadeh	Added via OAuth on 2025-12-17 10:04:03 UTC using app: Gmail-Auth2	t	2025-12-17 10:04:03.398348+00	2025-12-17 10:04:03.398348+00	2
116	saeidmallahi0400@gmail.com	Saeid Mallahi	Added via OAuth on 2025-12-17 10:08:55 UTC using app: Gmail-Auth2	t	2025-12-17 10:08:54.863934+00	2025-12-17 10:08:54.863934+00	2
117	nabibakhshbaloch1322@gmail.com	Nabibakhsh Baloch	Added via OAuth on 2025-12-17 11:27:02 UTC using app: Gmail-Auth2	t	2025-12-17 11:27:02.122189+00	2025-12-17 11:27:02.122189+00	2
118	salmanbaloch92225@gmail.com	Salman Baloch	Added via OAuth on 2025-12-17 11:30:00 UTC using app: Gmail-Auth2	t	2025-12-17 11:29:59.935265+00	2025-12-17 11:29:59.935265+00	2
119	hasanmoridi3193@gmail.com	Hasan Moridi	Added via OAuth on 2025-12-20 10:11:09 UTC using app: Gmail-Auth2	t	2025-12-20 10:11:08.922425+00	2025-12-20 10:11:08.922425+00	2
120	arsalansamadi7680@gmail.com	Arsalan Samadi	Added via OAuth on 2025-12-20 20:33:33 UTC using app: Gmail-Auth2	t	2025-12-20 20:33:33.516909+00	2025-12-20 20:33:33.516909+00	2
121	sahidinakhuda9@gmail.com	Sahidi Nakhuda	Added via OAuth on 2025-12-20 20:43:00 UTC using app: Gmail-Auth2	t	2025-12-20 20:42:59.730481+00	2025-12-20 20:42:59.730481+00	2
122	aliseddighi8001@gmail.com	Ali seddighi	Added via OAuth on 2025-12-20 20:51:31 UTC using app: Gmail-Auth2	t	2025-12-20 20:51:31.688004+00	2025-12-20 20:51:31.688004+00	2
123	ebrahimpaziresh2889@gmail.com	Ebrahim paziresh	Added via OAuth on 2025-12-20 20:57:43 UTC using app: Gmail-Auth2	t	2025-12-20 20:57:43.069076+00	2025-12-20 20:57:43.069076+00	2
124	babolramak2265@gmail.com	babol ramak	Added via OAuth on 2025-12-20 21:04:32 UTC using app: Gmail-Auth2	t	2025-12-20 21:04:31.798929+00	2025-12-20 21:04:31.798929+00	2
125	usmanshahsavari0924@gmail.com	Usman Shahsavari	Added via OAuth on 2025-12-20 21:08:28 UTC using app: Gmail-Auth2	t	2025-12-20 21:08:28.174449+00	2025-12-20 21:08:28.174449+00	2
126	sobhanmallahi9243@gmail.com	Sobhan Mallahi	Added via OAuth on 2025-12-21 10:57:25 UTC using app: Gmail-Auth2	t	2025-12-21 10:57:25.082129+00	2025-12-21 10:57:25.082129+00	2
127	emadjashoei2718@gmail.com	Emad Jashoei	Added via OAuth on 2025-12-22 10:56:43 UTC using app: Gmail-Auth2	t	2025-12-22 10:56:43.559953+00	2025-12-22 10:56:43.559953+00	2
128	aminmoridi3193@gmail.com	Amin Moridi	Added via OAuth on 2025-12-22 10:57:54 UTC using app: Gmail-Auth2	t	2025-12-22 10:57:54.223144+00	2025-12-22 10:57:54.223144+00	2
129	imankhaleghi984@gmail.com	Iman Khaleghi	Added via OAuth on 2025-12-22 10:58:55 UTC using app: Gmail-Auth2	t	2025-12-22 10:58:54.771915+00	2025-12-22 10:58:54.771915+00	2
130	hamedbibak0077@gmail.com	Hamed Habibi	Added via OAuth on 2025-12-22 23:41:58 UTC using app: Gmail-Auth2	t	2025-12-22 23:41:58.088098+00	2025-12-22 23:41:58.088098+00	2
131	sibiljama@gmail.com	Sibil Jama	Added via OAuth on 2025-12-23 09:36:40 UTC using app: Gmail-Auth2	t	2025-12-23 09:36:40.583441+00	2025-12-23 09:36:40.583441+00	2
132	mehrannamordi5742@gmail.com	Mehran Namordi	Added via OAuth on 2025-12-23 12:52:05 UTC using app: Gmail-Auth2	t	2025-12-23 12:52:05.639721+00	2025-12-23 12:52:05.639721+00	2
133	emadhoseini7707@gmail.com	Emad Hoseini	Added via OAuth on 2025-12-24 14:25:30 UTC using app: Gmail-Auth2	t	2025-12-24 14:25:30.229561+00	2025-12-24 14:25:30.229561+00	2
134	ahadmoridi1778@gmail.com	Ahad Moridi	Added via OAuth on 2025-12-26 16:22:02 UTC using app: Gmail-Auth2	t	2025-12-26 16:22:01.689017+00	2025-12-26 16:22:01.689017+00	2
135	omaralijadgal@gmail.com	Omarali Jadgal	Added via OAuth on 2025-12-26 16:30:04 UTC using app: Gmail-Auth2	t	2025-12-26 16:30:04.52039+00	2025-12-26 16:30:04.52039+00	2
136	nivankhodaparast@gmail.com	Nivan Khodaparast	Added via OAuth on 2025-12-26 18:36:52 UTC using app: Gmail-Auth2	t	2025-12-26 18:36:51.849537+00	2025-12-26 18:36:51.849537+00	2
137	aboliboresh@gmail.com	aboli boresh	Added via OAuth on 2025-12-26 18:38:17 UTC using app: Gmail-Auth2	t	2025-12-26 18:38:17.360992+00	2025-12-26 18:38:17.360992+00	2
138	moslemafarin0344@gmail.com	Moslem Afarin	Added via OAuth on 2025-12-27 10:23:43 UTC using app: Gmail-Auth2	t	2025-12-27 10:23:43.676494+00	2025-12-27 10:23:43.676494+00	2
139	mohammadtinab6302@gmail.com	Mohammad Tinab	Added via OAuth on 2025-12-27 11:49:40 UTC using app: Gmail-Auth2	t	2025-12-27 11:49:40.023565+00	2025-12-27 11:49:40.023565+00	2
140	zobairdehvari@gmail.com	Zobair Dehvari	Added via OAuth on 2025-12-27 17:04:03 UTC using app: Gmail-Auth2	t	2025-12-27 17:04:03.511935+00	2025-12-27 17:04:03.511935+00	2
141	tayyebdaryanavard0002@gmail.com	Tayyeb Daryanavard	Added via OAuth on 2025-12-28 16:14:18 UTC using app: Gmail-Auth2	t	2025-12-28 16:14:17.92278+00	2025-12-28 16:14:17.92278+00	2
142	shahbaloch1322@gmail.com	Shah Baloch	Added via OAuth on 2025-12-28 16:27:43 UTC using app: Gmail-Auth2	t	2025-12-28 16:27:42.90615+00	2025-12-28 16:27:42.90615+00	2
143	shoaibshabab1787@gmail.com	Shoaib Shabab	Added via OAuth on 2025-12-28 17:29:57 UTC using app: Gmail-Auth2	t	2025-12-28 17:29:57.452142+00	2025-12-28 17:29:57.452142+00	2
144	maazbaloch7737@gmail.com	Maaz Baloch	Added via OAuth on 2025-12-29 09:56:03 UTC using app: Gmail-Auth2	t	2025-12-29 09:56:03.51413+00	2025-12-29 09:56:03.51413+00	2
145	hanifbadpa2469@gmail.com	hanif badpa	Added via OAuth on 2025-12-29 12:32:32 UTC using app: Gmail-Auth2	t	2025-12-29 12:32:32.040741+00	2025-12-29 12:32:32.040741+00	2
146	saadfarahbou@gmail.com	saad Farahbou	Added via OAuth on 2025-12-29 21:29:30 UTC using app: Gmail-Auth2	t	2025-12-29 21:29:30.519736+00	2025-12-29 21:29:30.519736+00	2
147	mobinparvaresh0228@gmail.com	Mobin Parvaresh	Added via OAuth on 2025-12-29 21:34:31 UTC using app: Gmail-Auth2	t	2025-12-29 21:34:30.857981+00	2025-12-29 21:34:30.857981+00	2
148	yaserrah1322@gmail.com	Yaser Rah	Added via OAuth on 2025-12-29 21:37:42 UTC using app: Gmail-Auth2	t	2025-12-29 21:37:41.937553+00	2025-12-29 21:37:41.937553+00	2
149	arefrah1322@gmail.com	Aref Rah	Added via OAuth on 2025-12-29 21:40:16 UTC using app: Gmail-Auth2	t	2025-12-29 21:40:16.511787+00	2025-12-29 21:40:16.511787+00	2
150	abdollwahedbaloch@gmail.com	Abdollwahed Baloch	Added via OAuth on 2025-12-31 13:57:32 UTC using app: Gmail-Auth2	t	2025-12-31 13:57:32.460796+00	2025-12-31 13:57:32.460796+00	2
152	nakhodaali3193@gmail.com	Nakhoda Ali	Added via OAuth on 2025-12-31 17:09:59 UTC using app: Gmail-Auth2	t	2025-12-31 17:09:59.041602+00	2025-12-31 17:09:59.041602+00	2
153	erfanpak0118@gmail.com	erfan Pak	Added via OAuth on 2025-12-31 17:16:08 UTC using app: Gmail-Auth2	t	2025-12-31 17:16:08.628909+00	2025-12-31 17:16:08.628909+00	2
154	zakariyabadsar@gmail.com	Zakariya Badsar	Added via OAuth on 2026-01-02 06:05:43 UTC using app: Gmail-Auth2	t	2026-01-02 06:05:43.18239+00	2026-01-02 06:05:43.18239+00	2
155	saberheidari5022@gmail.com	Saber Heidari	Added via OAuth on 2026-01-02 11:09:45 UTC using app: Gmail-Auth2	t	2026-01-02 11:09:44.688866+00	2026-01-02 11:09:44.688866+00	2
156	aliumarbaloch0321@gmail.com	Aliumar Baloch	Added via OAuth on 2026-01-02 14:42:57 UTC using app: Gmail-Auth2	t	2026-01-02 14:42:56.913528+00	2026-01-02 14:42:56.913528+00	2
157	eqbalbaloch9529@gmail.com	Eqbal Baloch	Added via OAuth on 2026-01-02 14:48:35 UTC using app: Gmail-Auth2	t	2026-01-02 14:48:35.198382+00	2026-01-02 14:48:35.198382+00	2
158	abdullahkalmati149@gmail.com	Abdullah Kalmati	Added via OAuth on 2026-01-03 09:31:16 UTC using app: Gmail-Auth2	t	2026-01-03 09:31:15.829506+00	2026-01-03 09:31:15.829506+00	2
160	ahmadbaroozeh631@gmail.com	Ahmad Baroozeh	Added via OAuth on 2026-01-04 11:19:31 UTC using app: Gmail-Auth2	t	2026-01-04 11:19:30.947074+00	2026-01-04 11:19:30.947074+00	2
161	jalalpanahandeh4608@gmail.com	Jalal Panahandeh	Added via OAuth on 2026-01-05 08:26:18 UTC using app: Gmail-Auth2	t	2026-01-05 08:26:18.60171+00	2026-01-05 08:26:18.60171+00	2
162	benyaminbibak0077@gmail.com	Benyamin Bibak	Added via OAuth on 2026-01-05 08:54:13 UTC using app: Gmail-Auth2	t	2026-01-05 08:54:13.025172+00	2026-01-05 08:54:13.025172+00	2
163	rahimjamaatzahi@gmail.com	rahim jamaatzahi	Added via OAuth on 2026-01-05 15:07:22 UTC using app: Gmail-Auth2	t	2026-01-05 15:07:21.574266+00	2026-01-05 15:07:21.574266+00	2
164	wahidjahanbani@gmail.com	wahid jahanbani	Added via OAuth on 2026-01-05 15:17:52 UTC using app: Gmail-Auth2	t	2026-01-05 15:17:51.996118+00	2026-01-05 15:17:51.996118+00	2
165	shabirpeykar5463@gmail.com	shabir peykar	Added via OAuth on 2026-01-05 15:52:26 UTC using app: Gmail-Auth2	t	2026-01-05 15:52:26.032884+00	2026-01-05 15:52:26.032884+00	2
159	rahmdellpishbin@gmail.com	Rahmdell Pishbin	Brandenburgische Straße 13\nBERLIN, Berlin 12439\nDE	t	2026-01-03 22:59:07.900036+00	2026-01-04 00:12:52.848759+00	2
166	sedigharsang@gmail.com	sedigh arsang	Added via OAuth on 2026-01-05 16:10:10 UTC using app: Gmail-Auth2	t	2026-01-05 16:10:10.299699+00	2026-01-05 16:10:10.299699+00	2
167	mollahmallahi9@gmail.com	Mollah Mallahi	Added via OAuth on 2026-01-06 11:48:35 UTC using app: Gmail-Auth2	t	2026-01-06 11:48:34.741015+00	2026-01-06 11:48:34.741015+00	2
168	tamimbalochzahi@gmail.com	Tamim Balochzahi	Added via OAuth on 2026-01-07 19:02:26 UTC using app: Gmail-Auth2	t	2026-01-07 19:02:25.678286+00	2026-01-07 19:02:25.678286+00	2
169	moosabaloch0713@gmail.com	Moosa Baloch	Added via OAuth on 2026-01-07 19:04:59 UTC using app: Gmail-Auth2	t	2026-01-07 19:04:59.04121+00	2026-01-07 19:04:59.04121+00	2
170	alikhasteh8734@gmail.com	Ali Khasteh	Added via OAuth on 2026-01-08 23:26:47 UTC using app: Gmail-Auth2	t	2026-01-08 23:26:47.039357+00	2026-01-08 23:26:47.039357+00	2
171	alibaloch0699@gmail.com	Ali Baloch	Added via OAuth on 2026-01-08 23:27:47 UTC using app: Gmail-Auth2	t	2026-01-08 23:27:46.991076+00	2026-01-08 23:27:46.991076+00	2
172	alitarin904@gmail.com	Ali Tarin	Added via OAuth on 2026-01-09 19:02:33 UTC using app: Gmail-Auth2	t	2026-01-09 19:02:32.674842+00	2026-01-09 19:02:32.674842+00	2
173	aminkhareh3193@gmail.com	Amin Khareh	Added via OAuth on 2026-01-09 19:34:37 UTC using app: Gmail-Auth2	t	2026-01-09 19:34:36.687361+00	2026-01-09 19:34:36.687361+00	2
174	jamshidmesdaghi2978@gmail.com	Jamshid Mesdaghi	Added via OAuth on 2026-01-10 10:52:14 UTC using app: Gmail-Auth2	t	2026-01-10 10:52:14.307149+00	2026-01-10 10:52:14.307149+00	2
175	jalilparandoosh@gmail.com	Jalil Parandoosh	Added via OAuth on 2026-01-10 15:47:22 UTC using app: Gmail-Auth2	t	2026-01-10 15:47:21.812163+00	2026-01-10 15:47:21.812163+00	2
176	aradjan1322@gmail.com	Arad Jan	Added via OAuth on 2026-01-10 16:03:18 UTC using app: Gmail-Auth2	t	2026-01-10 16:03:18.034395+00	2026-01-10 16:03:18.034395+00	2
177	biliahmadpoor@gmail.com	Bili Ahmadpoor	Added via OAuth on 2026-01-10 16:06:15 UTC using app: Gmail-Auth2	t	2026-01-10 16:06:14.904866+00	2026-01-10 16:06:14.904866+00	2
178	mohammadsaeidbalochzahi@gmail.com	Mohammadsaeid Balochzahi	Added via OAuth on 2026-01-10 17:43:19 UTC using app: Gmail-Auth2	t	2026-01-10 17:43:18.681028+00	2026-01-10 17:43:18.681028+00	2
179	azizbaloch3033@gmail.com	Aziz Baloch	Added via OAuth on 2026-01-10 21:36:56 UTC using app: Gmail-Auth2	t	2026-01-10 21:36:55.785602+00	2026-01-10 21:36:55.785602+00	2
180	azadehfalahatkar8399@gmail.com	Azadeh Falahatkar	Added via OAuth on 2026-01-10 21:38:03 UTC using app: Gmail-Auth2	t	2026-01-10 21:38:02.960978+00	2026-01-10 21:38:02.960978+00	2
181	hakimpeykar0078@gmail.com	hakim peykar	Added via OAuth on 2026-01-10 22:22:16 UTC using app: Gmail-Auth2	t	2026-01-10 22:22:16.183512+00	2026-01-10 22:22:16.183512+00	2
182	adhamtal5217@gmail.com	Adham Tal	Added via OAuth on 2026-01-11 14:52:15 UTC using app: Gmail-Auth2	t	2026-01-11 14:52:15.2132+00	2026-01-11 14:52:15.2132+00	2
183	alirezapishbin6970@gmail.com	Alireza Pishbin	Added via OAuth on 2026-01-11 14:54:59 UTC using app: Gmail-Auth2	t	2026-01-11 14:54:59.041072+00	2026-01-11 14:54:59.041072+00	2
184	anaspishbin@gmail.com	Anas Pishbin	Added via OAuth on 2026-01-11 14:55:44 UTC using app: Gmail-Auth2	t	2026-01-11 14:55:44.255869+00	2026-01-11 14:55:44.255869+00	2
185	tareqpishbin@gmail.com	Tareq Pishbin	Added via OAuth on 2026-01-11 14:56:53 UTC using app: Gmail-Auth2	t	2026-01-11 14:56:52.744773+00	2026-01-11 14:56:52.744773+00	2
186	hesammoridi1778@gmail.com	Hesam Moridi	Added via OAuth on 2026-01-11 22:22:10 UTC using app: Gmail-Auth2	t	2026-01-11 22:22:09.787093+00	2026-01-11 22:22:09.787093+00	2
187	javadmihandoost7134@gmail.com	Javad Mihandoost	Added via OAuth on 2026-01-11 23:22:49 UTC using app: Gmail-Auth2	t	2026-01-11 23:22:48.693386+00	2026-01-11 23:22:48.693386+00	2
188	ehteshamtabesh1229@gmail.com	Ehtesham Tabesh	Added via OAuth on 2026-01-12 09:40:28 UTC using app: Gmail-Auth2	t	2026-01-12 09:40:27.825602+00	2026-01-12 09:40:27.825602+00	2
189	farzadbalouch1322@gmail.com	Farzad Balouch	Added via OAuth on 2026-01-12 10:50:36 UTC using app: Gmail-Auth2	t	2026-01-12 10:50:36.4295+00	2026-01-12 10:50:36.4295+00	2
190	mohammadabbas7832@gmail.com	Mohammad Abbas	Added via OAuth on 2026-01-12 11:46:43 UTC using app: Gmail-Auth2	t	2026-01-12 11:46:42.729418+00	2026-01-12 11:46:42.729418+00	2
191	aliabbas9457832@gmail.com	Ali Abbas	Added via OAuth on 2026-01-12 11:47:13 UTC using app: Gmail-Auth2	t	2026-01-12 11:47:13.058127+00	2026-01-12 11:47:13.058127+00	2
192	yahyazardkoohi5104@gmail.com	Yahya Zardkoohi	Added via OAuth on 2026-01-12 14:48:17 UTC using app: Gmail-Auth2	t	2026-01-12 14:48:17.051426+00	2026-01-12 14:48:17.051426+00	2
193	heisammohammadzahi@gmail.com	Heisam Mohammadzahi	Added via OAuth on 2026-01-12 19:25:17 UTC using app: Gmail-Auth3	t	2026-01-12 19:25:16.795911+00	2026-01-12 19:25:16.795911+00	4
194	mozamelbolaydeh@gmail.com	Mozamel Bolaydeh	Added via OAuth on 2026-01-12 19:28:11 UTC using app: Gmail-Auth3	t	2026-01-12 19:28:11.255296+00	2026-01-12 19:28:11.255296+00	4
195	daneshdelvari@gmail.com	danesh delvari	Added via OAuth on 2026-01-13 11:15:31 UTC using app: Gmail-Auth3	t	2026-01-13 11:15:31.103039+00	2026-01-13 11:15:31.103039+00	4
196	majedbadpa0712@gmail.com	Majed Badpa	Added via OAuth on 2026-01-13 11:46:20 UTC using app: Gmail-Auth3	t	2026-01-13 11:46:20.50731+00	2026-01-13 11:46:20.50731+00	4
197	mohammadtavakolzadeh1322@gmail.com	Mohammad Tavakolzadeh	Added via OAuth on 2026-01-13 12:15:16 UTC using app: Gmail-Auth3	t	2026-01-13 12:15:16.273882+00	2026-01-13 12:15:16.273882+00	4
198	janmohammadhoot5133@gmail.com	Janmohammad Hoot	Added via OAuth on 2026-01-14 10:59:06 UTC using app: Gmail-Auth3	t	2026-01-14 10:59:06.249263+00	2026-01-14 10:59:06.249263+00	4
199	yousofaeen7109@gmail.com	Yousof Aeen	Added via OAuth on 2026-01-14 11:00:10 UTC using app: Gmail-Auth3	t	2026-01-14 11:00:09.84614+00	2026-01-14 11:00:09.84614+00	4
200	usmanshahsavari@gmail.com	Usman Shahsavari	Added via OAuth on 2026-01-16 04:34:29 UTC using app: Gmail-Auth3	t	2026-01-16 04:34:29.28242+00	2026-01-16 04:34:29.28242+00	4
201	navidtahoo6819@gmail.com	Navid Tahoo	Added via OAuth on 2026-01-16 04:41:59 UTC using app: Gmail-Auth3	t	2026-01-16 04:41:59.567305+00	2026-01-16 04:41:59.567305+00	4
203	khosrosaberi855@gmail.com	Khosro Saberi	Added via OAuth on 2026-01-18 09:53:05 UTC using app: Gmail-Auth3	t	2026-01-18 09:53:04.725395+00	2026-01-18 09:53:04.725395+00	4
204	omidafraz3345@gmail.com	Omid Afraz	Added via OAuth on 2026-01-19 10:01:39 UTC using app: Gmail-Auth3	t	2026-01-19 10:01:38.83151+00	2026-01-19 10:01:38.83151+00	4
205	hajkhalilh8049@gmail.com	haj khalilh	Added via OAuth on 2026-01-19 22:03:05 UTC using app: Gmail-Auth3	t	2026-01-19 22:03:05.430973+00	2026-01-19 22:03:05.430973+00	4
206	hamidbaloch0026@gmail.com	Hamid Baloch	Added via OAuth on 2026-01-20 09:37:53 UTC using app: Gmail-Auth3	t	2026-01-20 09:37:52.934236+00	2026-01-20 09:37:52.934236+00	4
207	imanbadroozeh0984@gmail.com	Iman Badroozeh	Added via OAuth on 2026-01-20 12:13:24 UTC using app: Gmail-Auth3	t	2026-01-20 12:13:24.293747+00	2026-01-20 12:13:24.293747+00	4
208	ghafoorjalalzahi@gmail.com	Ghafoor Jalalzahi	Added via OAuth on 2026-01-20 15:11:36 UTC using app: Gmail-Auth3	t	2026-01-20 15:11:35.827527+00	2026-01-20 15:11:35.827527+00	4
209	vahedbakhsharefi@gmail.com	Vahedbakhsh Arefi	Added via OAuth on 2026-01-20 15:50:25 UTC using app: Gmail-Auth3	t	2026-01-20 15:50:25.125412+00	2026-01-20 15:50:25.125412+00	4
210	mohammadtaravideh5633@gmail.com	Mohammad Taravideh	Added via OAuth on 2026-01-20 15:51:14 UTC using app: Gmail-Auth3	t	2026-01-20 15:51:13.814476+00	2026-01-20 15:51:13.814476+00	4
211	mehrabrimdan@gmail.com	Mehrab Rimdan	Added via OAuth on 2026-01-20 15:59:00 UTC using app: Gmail-Auth3	t	2026-01-20 15:59:00.087601+00	2026-01-20 15:59:00.087601+00	4
212	amirafraz195@gmail.com	Amir Afraz	Added via OAuth on 2026-01-23 19:43:43 UTC using app: Gmail-Auth3	t	2026-01-23 19:43:43.522651+00	2026-01-23 19:43:43.522651+00	4
213	bahadordorzadeh8734@gmail.com	Bahador Dorzadeh	Added via OAuth on 2026-01-23 19:53:30 UTC using app: Gmail-Auth3	t	2026-01-23 19:53:29.669485+00	2026-01-23 19:53:29.669485+00	4
214	mohammadnoortinab@gmail.com	Mohammadnoor Tinab	Added via OAuth on 2026-01-24 10:35:10 UTC using app: Gmail-Auth3	t	2026-01-24 10:35:10.053194+00	2026-01-24 10:35:10.053194+00	4
215	wahedbaloochzadeh@gmail.com	Wahed Baloochzadeh	Added via OAuth on 2026-01-26 10:39:25 UTC using app: Gmail-Auth3	t	2026-01-26 10:39:25.620449+00	2026-01-26 10:39:25.620449+00	4
216	taefpishgoo@gmail.com	Taef Pishgoo	Added via OAuth on 2026-01-26 11:04:32 UTC using app: Gmail-Auth3	t	2026-01-26 11:04:32.04773+00	2026-01-26 11:04:32.04773+00	4
217	fahimhooti6536@gmail.com	Fahim Hooti	Added via OAuth on 2026-01-26 11:17:16 UTC using app: Gmail-Auth3	t	2026-01-26 11:17:16.253731+00	2026-01-26 11:17:16.253731+00	4
218	hanifsabarok@gmail.com	Hanif Sabarok	Added via OAuth on 2026-01-26 11:24:24 UTC using app: Gmail-Auth3	t	2026-01-26 11:24:23.982712+00	2026-01-26 11:24:23.982712+00	4
219	emranpirak400805321@gmail.com	Emran Pirak	Added via OAuth on 2026-01-26 11:25:55 UTC using app: Gmail-Auth3	t	2026-01-26 11:25:55.155555+00	2026-01-26 11:25:55.155555+00	4
220	moosakalmati012@gmail.com	Moosa Kalmati	Added via OAuth on 2026-01-26 16:34:53 UTC using app: Gmail-Auth3	t	2026-01-26 16:34:53.033332+00	2026-01-26 16:34:53.033332+00	4
221	samadbaloch0080@gmail.com	Samad Baloch	Added via OAuth on 2026-01-26 23:42:35 UTC using app: Gmail-Auth3	t	2026-01-26 23:42:35.599379+00	2026-01-26 23:42:35.599379+00	4
222	abdullahzabarjad9978@gmail.com	Abdullah Zabarjad	Added via OAuth on 2026-01-26 23:55:41 UTC using app: Gmail-Auth3	t	2026-01-26 23:55:40.735013+00	2026-01-26 23:55:40.735013+00	4
223	sharifrahmani0228@gmail.com	Sharif Rahmani	Added via OAuth on 2026-01-29 10:43:00 UTC using app: Gmail-Auth3	t	2026-01-29 10:43:00.288626+00	2026-01-29 10:43:00.288626+00	4
224	akrampeykar9098@gmail.com	Akram Peykar	Added via OAuth on 2026-01-30 17:14:48 UTC using app: Gmail-Auth3	t	2026-01-30 17:14:48.484841+00	2026-01-30 17:14:48.484841+00	4
225	raoufseddighi345@gmail.com	Raouf Seddighi	Added via OAuth on 2026-01-30 22:01:13 UTC using app: Gmail-Auth3	t	2026-01-30 22:01:13.655192+00	2026-01-30 22:01:13.655192+00	4
226	rezajavam1322@gmail.com	Reza Javam	Added via OAuth on 2026-01-31 14:34:27 UTC using app: Gmail-Auth3	t	2026-01-31 14:34:27.361776+00	2026-01-31 14:34:27.361776+00	4
227	peymanbaloch9186@gmail.com	Peyman Baloch	Added via OAuth on 2026-01-31 14:35:42 UTC using app: Gmail-Auth3	t	2026-01-31 14:35:41.918638+00	2026-01-31 14:35:41.918638+00	4
228	bahrambahrami55513@gmail.com	Bahram Bahrami	Added via OAuth on 2026-01-31 14:39:24 UTC using app: Gmail-Auth3	t	2026-01-31 14:39:23.596569+00	2026-01-31 14:39:23.596569+00	4
229	alijat7737@gmail.com	Ali Jat	Added via OAuth on 2026-02-01 21:37:26 UTC using app: Gmail-Auth3	t	2026-02-01 21:37:26.564234+00	2026-02-01 21:37:26.564234+00	4
230	hanifbroomand@gmail.com	Hanif Broomand	Added via OAuth on 2026-02-01 21:44:23 UTC using app: Gmail-Auth3	t	2026-02-01 21:44:23.025468+00	2026-02-01 21:44:23.025468+00	4
231	ebrahimaram2064@gmail.com	Ebrahim Aram	Added via OAuth on 2026-02-03 17:06:57 UTC using app: Gmail-Auth3	t	2026-02-03 17:06:57.098394+00	2026-02-03 17:06:57.098394+00	4
232	samtiregan@gmail.com	Sam Tiregan	Added via OAuth on 2026-02-05 21:42:44 UTC using app: Gmail-Auth3	t	2026-02-05 21:42:43.975905+00	2026-02-05 21:42:43.975905+00	4
233	soleymanibalochzahi@gmail.com	Soleymani Balochzahi	Added via OAuth on 2026-02-06 15:11:39 UTC using app: Gmail-Auth3	t	2026-02-06 15:11:39.407869+00	2026-02-06 15:11:39.407869+00	4
234	ekhlasfarahbou@gmail.com	Ekhlas Farahbou	Added via OAuth on 2026-02-06 18:16:53 UTC using app: Gmail-Auth3	t	2026-02-06 18:16:52.810389+00	2026-02-06 18:16:52.810389+00	4
235	nawabafarin0097@gmail.com	Nawab Afarin	Added via OAuth on 2026-02-09 16:09:18 UTC using app: Gmail-Auth3	t	2026-02-09 16:09:18.340381+00	2026-02-09 16:09:18.340381+00	4
236	salmanmallahi8726@gmail.com	Salman Mallahi	Added via OAuth on 2026-02-12 14:55:13 UTC using app: Gmail-Auth3	t	2026-02-12 14:55:13.203778+00	2026-02-12 14:55:13.203778+00	4
237	rezabavar4228@gmail.com	Reza Bavar	Added via OAuth on 2026-02-16 17:37:00 UTC using app: Gmail-Auth3	t	2026-02-16 17:37:00.034317+00	2026-02-16 17:37:00.034317+00	4
238	mojahedbazarkhak@gmail.com	Mojahed Bazarkhak	Added via OAuth on 2026-02-16 19:24:35 UTC using app: Gmail-Auth3	t	2026-02-16 19:24:34.673201+00	2026-02-16 19:24:34.673201+00	4
239	aboobakrmallahi2213@gmail.com	Aboobakr Mallahi	Added via OAuth on 2026-02-17 17:07:30 UTC using app: Gmail-Auth3	t	2026-02-17 17:07:30.543339+00	2026-02-17 17:07:30.543339+00	4
240	yousofjavaherkalam@gmail.com	Yousof Javaherkalam	Added via OAuth on 2026-02-18 21:25:39 UTC using app: Gmail-Auth3	t	2026-02-18 21:25:39.236554+00	2026-02-18 21:25:39.236554+00	4
241	ghanikhodadoost@gmail.com	Ghani Khodadoost	Added via OAuth on 2026-02-18 21:26:52 UTC using app: Gmail-Auth3	t	2026-02-18 21:26:52.497844+00	2026-02-18 21:26:52.497844+00	4
242	jalilborna38@gmail.com	Jalil Borna	Added via OAuth on 2026-02-18 21:28:46 UTC using app: Gmail-Auth3	t	2026-02-18 21:28:46.310066+00	2026-02-18 21:28:46.310066+00	4
243	nadimbaloch1322@gmail.com	Nadim Baloch	Added via OAuth on 2026-02-18 22:56:36 UTC using app: Gmail-Auth3	t	2026-02-18 22:56:36.037486+00	2026-02-18 22:56:36.037486+00	4
244	moosabaloch2064@gmail.com	Moosa Baloch	Added via OAuth on 2026-02-19 17:38:57 UTC using app: Gmail-Auth3	t	2026-02-19 17:38:57.34511+00	2026-02-19 17:38:57.34511+00	4
245	omidbalochi7800@gmail.com	Omid Balochi	Added via OAuth on 2026-02-19 19:28:33 UTC using app: Gmail-Auth3	t	2026-02-19 19:28:33.047427+00	2026-02-19 19:28:33.047427+00	4
246	halimbadool1322@gmail.com	Halim Badool	Added via OAuth on 2026-02-20 01:55:07 UTC using app: Gmail-Auth3	t	2026-02-20 01:55:07.313805+00	2026-02-20 01:55:07.313805+00	4
247	tamimbaloch1593@gmail.com	Tamim Baloch	Added via OAuth on 2026-02-20 15:15:59 UTC using app: Gmail-Auth3	t	2026-02-20 15:15:58.82965+00	2026-02-20 15:15:58.82965+00	4
248	ovaispeykar@gmail.com	Ovais Peykar	Added via OAuth on 2026-02-20 15:45:12 UTC using app: Gmail-Auth3	t	2026-02-20 15:45:12.421698+00	2026-02-20 15:45:12.421698+00	4
249	zakariyairandoost1322@gmail.com	Zakariya Irandoost	Added via OAuth on 2026-02-21 10:54:07 UTC using app: Gmail-Auth3	t	2026-02-21 10:54:07.04202+00	2026-02-21 10:54:07.04202+00	4
250	hoseinjangizahi1882@gmail.com	Hosein Jangizahi	Added via OAuth on 2026-02-21 20:57:37 UTC using app: Gmail-Auth3	t	2026-02-21 20:57:37.555041+00	2026-02-21 20:57:37.555041+00	4
251	aliamini7361@gmail.com	Ali Amini	Added via OAuth on 2026-02-23 08:38:49 UTC using app: Gmail-Auth3	t	2026-02-23 08:38:49.107369+00	2026-02-23 08:38:49.107369+00	4
252	akrambadeban7260@gmail.com	Akram Badeban	Added via OAuth on 2026-02-24 19:31:40 UTC using app: Gmail-Auth3	t	2026-02-24 19:31:40.362384+00	2026-02-24 19:31:40.362384+00	4
253	nakhodakaek@gmail.com	Nakhoda Kaek	Added via OAuth on 2026-02-24 21:40:07 UTC using app: Gmail-Auth3	t	2026-02-24 21:40:06.879005+00	2026-02-24 21:40:06.879005+00	4
254	farhadazargoon0091@gmail.com	Farhad Azargoon	Added via OAuth on 2026-02-26 17:26:39 UTC using app: Gmail-Auth3	t	2026-02-26 17:26:39.236074+00	2026-02-26 17:26:39.236074+00	4
255	arminzoomaki@gmail.com	Armin Zoomaki	Added via OAuth on 2026-02-26 22:16:46 UTC using app: Gmail-Auth3	t	2026-02-26 22:16:46.342301+00	2026-02-26 22:16:46.342301+00	4
256	arsinzoomaki@gmail.com	Arsin Zoomaki	Added via OAuth on 2026-02-26 22:17:39 UTC using app: Gmail-Auth3	t	2026-02-26 22:17:39.035009+00	2026-02-26 22:17:39.035009+00	4
257	benyaminzoomaki9452@gmail.com	Benyamin Zoomaki	Added via OAuth on 2026-02-26 22:18:46 UTC using app: Gmail-Auth3	t	2026-02-26 22:18:46.34634+00	2026-02-26 22:18:46.34634+00	4
258	karimbakhshbighal@gmail.com	Karimbakhsh Bighal	Added via OAuth on 2026-03-02 15:20:50 UTC using app: Gmail-Auth3	t	2026-03-02 15:20:50.572998+00	2026-03-02 15:20:50.572998+00	4
259	darvishatashbahar5896@gmail.com	Darvish Atashbahar	Added via OAuth on 2026-03-03 15:13:27 UTC using app: Gmail-Auth3	t	2026-03-03 15:13:27.49545+00	2026-03-03 15:13:27.49545+00	4
260	atefkhodaparast1012@gmail.com	Aref Khodaparast	Added via OAuth on 2026-03-04 21:30:07 UTC using app: Gmail-Auth3	t	2026-03-04 21:30:07.471272+00	2026-03-04 21:30:07.471272+00	4
261	mehboobariyan5153@gmail.com	Mehboob Ariyan	Added via OAuth on 2026-03-10 19:03:44 UTC using app: Gmail-Auth3	t	2026-03-10 19:03:44.547645+00	2026-03-10 19:03:44.547645+00	4
262	hamiddehghani1903@gmail.com	Hamid Dehghani	Added via OAuth on 2026-03-11 02:39:04 UTC using app: Gmail-Auth3	t	2026-03-11 02:39:04.690803+00	2026-03-11 02:39:04.690803+00	4
263	alimallahi1514@gmail.com	Ali Mallahi	Added via OAuth on 2026-03-11 21:08:31 UTC using app: Gmail-Auth3	t	2026-03-11 21:08:30.728504+00	2026-03-11 21:08:30.728504+00	4
264	ahmadraeisi5478@gmail.com	Ahmad Raeisi	Added via OAuth on 2026-03-12 15:37:48 UTC using app: Gmail-Auth3	t	2026-03-12 15:37:48.442536+00	2026-03-12 15:37:48.442536+00	4
265	karimbakhshpahredell@gmail.com	Karimbakhsh Pahredell	Added via OAuth on 2026-03-12 15:43:13 UTC using app: Gmail-Auth3	t	2026-03-12 15:43:13.093801+00	2026-03-12 15:43:13.093801+00	4
266	ghafarpak0118@gmail.com	Ghafar Pak	Added via OAuth on 2026-03-12 18:27:23 UTC using app: Gmail-Auth3	t	2026-03-12 18:27:22.887803+00	2026-03-12 18:27:22.887803+00	4
267	moslembeer0987@gmail.com	Moslem Beer	Added via OAuth on 2026-03-12 19:51:04 UTC using app: Gmail-Auth3	t	2026-03-12 19:51:03.85376+00	2026-03-12 19:51:03.85376+00	4
268	naseermihandoost0043@gmail.com	naseer Mihandoost	Added via OAuth on 2026-03-17 13:34:08 UTC using app: Gmail-Auth3	t	2026-03-17 13:34:08.514177+00	2026-03-17 13:34:08.514177+00	4
269	ebtesambavar@gmail.com	Ebtesam Bavar	Added via OAuth on 2026-03-17 17:37:51 UTC using app: Gmail-Auth3	t	2026-03-17 17:37:51.242382+00	2026-03-17 17:37:51.242382+00	4
270	ebtesambavar1698@gmail.com	Ebtesam Bavar	Added via OAuth on 2026-03-17 22:35:47 UTC using app: Gmail-Auth3	t	2026-03-17 22:35:47.168019+00	2026-03-17 22:35:47.168019+00	4
271	azimkhoei@gmail.com	Azim Khoei	Added via OAuth on 2026-03-18 18:54:24 UTC using app: Gmail-Auth3	t	2026-03-18 18:54:24.364827+00	2026-03-18 18:54:24.364827+00	4
272	moosashaeri@gmail.com	Moosa Shaeri	Added via OAuth on 2026-03-18 20:25:22 UTC using app: Gmail-Auth3	t	2026-03-18 20:25:22.487269+00	2026-03-18 20:25:22.487269+00	4
273	sahidinakhoda@gmail.com	Sahidi Nakhoda	Added via OAuth on 2026-03-18 21:55:18 UTC using app: Gmail-Auth3	t	2026-03-18 21:55:18.221847+00	2026-03-18 21:55:18.221847+00	4
274	mojeebmasoomi@gmail.com	Mojeeb Masoomi	Added via OAuth on 2026-03-20 18:12:58 UTC using app: Gmail-Auth3	t	2026-03-20 18:12:57.756852+00	2026-03-20 18:12:57.756852+00	4
275	nakhodakarimmashayekhi@gmail.com	Nakhoda Karim mashayekhi	Added via OAuth on 2026-03-20 22:23:47 UTC using app: Gmail-Auth3	t	2026-03-20 22:23:47.267055+00	2026-03-20 22:23:47.267055+00	4
276	raminkhaleghi8815@gmail.com	Ramin Khaleghi	Added via OAuth on 2026-03-21 14:21:02 UTC using app: Gmail-Auth3	t	2026-03-21 14:21:02.64531+00	2026-03-21 14:21:02.64531+00	4
277	ariyabaradar@gmail.com	Ariya Baradar	Added via OAuth on 2026-03-21 15:07:39 UTC using app: Gmail-Auth3	t	2026-03-21 15:07:38.801946+00	2026-03-21 15:07:38.801946+00	4
279	najeebkalmati7142@gmail.com	Najeeb Kalmati	Added via OAuth on 2026-03-22 12:33:25 UTC using app: Gmail-Auth3	t	2026-03-22 12:33:25.094492+00	2026-03-22 12:33:25.094492+00	4
280	mallahimolla@gmail.com	molla Mallahi	Added via OAuth on 2026-03-22 13:46:50 UTC using app: Gmail-Auth3	t	2026-03-22 13:46:50.078871+00	2026-03-22 13:46:50.078871+00	4
281	nazeerdost1078@gmail.com	Nazeer Dost	Added via OAuth on 2026-03-22 17:28:31 UTC using app: Gmail-Auth3	t	2026-03-22 17:28:30.826867+00	2026-03-22 17:28:30.826867+00	4
282	fawadbaloch7040@gmail.com	Fawad Baloch	Added via OAuth on 2026-03-22 17:37:26 UTC using app: Gmail-Auth3	t	2026-03-22 17:37:26.54024+00	2026-03-22 17:37:26.54024+00	4
283	salehzabarjad7235@gmail.com	Saleh Zabarjad	Added via OAuth on 2026-03-22 17:46:54 UTC using app: Gmail-Auth3	t	2026-03-22 17:46:53.852177+00	2026-03-22 17:46:53.852177+00	4
284	wahedjadgal4896@gmail.com	Wahed Jadgal	Added via OAuth on 2026-03-22 19:39:08 UTC using app: Gmail-Auth3	t	2026-03-22 19:39:08.380323+00	2026-03-22 19:39:08.380323+00	4
285	rezazabarjad8939@gmail.com	Reza Zabarjad	Added via OAuth on 2026-03-22 19:48:03 UTC using app: Gmail-Auth3	t	2026-03-22 19:48:02.801889+00	2026-03-22 19:48:02.801889+00	4
286	parsazabarjad@gmail.com	Parsa Zabarjad	Added via OAuth on 2026-03-22 22:28:12 UTC using app: Gmail-Auth3	t	2026-03-22 22:28:12.184411+00	2026-03-22 22:28:12.184411+00	4
287	mohammadaliabbas7006@gmail.com	Mohammadali Abbas	Added via OAuth on 2026-03-23 13:30:23 UTC using app: Gmail-Auth3	t	2026-03-23 13:30:23.271485+00	2026-03-23 13:30:23.271485+00	4
288	abdollrahimmallahi@gmail.com	Abdollrahim Mallahi	Added via OAuth on 2026-03-23 18:10:46 UTC using app: Gmail-Auth3	t	2026-03-23 18:10:46.564997+00	2026-03-23 18:10:46.564997+00	4
289	ebrahimheidari4101@gmail.com	Ebrahim Heidari	Added via OAuth on 2026-03-23 23:33:58 UTC using app: Gmail-Auth3	t	2026-03-23 23:33:58.15302+00	2026-03-23 23:33:58.15302+00	4
291	arefdejkam4520@gmail.com	Aref Dejkam	Added via OAuth on 2026-03-24 14:02:09 UTC using app: Gmail-Auth4	t	2026-03-24 14:02:08.878438+00	2026-03-24 14:02:08.878438+00	5
292	mostafamallahi8524@gmail.com	Mostafa Mallahi	Added via OAuth on 2026-03-25 10:24:42 UTC using app: Gmail-Auth4	t	2026-03-25 10:24:41.948406+00	2026-03-25 10:24:41.948406+00	5
293	karimheidari1447@gmail.com	Karim Heidari	Added via OAuth on 2026-03-25 11:01:39 UTC using app: Gmail-Auth4	t	2026-03-25 11:01:39.019518+00	2026-03-25 11:01:39.019518+00	5
294	abdolrahim7420@gmail.com	عبدالرحیم ملاحی	Added via OAuth on 2026-03-25 22:33:31 UTC using app: Gmail-Auth4	t	2026-03-25 22:33:31.152812+00	2026-03-25 22:33:31.152812+00	5
295	mohammadmallahi0965@gmail.com	Mohammad Mallahi	Added via OAuth on 2026-03-26 12:06:16 UTC using app: Gmail-Auth4	t	2026-03-26 12:06:16.435875+00	2026-03-26 12:06:16.435875+00	5
296	talhapanad@gmail.com	Talha Panad	Added via OAuth on 2026-03-28 10:47:41 UTC using app: Gmail-Auth4	t	2026-03-28 10:47:41.623674+00	2026-03-28 10:47:41.623674+00	5
297	hoseinitilab7346@gmail.com	Hoseini Tilab	Added via OAuth on 2026-03-28 15:15:15 UTC using app: Gmail-Auth4	t	2026-03-28 15:15:15.722921+00	2026-03-28 15:15:15.722921+00	5
299	salimikonarak@gmail.com	Salimi Konarak	Added via OAuth on 2026-03-29 02:06:28 UTC using app: Gmail-Auth4	t	2026-03-29 02:06:28.529301+00	2026-03-29 02:06:28.529301+00	5
300	yousofnakhoda@gmail.com	nakhoda yousof	Added via OAuth on 2026-03-29 07:12:41 UTC using app: Gmail-Auth4	t	2026-03-29 07:12:41.084756+00	2026-03-29 07:12:41.084756+00	5
301	yasergorgij6213@gmail.com	Yaser Gorgij	Added via OAuth on 2026-03-29 21:37:43 UTC using app: Gmail-Auth4	t	2026-03-29 21:37:43.546823+00	2026-03-29 21:37:43.546823+00	5
302	sinaheidari9425@gmail.com	Sina Heidari	Added via OAuth on 2026-04-01 11:24:46 UTC using app: Gmail-Auth4	t	2026-04-01 11:24:46.653502+00	2026-04-01 11:24:46.653502+00	5
303	shirabaloch0118@gmail.com	Shira Baloch	Added via OAuth on 2026-04-01 11:25:58 UTC using app: Gmail-Auth4	t	2026-04-01 11:25:57.928246+00	2026-04-01 11:25:57.928246+00	5
304	shehzadbaloch0829@gmail.com	Shehzad Baloch	Added via OAuth on 2026-04-01 11:27:43 UTC using app: Gmail-Auth4	t	2026-04-01 11:27:43.227407+00	2026-04-01 11:27:43.227407+00	5
305	meeramin1322@gmail.com	Meer Amin	Added via OAuth on 2026-04-01 23:53:23 UTC using app: Gmail-Auth4	t	2026-04-01 23:53:22.773807+00	2026-04-01 23:53:22.773807+00	5
306	meerabdollah1322@gmail.com	Meer Abdollah	Added via OAuth on 2026-04-01 23:54:20 UTC using app: Gmail-Auth4	t	2026-04-01 23:54:20.022771+00	2026-04-01 23:54:20.022771+00	5
307	amanpatan6213@gmail.com	Aman Patan	Added via OAuth on 2026-04-02 00:27:24 UTC using app: Gmail-Auth4	t	2026-04-02 00:27:24.142872+00	2026-04-02 00:27:24.142872+00	5
308	safinebadool@gmail.com	Safine Badool	Added via OAuth on 2026-04-02 10:03:56 UTC using app: Gmail-Auth4	t	2026-04-02 10:03:56.347134+00	2026-04-02 10:03:56.347134+00	5
309	ziyamallahi7832@gmail.com	Ziya Mallahi	Added via OAuth on 2026-04-02 18:07:27 UTC using app: Gmail-Auth4	t	2026-04-02 18:07:27.410904+00	2026-04-02 18:07:27.410904+00	5
310	daryakonarak@gmail.com	Darya Konarak	Added via OAuth on 2026-04-03 07:46:55 UTC using app: Gmail-Auth4	t	2026-04-03 07:46:55.337539+00	2026-04-03 07:46:55.337539+00	5
312	mohammadaslam8363@gmail.com	Mohammad Aslam	Added via OAuth on 2026-05-16 17:03:40 UTC using app: Gmail-Auth4	t	2026-05-16 17:03:39.991957+00	2026-05-16 17:03:39.991957+00	5
313	mansoorashktalkh0049@gmail.com	Mansoor Ashktalkh	Added via OAuth on 2026-05-17 12:51:47 UTC using app: Gmail-Auth4	t	2026-05-17 12:51:47.699554+00	2026-05-17 12:51:47.699554+00	5
314	raminpahredell5113@gmail.com	Ramin Pahredell	Added via OAuth on 2026-05-19 17:51:47 UTC using app: Gmail-Auth4	t	2026-05-19 17:51:46.883761+00	2026-05-19 17:51:46.883761+00	5
\.


--
-- TOC entry 3469 (class 0 OID 16518)
-- Dependencies: 221
-- Data for Name: google_apps; Type: TABLE DATA; Schema: public; Owner: -
--

COPY public.google_apps (id, name, client_id, client_secret_encrypted, owner_admin_id, is_active, created_at) FROM stdin;
1	Gmail-Auth	1067533318449-8fp873jkf5p0m7g70ee4nqb5aeu9of99.apps.googleusercontent.com	gAAAAABpB9QEvYJgpXIwhmky2flVMUbPBYuKTNmxPLIYNmdAHuVfbR70hca4kJfN4uSU_yCwGnBKkR9_XHZwnH6SyQL-dIvqbG9_FheYdWZ0YofODV50aOWogUEiH2madWONuOGxFc2Z	1	t	2025-11-02 21:58:28.859376+00
2	Gmail-Auth2	282195920316-gu729f3749oo8f9429keqdk12qa5usn5.apps.googleusercontent.com	gAAAAABpODk1imvEEqxshC1iCEJYJ2OcRXHMgPJtnz9a4jDszawgCuyAKMlIVHGldC4_PfbinXv9LQGvrtFuQVOV1jl_IMt6auZrncAe7akX-3sdQNyp_Y9EtPrERt1jBJqHbG67CzSe	1	t	2025-12-09 14:59:01.449161+00
4	Gmail-Auth3	959441405429-qvcco6bt5oohbl1b9jmq5r3j51v4eus0.apps.googleusercontent.com	gAAAAABpZUpfclUZUDUA6WWIvLIm-LFVe5K2NXZLMjEPTYo4K1DuNJK06EzHHdoC5WWELgTfIFRTpqksyy3FfDTYjwJ_zP0d9i8kqjatUrgTJwRS8x99nmvrJ_rhx8KyCjTa5e2Qkavn	1	t	2026-01-12 19:24:15.407867+00
5	Gmail-Auth4	1054286568241-7jtgstokv3msrfhn1827iq1p487s8njs.apps.googleusercontent.com	gAAAAABpwdJk6yOcdYsYbtqkzxbYiecHd0FSKbB3-dsH3SlSMExOKrYo0ZZQdHBOo99JxsJllsY0SsmOWuyBPibf-pGcgXH9Fs2IY74-BKKuN6JWqyxCs4MhhEG-CE0aPvXFLrzfLrRc	1	t	2026-03-23 23:53:08.258861+00
\.


--
-- TOC entry 3471 (class 0 OID 16525)
-- Dependencies: 223
-- Data for Name: oauth_data; Type: TABLE DATA; Schema: public; Owner: -
--

COPY public.oauth_data (id, account_id, access_token_encrypted, refresh_token_encrypted, token_expiry, last_token_refresh, is_access_token_valid, is_refresh_token_valid, failed_refresh_attempts, last_failed_refresh) FROM stdin;
204	204	gAAAAABpdjNu3uZSAqSQSbqwA3F19o0g2fZUQoSTM1dJimSDThvuvmV9F9h-Pk-yPHpyZTdsaUsQU2t3dmSGWfKf2RazVvH5nzIl4BaQhOxwRZMN9N9nRBsyyydrtl7VFswJfDwtlLNneSG2YPjBfMvwyiGZrfR3ppX3oI_SZKtZVdV2N0Ecuqka9U8BuI1D9SW2I53YRwbdQ4tGrceR56MokqGz8jHbBkjJW_jd0Ca_KvD5mRvdUDn9dN5sTo0uEmQXoMxA4jkBTQAqkSf5NZInTsQv4IrPGiTVJcqX9t4RajyVRs0z1Gs6R4KoY1nkwb5Phm9cerHqLVj4SJlY4pFNSI4ve1UCZh8IdbaJ5Fz3jSsTOVjRU3BO_iiu86zw3uIfi77sIObp85g6l1gQdL1GQfMvg1rjMg==	gAAAAABpbgEDRgo59ZAxh0CDuXH-BFXvJESLsXzbSstJpM7m3I93KMm6SE5_MiiaZ-aU4uV9WogTG_Ia2SKahgvnHLHNmOosagF23ba3Oc5XSW7lCoLIceM3uAT9p_vQEt5ctTfpArygJ9EFjW7H5fqQ1BsjWD1eALC07eU4_z92IWFNU4IrHToCNH6qlqTctow_5TGi2og9zFR9oazA883IAuKZq5P5yg==	2026-01-25 16:14:53.648004+00	2026-01-25 15:14:54.651167+00	t	f	3	2026-01-25 16:47:29.766829+00
100	100	gAAAAABqJDJ2KgG8XVm_UDmroO1a9N3R_5SFzUXRZe0NJX5y0Rtc0wY_QxJh7al1RFzgvIn7BrSb5_qOWtqpVa36t5Eq-CqasZ-Tm3fEvFQfgKQSPqjgVgXBS4Q_DN_ZWq5dGAUPw7PhMkOuyXxt5ikqR16sTVmVhAsxZ6qwXjEJurA-WLAOLPU8RTs6Ujpri077_hggGqyOiqAMLNprLvLtBjzmAV53O6qFeQ-Qd4rVjTn4gUihgBFJPffICMvBk4rQ62OffmJVu9kkwE7xz2UQLA69mCI7tAoh8Mbj3ou4LAecosAijqP20ijQSyjZ3crMozjEGQOMsQMmfgsgihlrPGlAxl52_C-zgpArfQcAjXfxhTdBZhj66eMj0kj7eYbF2lRNt3yd1IQ1i2XTFO6Cqwpi2GEtd4PRu988vGcs0bHFTlIRDo8=	gAAAAABpOXFWmJeF3pL_j7t-yGkZbgFsRHTms_RpTAsPRlw7K3ptNnuvtyCLoCXEvpIhEHrc-8My_OE-YiRfsWWcs9tRfVBlEOxkYH5J_WsNh5DwyzexvA1UpcTyeYXnn6Nmetd3dWwtZrcykoPtxivyTIGg1LS3NJDxzWGSISkyMeTY4ByltKSqAUHq7a3AI6CGYndnKRvmgrbP9-CNopTZMit3c3rQ4w==	2026-06-06 15:45:09.587758+00	2026-06-06 14:45:10.590055+00	t	t	0	\N
155	155	gAAAAABpfFHDHciXYBmi8sI7xQBOXXXINoYR90d83QhJ4hdr8TU1RqTNlWkVv97S3FNBhTlV6914yXebbP_5-TStgTQpNWOyWS5wvzRNg8ZnN_zH-4wmD4cayjLbLoQSjsMUmq7HsqiGSmOlY_GDpYRyXQ3UpPbneIoflQ9gfloM67r6Vqtj-m_tFgetZhuqskdMF5YnvQbB1q2pK-6Uq7C9flWBxj5YmIOZADIrvQ8jcj7zO_mjayQwUSkFZa-IOAng8FLTW89UVtKPUZmt_Jz_SZObIX2OrZQfP6GF4k92vUa_f9DEQ11zMdZBHlwXPMO6vmhDU3Y6IhJTWoTJcGMhpXBxGJ1Wm1cKS0tTw6O3Of6_Pm3k0VkBkM2PJXvK4jmXojRQgEc-7sT-xAaOjBo9__JCZ6p1aSocM2HzEPBY3Sqbu_aRk3Y=	gAAAAABpV6d4E-sCt1rKdWfJspVJVgAcpCRAf8lSVBF02mDZ8LLbhjGy1Tb9e5e5cbHXylNrSD2ag3d0TOJwyXY8u4ifwLyMl9FUl3YiGYQgFeulnI4FCuTGIjzDNx-4Ynih-6gEKLs52iBJu9uyptjdvk1N8g5KkDzEJThlQi5H71eyqkdK7j7-zquQcu7tuPc8xQHW0i3ELpJCGQMGtfkWR_WnX-ky5g==	2026-01-30 07:37:54.875725+00	2026-01-30 06:37:55.878628+00	t	f	3	2026-01-30 08:11:18.994936+00
210	210	gAAAAABpcj-pZUercUeTBPBqe2wN_KadlZuKdkgehDTMe6AsC0Qrei5omfxKX10HW3kKRYLOko3CFFZqX7tSISXFuoKLKB0wEVak1cP4BrQVeBWlqvajjo8vqwmAAQKsWF5ilcX5mdfA7RFARQkdrz8q_pNGTtjH0wurJX3uufIzuFStDF-yffWIpZ4ZjYVdOdTzRBOUzbjRL4rdb0Drlg3ZI8YFxM-nl6OJwJ8T44xBis6l2tu0S2oOMt0vjQ2dmKUEojBL2kUU5qgGoeKaECnVCjLpqPJTR6tqRbE7XwarWwrraj5DUMsmDZWxhP9kJ5kpnQ9sBvlkTURgygM2YSP747xfHUc3fZnOQgEr1xQXZFIlO5Kno00FapCErBKuNr_vmjn94FAtmZYuQ0j5oIek265Q7Cvodw==	gAAAAABpb6RxUix6jwMJk3vsLsjhk1HGZoPSVIvNZjNH1xt9gdumUS-aPOlaJEzu49o1UERr1_EvDR2Qlq5DZcasZ3QxIkWX4k9lGKpuTc1vfQ585roT_fwSbPpjG7YkirBhgOEpM3UknPzE0A2xeBEV7tWIRUi8xniwbyaYSN14en_um8iJxbw0szNB1MPQ2uUj41bsLsd16eRmttl8613PYLY57G5fOg==	2026-01-22 16:18:00.713068+00	2026-01-22 15:18:01.71515+00	t	f	3	2026-01-22 16:51:11.749259+00
299	299	gAAAAABpy1HUKwil2Ad610Fixeh2d_ojsrDoW6ZS2_78rlza0msuf7KJC6D4_oSh6kr5sFLzNGXeni2eQmNQqeGcIVXJYbKdN2yvCe3V1EVKtLUXaZDrOfUIxyQKCah9Hs5EDmuWeYrwFGBtwsQRuHn-nQmnWw30fUKxmlOE4QdGumSKsV_iSuNWFxoqm_9r4epK2vKynQUTEitKqG3DshpOZmeqtOvUgFOr4ACtIEbLoDSiKUAkcnl23jr-sWg8IdSZsPJ58KCwYpspXxvhjgkfb53DVZRO8ctPr76VI9Cq2yB2Z6Jj7_91N23yVcA-1jZQGWpdYNJyaxnZ101873biEnchDMbGjNS21J2aSUkPIawexuObp-F3N-PycKQ8TUS9wApNrygkvbzjGz4vhk8Y30OP0bhbGg==	gAAAAABpyIkkKmIi78i4dAicWHc878hpH1Nso16NUoUMQjdd2il5dMPGgQpZFs-nAWw5S7L0r1-E15zvc9qqvsFcK-Y-b_5R2zSBwHFi0vLpCJbNSkUB1uXdNtgEFMLOlqp0XHgqJ4_OUgk_lsCw2yVyuK2zef-B_KVCJEcvFRS4QNwFW3RiXRYN2xKl-MB6S44cqCTQ9YGPav1d_YA-cW0qT_DOnePLzw==	2026-03-31 05:47:15.785581+00	2026-03-31 04:47:16.789752+00	t	f	3	2026-03-31 06:21:28.529749+00
140	140	gAAAAABqJDJ2mb4zHJkPzcVUcSVTNzZrHlscrDjIpRPqgoAKslwuqC8yB1mDB9Nc-YmjorQzcMj12j3hBQCPgAH7mVyyn6JohLBvPv8EuEQOMUZySCsxqzI9kdEHBRsSEvhsyBTj_JyHJx065qrDvwkqeJFEOkkyPn35X2Lhfc-GWcCtSYe1Dj9_fM7-tSHQUrLbPrwexVnXAROr9Dme2eeTBdcAhLtloRevNQAqtH6t8YpSrjuqYMk2KQ_A2B7E11utusArwbibSfWIjvoG1wn4vHL1KMHuBa8QRTGw8An2aRUKwNFtKXJ89dSPstrO9CZnfDBsJqgY5wgjak9yav3jnMJ9KERdygc5tOnEYBN92ogqinj0n5MfjTAsAirl2dgpJ-Gn-PpweKMK8kNQGuvYa2m5TntcrUZYKYkj7xjtP2UgvObEWNc=	gAAAAABpUBGDgO1lLcvGKEjXJDlf6ePLEcQP8YSojKOwnlGwU1QkC6PItVTiv87rI6-i69vWSH4LbQmrMO7gC3OgTykcpiiflUMPg2hA4bDCp-IljV-258SQ13v3MujXUMZR6MT2N6MwP__d2BhSCb3vw5X1ZyrvATjnqABIKPXeo31Tc-2fT7BzZ6HIpJy3KQecEoM1d3rLYgHpXyR4evnPIA5UEa_2XQ==	2026-06-06 15:45:09.668384+00	2026-06-06 14:45:10.669822+00	t	t	0	\N
213	213	gAAAAABpdjN1YEhvcrxHqH5cmUvMn2GnuVtaMH_E8x1eRtBaFFbWjd2BculuhggPbP3XFLF_GobyZt47TB3wveelWYcpjXFg5_OwRFCJFZyGTVdAvotZXRQEAFP3ARej72VXgifYMJDMpFHkVC6f5xNbXwICK2tSKWoiuaJ1D-mKjBXryADElEvr6iSvHch8bLmxBuDTHC6va6tgrVA7_ZxuwjWff3ganNc7pkNq-V4lDxu1TApbnVijnb5_UAzw15AIfSR_RkthscvkmGJfLcvweV7AWGFroF2Zj5PA34y49OjY-UFGtymfpPIbFpDWXJNX767boab3Ryd8PdHpg90kiAsCWs1qNQjX-SSdPT_zEtrUhHRpX6odoBHFboDR2rPzo4sh5Rc0feAU2x-Och0CnUGNwF7bvw==	gAAAAABpc9G526nEt-dbVDq-9jYl4QKccHR6N9kchbFMxoL4DpAiGn6tTblRz5zwEg91e1QbGJYK0PwOePQ1Fs-mDd7Ern1KI_eGXGW9hVsGR1L3nzh2xpYGIsM73zQ10vtfMKbItFRaJvXoqOHq9LPoW-IV6iKlxuV9sUEVdMsFFxRbNKJJtterikTzypNHc9ccyYOHcFyS5Gcajl3luXg9S5Lj5cUdSQ==	2026-01-25 16:15:00.389167+00	2026-01-25 15:15:01.392058+00	t	f	3	2026-01-25 16:47:30.067923+00
314	314	gAAAAABqDOUCQjSVlyl7uN8J8-6A8gIMOYfRAle-r0Dc40sgzULg0j6HBsm8oP1eyQn31W5hDdqHMUuY6m2NdXZWlPWti13p0t9ybSDd-hTGVImN-1mtiXdvnn-_QmfM-3hUCVgy5JkCi_vRLBZ7boD7e5or74Hyml0OA5IWJM0JmuBNkxWdpiE1LdQ24pTioeld9Uoth4XP3ZaL3Mgk1MRv-ZP1C7T7IfeQTaeW_f-_M1CIa_wFs2pwJa84WPs5Q7vx53GgdmaaV1yrcwjDc60S44D24MzlsB2D3vNFkk58ZTWfoevegcH7pye8U6JI489La6gEy2YVwgb6L4Mwr8qRJYv805gBWU92JqhJWrGjqKbQnzt529qNB5Sn02szFbKrH_DNSxscwXdgDRlrQwqxu5u_FCcklw==	gAAAAABqDKMzpP39uTThUFrMyptnVFgEs6s0dXp2WxkfyLRe11bMzoyZuWrj_mPIxytPDjQAcNpWn0CtQFhw3wxkYAghhDipF8Vp3HxxKUfTlQIytuYO4ne-BSTxV_n5BkWGXPruG--VvdKolTnnubdRfloAd0VEx5aQfXg9kTmnQnjWLA5CSgss_UjlP3USPh7AVSMG2WoXuPmuX8xrUkbPdFexdtzuvQ==	2026-05-19 23:32:33.768113+00	2026-05-19 22:32:34.77019+00	t	f	3	2026-05-20 00:04:47.004137+00
220	220	gAAAAABpgMGICT-Y2uzt25zBspTFpW9AK_H_EcyUYfAy-BqZJRYxRI1zUj1o2GRYfwZfE1Fewu6I36__OSdKw9QCu_jzjTURzqZCd7bU-lhiqvN5EHzNxC2L_LXHX6WglDjH6i-UenwrmRmQlkewhk4tjxRikSDoUXxnRwn3UHnOszwEuAIdGk7ALITLdp34JTAwIEaNkH74HpEGenLEt95dfGRiPQexbJV1IvJwAllY5uKZtBcvQ9pUY5iACxD8j31zanoCKmrJ5u6Imu0s560HwNeWwHjvT5Huro6-M25mBdI9TZY9a61FdOkYfmDlX0EVApJTeTBKoh5_f0ywRp8cZBcOsynUzKgkFzOZj8RbuRjJ0_faZjax9L2C8CtrqQ3z1ZD1ZqWtwBCU6QwE8qSjyZOqJZqJ2g==	gAAAAABpd5etY2ZlH7foeEW9IKzq6jZWgGbks891llQEeBPeHpczCa8ffVI-twBiK_AgtHJcAPSmJR-unXh01XGSO_aSmt3dMtKm6x-FAcrf3XoLbM-s0REBHhucbo4zUUbJQFqsH_5ycTyQEWI5tXvzVZEWKhU5eGHvUv9XzGA5GkEUNrom1z9Tg1dczHu2e3Uh2BSjzK3YKu00sIVeQ0ZIqda4731Amg==	2026-02-02 16:23:51.705907+00	2026-02-02 15:23:52.707969+00	t	f	3	2026-02-02 16:56:58.512202+00
208	208	gAAAAABpckcBg7PfXvH8h75j4dIihwHzMpED4i25ZcOwu2LHXMW9unkjfx2u_cs-yRzDn0jffVHd0SmtB93-qCoBJTC3SM8VgLUzgAMid5MyaJJs584bGCRZlqNN1vxzLjukDRrNtV6wk-4K3JPYcObZwaDFZvnuB2odqtFEFOSfqixFGIbKh9cfxcVOS5rPF3XJzWHPwBDZLyWbGc5S-63IZd7TSiPT835vSQvX1crXLVk_fJWb7Ne_wvMtQp_fZjUVeUISVtGB1frrdOF698f4xM6SJ6jDGOESfZSbPWicxInBRmrVOMCDoiWHOFfHVq0Tio4tQO2AheJPiDlm2KR_BDPv7aTlhyCMe_Rnw-WTZ9z5DSD9J6-VB0Fa_qAJWji5azohE99cKPeky_Hj19vCVG5O9My4iA==	gAAAAABpb5so3_OIYEBq-1JjX-4BYPvwPx-yPQ6HLlDtwN9MEi1ttay8_9zRgTg_fJdteaxU14d1KVizDxiL51jhE1tSKZvpFN1QUm6-v5jR-BArebkujAThVxoHyswiwRcoVeljy28LErXegRwdQmV_Qqp9ukKFRB3p_4xV8yQafvvx6c8wvZBXQ5umlwBoLoi0uJC_uOCRO5bV1H7OYdTYiC6YLVC09Q==	2026-01-22 16:49:20.239871+00	2026-01-22 15:49:21.242336+00	t	f	3	2026-01-22 17:22:30.371068+00
189	189	gAAAAABqJDJ2PprQMw4ICLlLV0LisPnPyhTaj2TSy_XLWz4XA4rZerrmfP1j_gIqr4Mb589IhJVUFB7DBEZNoHW1JP3t_2PqS9lIk1yV6uO2eOJZUicPGWSCs-mPWGIRDlhaR3r0YWunax7UDkAqoXSjtP0nUKBn4EK06af9bf2ygiUda0MGBnz6HmDvCgy6E0mYu9v0BlHoqP503QaVaOw_gtRPkmKPmgrj8C9hAXcA0tkfMEtfVLIiZa4ACovDzp35nmo43vlW94tEsVciR5Nfg0vqHY6hbtqatGvYUXU9e5V-OdYbJIBbihV_EgPtUzx8nUQYFO77pL6QqwX6YoWUAy6W41OKfRJxVRGRC4uH0aD5wFaC4nkHI4D6NxXKL_JRCKcsFjJeRb1Hf_1E6fV_R4HJglCRG2AgTbek8rkISOBXhawElQ8=	gAAAAABpZNH8tnc78jEGUZln1v3dTZBgLmWzFol_ZiZf8zSm_2XNxUnd4zasY-yI6-tErJjSOpTkaqOMDYif9D6MAD0GwP5cuipNV3zBK8OUfWov9j01BsvPMsvItdueD3J1-EtNL3ce9PQpZgOvS_o0syEkLj3ZRlpdM1fQxYz1RAOCxedrjOiW9PRcBBPyuEyunOZd3Q1tI-GDaGmuCKPZ1wCDk_nxzg==	2026-06-06 15:45:09.744328+00	2026-06-06 14:45:10.745533+00	t	t	0	2026-04-13 19:54:13.351837+00
207	207	gAAAAABqJDJ29Kl3kK46kUitSdSF-Hu2FamIoj5StJxZbO2_HgQ2LX4VfnN-12uEwAlvQRpq8zYW_CfALNYox-4W51eh0wfSJckv1nJSFN7NaiEpESjRFRnDrGQoV2cUI5mXyLwH9P2GwNwgjU1Htp68CKtYxlsnUxgyDzig4Icv4hzV_rH9gC8u7OvX_gBYvBXhdoRDfM9JV_yWdvrx6-eFq31RemwFj04XuSK5nn8NMh35Y_IOZsijEBgcRofVeGQzhnMsCwVnGYk745sCE7QTw2Iuv10z52OoEHJjKibDuRSwRaeAsVBRDQgu7mvXWCsBj1n1sPthPjwBNrHBp32pivOTy1yGnXoGi1g6iz07Ypj4rOxyV2uuX-aRIPwaZc6NuOysrXeGyxw0u9dClEVa1IaM8_rHqiUgkCFlzvbHPFXd8nFWZJk=	gAAAAABpb3FkYg7WOvbHM0z7HJvOeWiRGPHB3kmppug2rFdKohJ03G56pZbMiPy48Z0lCaXqCNQX7PJ_OCghCeIP3In_BuqKmQI64lnPwxt2HIBoa_glyylVDyYe4v8hRP8POsf_CCutuXQJ-M0TXHR3-K7P-0Wc4sRt37dq41VE213ubtKgekfJilIPVQaWitb9I3oGglpzrpFulM07ytCoIY2iLHfLjg==	2026-06-06 15:45:09.829676+00	2026-06-06 14:45:10.831032+00	t	t	0	2026-04-14 13:08:15.168984+00
294	294	gAAAAABpyuN5ly_1yiInvvHMjiDjXmAzZtA2yh1q4RJufUVJyDeZ6iDARgd20_kelV7EIkkBpGgl_uorFtpZfKdUsvXvS2XSBsJbiJlb3xdSbdLElIIYlKf_jvkZrCCm44A4sooM3q8dXZ4kvdk_ZTBpNRv9nkrEKipolellzvOxCjaYyzv-ttCqtu7E-y8qlW_fSO-sTKRXll6yu7LU9zklTxtrSL_KAxOEn2_Qc6JXv31s4lMwTr-WrBOegGyg4gy-iVsJy7osoe5UNX6zV92EjqoUZDehvLMT8wQ5Y7Cvt8xIL-ywDBKSkNaVid4F0JXbqKzjYkiNZTe4fGnuusI9GWBDmCQInMip9M0qGY85rAmvPK9E8841hmBsWKE9rr6ICANLQa7VdjzKlHwn7JN65kLZCHzTjQ==	gAAAAABpxGK7UenNJxfgjRGlxHQOeC3N2wsdH-TG8tNWNc3_NTTbVFJV4dZz9jPcyeXEzfyql5vr2mwXskFnRq9WgZELrGa-P3AFnehzeCKA9XIJ8BVnGFj6qPo2AlXOuUEexLi7rqgNSi_szU0v0QjMn2rC2780ZRQPKVUHjVuGfAeNKX9XayAIyQhZWUcs3ibvkIgdnK2nMeWSin6vS2Lqn9FEXerkNA==	2026-03-30 21:56:24.694956+00	2026-03-30 20:56:25.697827+00	t	f	3	2026-03-30 22:30:59.424174+00
209	209	gAAAAABpcj-xQNQ6eOq22MqrFWEs7sHrzKwhttJNJgle0hZ4U_btYXqw78zpQq9GiJddyAu6YoR4k0CogZFyDcTDii-yiiWy9xDpU8Zo9ymq89jv8GN5Bv2bqWSNJoXmNc3gpT9TdDmvieMRkOqrjCf23lYAmSbI3OT3IxiKXXrMwnk4jmFySkO3_fshlVuUXvOLYhkM_0g9ksfgqj_J2_SwOYuQuiOZVS5BwninfGz1mRgq4Brej8k8xNh070t-Xd_FbXrCubePtyajqC07lHT7c8QA_7tYnxAAtu5pMeZ_HZbPsB8tC2_LgKby7Gg64xDlqxiVr-fgkhetnvnllHCgccbetJB6EJM7kJdIzujVQSZX6Wub0iwoAHY19_R5Bqh50hTDztDsOi6DY4DZ4WOtLJUEGRxLuQ==	gAAAAABpb6RBKe2jLTLj3tr14F1qexyOKMZ9Cj3RP1pK8OSI4TvWZonbUeDI-sI2C8kn942wpeLnOh52xiR4whuLWINdEt1-h67Kbd70qL3rOsq8QiMxP2s40G2Pi7BmI81AUoQFh9tnh3-0se7PIXSCX-8N44xdfjWwh4fSIqGV1Y3cwkbCDhs9AzBTYHz9jDDUNSdRccZ_xTZP0lNvXES-xpZPSieYuA==	2026-01-22 16:18:08.255569+00	2026-01-22 15:18:09.261007+00	t	f	3	2026-01-22 16:51:18.929099+00
212	212	gAAAAABpdjN-PR7aon4EWhla3NCW1gnZvrueFNjeEB-bTFg3_URfp7QqRg9g1xntXl-w6RdEzBLmUrF02mCyMvG5LAcR2DvOS7WVtW90iKd2C9i7-Vej_MlEnldAIGeYInxUkj1b7NvqHJ53X1OZt8l1-RsJKOfENOVPyvpp4S2x_1Nch45wdX6i1yBEblhqEZ6nkEmex5mYA4Bc8ay5z1L0fvayeVvpNDfZU1IqqE9VH5DIg3-hbC2RU3-lZf50zIVC2R1Utkz7xuvc9lQ2quhjWEHLmRKgi7LK4EiZPbq_3fAPLKt-m9RTKYtzBM2Axa6vEaiTdS2sp7clKyb3eCe_JJ_lA6W_eMMRdao7JxuCJbLRm0Q76wVAs8OT4PGToopWgw3VcmUcqvJivCMwz_hvKiu6u2jAag==	gAAAAABpc89vQH-VHjUFo3I3U-BjqNvJSLTKXVD8V6xVxwfeQ6g_bLhywI41CPm7KMp5jRBfVO8Zyzip8j36jFNGq55glMhj2K9onpMImLu0gjCO31ACYXH0bSpFRNVpuMzwvQpIeDN3uMlbAE7F9qS5fKQv6lu-0I0EF9ZufhGoULjwJ7ZFVM3D_EVjW7DRptYKDTVIu96vuZbPeMEb3XFfFuNvArXcNQ==	2026-01-25 16:15:09.549417+00	2026-01-25 15:15:10.552991+00	t	f	3	2026-01-25 16:47:32.69962+00
261	261	gAAAAABqJDJ22vD6wSvZJbzZiTlQYQXaJEnTGFsSkYSwJoNr7rIiZ6KWNEKxS7E4nlFcLgezofX3IFFUn04MV2LWbHFfbJPS9ktpdr81zJSoeV9PD2MXO2gBa61XFUALpAJIqSK6BJJ8Ke4Nu1ILt5vfQB5lBTQdI2TijqPv-s4fjdvwOUAC0nK7lpb4idB6C6OVVNsguAdYW6QLeWvYOWL2p20EVMDe05SPtwbF05X7_fk47yWoPgfYy6Uq0SL0P3svHIFpq2UqNBveKo1wcBEgjnFBcaG8rnHihoUFJhuPHRjUnQRtv0Q_27T_XBhHZAdGPCtYKfDHPYjJhP5Uch1hztP7nGckPFRtGj4D7s1Jsk7HqaGPJt7bTrGD0Zlg03P1OCXOtcJhK10XUOj84aM2koT5SbhXmMTAf94Hp7fnyX1MSF87Ulk=	gAAAAABpsGsQJFcVN-FaRa3MU3-7aZa5ICo31VFfTjtvQ_0nAVeLnyM9oSRmd87X4-oNx6dkCHAzYTHamP6V_yrp_NDpQP9rtNFr9ZwZNsJ92EbtZVpS0PsGt-oapR6T4rLL6QI6dY08PDB26Isc_QEPfRhS6DrxnmsbLgnYsnCMpkeOGq2DS1Hgjl751YVnKuaLHYBMiZtzXuCMbpuGs-1MjY6Apk56Lw==	2026-06-06 15:45:09.902534+00	2026-06-06 14:45:10.904577+00	t	t	0	\N
211	211	gAAAAABpcj-x_Ny9SpI_ImJ1mtImHUfqKMANK839RmFl0ITAfxVnSM1fXvMu3wJ1HJ7NzjTJcPgDPh2L9utsza1zMzSyi50xAC6idH4x36ESImFvBu7f-2Cy6LMGRuDR7OQppbDjoWTl7XVQB3eUGkt3gqkcEoheRQOwwHhasDGMq8QcF7LebkqSz_5EakEE1XQ7lInlWblpl6yqfJGTd80E7vn4TL2jSPU0xlAZZCtat0TirTw1DDSln6D1SdsBIoxXlXsS954CTLN8IjDIXLIeQBo3v-yB8LcagLpk_jmySkZUEiWHKptprUWJvI45SEUXRS2jhPmPU4_K_TobO7ZznmlWEFSuG0P77rzMhyswNMqUuh0DS1hUgdsg0rvV3hSs2upuLI2OO5ZGfLpRdbmLPrja3mYGmA==	gAAAAABpb6ZEolto1X_D0RD0I0NIPoWcvujEjT9rrMjQFv7vGHPNjOq62KpsmmD7fjHhrETrMFhhJXAqemzDVgvXi4eNsJP-RZlQ98-vIRF7HsZ-0b59cguOQNugESqfq0gIJryja_OX_2B0aVeo5RJK4L4WWk92pVCewju5Zpu7A81-EPuUmu8QUuYmWmdxapcFXrl4Mvw0nJEMlWt9vdTyg8w7ZwhKKw==	2026-01-22 16:18:08.443351+00	2026-01-22 15:18:09.446593+00	t	f	3	2026-01-22 16:51:19.089304+00
206	206	gAAAAABpdjOB0YyfVySQKeXgNUs6ipt9c976vfqtgpTAXuK1drI3v66PxNBk6FwuDoHO-5V1w-7J8hCmWBcXFeCKPpCEH_KaBaAJW8Dgo2Gpea4qQQwBovaqo-mJ7vs9Lk_3Dl2WHJJS4j8TsLR8B5hJHGm7pOf2H37Nz7qWFxsJejSqc1LaJaM1hZncpiWt9jNyZFzVIfTIHtsCoJc1xEMbGQ67JJ8O5rICmSG9cOR6rQAf-pG_W7fwxF9f-BYLtAMU0c_JnaZobceiRYUqirxlhxauinKE50UQExFNGXT8jAGLi--mhj97wI9j01JWbHHkg67Y20kA2Eqo13mqbabXWNdVlo3T-xULmvgNFZMNKAwMhKcQ_afVoVdR7W-4wXORNYyjGGDESUwNFP_tcNxc-LfBdHPMIA==	gAAAAABpb0zx4zNR-WMkeE4kS50sVIh6A3D_ZuqK61A-fIxk_x8Np7p4P-SA404A-K63V4pZPR_uYkLzYFtF8efTOiCTS34OVRuIiVhlXYwUV60PaqIYyaZEuu84gyZ_crKCwx2QwbS9ihtZ3biRBR66XiyA0INTp7efvnGtxB7emccZWtTWOIhbOqDm7WsBIyj2B2fY86O4mNb4SgbSjEEjhnb7_GKM6w==	2026-01-25 16:15:12.254399+00	2026-01-25 15:15:13.258991+00	t	f	3	2026-01-25 16:47:32.210822+00
30	30	gAAAAABqJDJ2QNZn47UNwq3Xx5m6ieuW67wFcNtjEm3hurwiqer6SgVALKFFzu3YFjS8mgEH8pwmiRjgDQzGZte8AQW5IkyI5M-XyMDOCtZkDHjTv6qPAT7NH8u9Gdsi-X_yq5uaMHsPhbW40KXA3D868sr8lFVmDRjLUO5Od21tPmbniqHAMgqMyIz2S_6PXI6vjT4YPjl3V5IDtic0xliQrlrnv2UexUihBZc1nu2V8ujkZp0YlMwu4D9qqTyXPAtvUE9csh3Ur6cCMVohNHZHNX_TF77mAYBuhUcxsn6XnYulHZwJS5DAXTvbhYma2nEBuD50E0UfGftqwgaXBtqA7EAiUilkQks31-K8_fMPKsglyO3z-QutD3w3yvBdtf-awNwKAaXK7VBXuREw1lt47vXNbhJGTyxOJDImq2xmZBaBDM8bYXc=	gAAAAABpEzRbZeGDtAMzBVnfMaX9qZETvHYViXmAglcQnLqaSEbkaV-02PZgNGBdAtf8f4bh5tvXyBMTllNcxPnvXSBEcGgn2p_Au9F7hBJIDh_3tnEN5k0mJsCuadY39kDzuQc0X2V_JNOK6hvD8rQZ1AqlYZB1CaiZPvoMHg0DV8B571RmhV9URa9lCg-DE11B6CGEBqEo5OEI-O0OfSHl8T8X7HWrYA==	2026-06-06 15:45:09.983452+00	2026-06-06 14:45:10.985036+00	t	t	0	\N
174	174	gAAAAABpfds5raPHfge9c7fnSSVZn0KxSMPH2Lm5E5TFcs8iDou4XNfnEAAqixbbjLH5JPMi2kQa-M6lge0MVJxwHjulhuSw6nsxNs1Y7gA2qcHLNVsjLq06jWK86SA3zXh7Io8p8SGnN2lkXomUtjveEI7F5DxpWToLFDYI3lxAq0cfg3CIhu6swKIAxa0gN5DCQaY7ecsGZIQr5-Q7xqwESaAi5ZjxEwiwXKxNkxeKzVyAJO_msrxOkh_DBYcKCJcxihiO6ldqH4P4IRQ2mcNNYQUKfa4zFG9JaHrpEg_Jxz5tBMyjl87RGTxSFeavWrZk6IYd64psR_JTHzMaNbWMUHfLSS3e0xhmtLsxu7HtTe_hp0jc6qxZriC9D5gCVamfsLOmjKT7fIUXCknzuqLnUmLm2f-IxQ==	gAAAAABpYi9eL5lB6SbYbAY8r24S96WSDhnl6NsgBI9MRj97oPj8EdytalRsAZxCAfZdXoIBDP-okjQEunx6yoqoMYyO0wto2MAl7OF_d-pRHvBtRng--Bl6QAgR4pbaWVpblyiW2mbf4GKZy_9ASzl7HdXXlYrCFo_GYTpJtCiyxaQFrnlv7I77FQ5RbEId5kWBKiJzxvkCpYBtGWZJLV2T5bpRKx-Z6Q==	2026-01-31 11:36:40.955098+00	2026-01-31 10:36:41.959207+00	t	f	3	2026-01-31 12:10:13.916038+00
80	80	gAAAAABqJDJ3SYe0R4acRcb4j477CEuij1sJ9KB21MbbcVi9vak7fsEhoMgzvonk3OYoC3d_ZYEhv2aGVW0xdpneq1_-jxnlLpzcjLeEdiW6oBT54OEQOMKu_jn4Gdwu5ur07cuDIOedzEeRyG68JCNSUaf7jgnw-FK-AT4PxuSZHlm9iAMl2ccPKFzBgbj4UFVw4N81oB0cI2vVgkMO9gYcJGgJ0Bz1vNmjVSHKvORxjvYVUQPhlQVwnPvelpuvi8S84RzM1p5UZDvsnNUPUWPvc0or2wnx6EkikAt7CgsnK3qtTtwmtavEjNvfsXgEVtwmLUEgb_PC7Ob66TYwx_iPp_Rxfu3JLTtJ_Ak1Khu3_LTz-81XcRCx5O0sbIV5tBZ6p82e74fZ4l59jeZsYGOaob2uRl_T09jwv68LgInLa1vLYVrzDws=	gAAAAABpNfF0y9vOzCYsGSLyEQX0ytstFBZAC0Bnjlsa5u2Qfhh5xdYX_kGXYF_j6yQTGq4n6QfBONjfWkkFN1Y4nk51xnc6cSzd_57abtfOf6h4gh1n5Jj_neojflgGMu_7lOEvu7h44SYEuyQovoC7FcJUboQLvOOzrLqu4RERNNvTTCDTey-QILyXUO1TBAJKJRS-cNTFOni29enp4g-atLmW10UP4g==	2026-06-06 15:45:10.072833+00	2026-06-06 14:45:11.074221+00	t	t	0	\N
236	236	gAAAAABqJDJ3D43jaumAwmjn8JB2o6uktz5LAYOcEPmV8x5_uhA5nTE63TOWQPsA0aBMQPglx1oZf87HnbSO8hkpSGcJzXzeYffy319AKWM7ExnwT-OZ4RYIAaGaadpnZdSGPTpNvyC56783EOUJjkukQxbHlJ6ORzvZeeQj8AoRqoXS-_n89snSnN86_uHJzQgdF4zf5OY2Fm78dhfY64REBWfea8s6-9iVkTSfWusU62CHJFoIC5YYs_dSd_ccpPrXwaok10n2sxx79t3o6vNt3FNJU94bT0Ur1SjmBYn_vjYddLnGBrKfvrITOsjCQzUGcgFP16_qVxqw4Ar3ZB5_AMBzjKom1TvEGcCGwjaEHMYcHhpL-1U-OBnFjgHHSlakcpCzsbnJCnQLpc20xMBxsLGOuP_bGmqDv8hCR6gaKcmEyH8_e8k=	gAAAAABpjenRkFe_AKx33Yv3_Hi1TAQOOu4ZpdXtysKVJgwi_JcGzo9Df9TvI1tRVr9XV6WPioKef77Yn-g_0qve4LzWxzQC5KaSMzax6voREelen-DWjQdgAcW4lIjOFalIXqrg1EflC6n9vGY2_MhW-RI6uHUYXG9YMkWsynWjX19A-xxfWaieGjcUxqdv4wLaopd80GJgQ6EQJpUqeN0nsX4QbWbVew==	2026-06-06 15:45:10.148979+00	2026-06-06 14:45:11.151377+00	t	t	0	2026-05-28 20:10:10.136716+00
4	4	gAAAAABqJDJ3TqrVC4jtguEjnSaiaY4LOUJCh-0AQIPEM0-QwaNTTgVDBL0xyJlu7bRGJRRCYNNShbPgiCzeI_0irHri6iuCJtuoR9rzAPTCeQ51hSR4hL3-jrk6kwI5OxeiyjhX4VCPHo9721AH_I3OINeBJG_-APkJ_wtrHr_Av1IS9iCmCvcuSwPJYU2CnYps2PQfCVZsXRG4gLCB0rPRTMwIhwYn2iYaC67myh9Ek_tssyPEoAayPfmRRXabArK60j9yMMmdHUraX3K-PknFlFLfOPY7ydbeeJKb0x33t_znDu6zBRozGc70RiJV5Jb2Em1nkqBEkTMO1d3FUB4HHGmVWF7Wnevd6AgorzWsbxwMy9_LYi4ngjSjNRi0439Cw0_NO0U8vzW_OddYERW0UCDb1b56vCOr6j7OgISX9D8PKheswUA=	gAAAAABpA5ceQK2rTDameJkfO9FdcRlXBKSL1mWwPc98MYv-AXm8sZwkuW4_pid3y0ibZ2V7z8H0s5QjHRJuwb2MsSditQ5BIRxIkclV0cjhP_H--dvzmjcdltePxOwsNEe6lNPwh-LwhQykaTZkK96fMd_W49xYW_QQsKDs3dvKSZL3FxzkfVhUXRrF-qMUGto6fSbZ8bz58H6vLngrgXeedsgDfVj_Ug==	2026-06-06 15:45:10.296404+00	2026-06-06 14:45:11.297876+00	t	t	0	\N
188	188	gAAAAABpeSkyyrU8rvyIz2156lU1VNP3q7VhdSFWT_PLv0oF0MxPm59BQH_3h-3msu8HkTxIB6OzQA7CWgUrZ3TiWWEJeqawWHuofL2YedCNZ89GI1Wq0Tg8WuJUovQIRbRUtAVm72tmdDLWo3kmUeuFPoRO8k6-wiE6dcw2-EgYNnsZYBcdQbJo8VvUJKwCl4FMj93_q9bf7Ha0ql1F5aMGj3IDOGTWxh-enQOLHAuhtd4A0h7sFPCLFj7m6OhuM_n1EWtBMVq6xSmNJJ9UiBlrRG5WcNYwQ5aXwP9TYZcCKBLPahecVvspDFR9vujWZc8-JR-R0OZdFeeUwusB12halbz2fDHV0UtjHgFhdcACgBYO9ZhNimQT6MgqAsDXbwBKrSPS8VeJjf8LbpADz23c3s6_wNv4lA==	gAAAAABpZMGMpjopm_HiAsim9_snf6zmdm2WoXluX3G622TqSHYdkyt0S1dfBMx6iOWmQEr_gC-u_IqCTHb9sUDLvbpst2c-bCDzBHXm8lfIA23i0m5372Lvkg5rrPelvF-RkhrNQl9PU3h3fpaf6g24d1ASbj-khSD3udf_x8PaMphvjvy2xOMOJOvR9o-3L9w0gY8j3a-FISTjvftj0Cp49owxmR_sYQ==	2026-01-27 22:08:01.209518+00	2026-01-27 21:08:02.211759+00	t	f	3	2026-01-27 22:40:48.948339+00
251	251	gAAAAABqJDJ3kxe46eyyzDTzU_E9iTa4zsQ-XrPwwKxHSB_QEg6HemXw6Bhb9iD2z9v9BhOQaKDk84n6pp1aPvXxZcVZMEcECYJiJdR9bbeGVjhtbs2LBRlAt6hoNjpJ_xclruEsb3bupmOBnwYXoYrOBkafNc0HY5Rst0c4wOXPuu6UBHqeehw9hEX8s_Qf89tUDjDNVPa7ISBgG2k_1cUOwjQIY2-LCjQKoQqcz8ryDquS9Ad7zMnjv6XzZSNN5xFoN57HxhtvQto045q6Jz9G86dvsRzub1hh9DxBS1mwRdRKZLzaChvx5RvWPU5Y2f7o7UvcSapyFDFCHJWSiMtqFJIy8OgBJhDuquHdeNdGtga08mp2s4J1T7vJpmHu3ujNwVFhWIMUnewGT9Of-xeFKL1hs2v_lVczc9PEmncYUvILo9ABqIc=	gAAAAABpnBIZt838V8Oe8xIF77bwPM2GTFc7t9jbl72e7nPqu_ox4XORKtzTzL22aznXgDVk8x-6XM3erIbsnMzW9Lkvjx5Zdvl_3Q5amcXnymMMG8qqMhIlaIGpi36EJaf_TMFUhQ6qkg9J-sA8p4H_zkeLBOPDgTxgYTA9SPwJpTMLY4rotuNXCYOlufSHnb9gxDeCj1jVme5MYPYrg7Bz4OOcIM7ZVw==	2026-06-06 15:45:10.36771+00	2026-06-06 14:45:11.369234+00	t	t	0	\N
214	214	gAAAAABpdjOIeiPGenaLnbbLRI_aoxWKBN3N5gdMmZp8PAMIuFsDAEBKTpfQkulnPSVAo4Kxi5Kfo9AGtbtDxl4UVG1Xb0phZpqs9SMuZfl8brtmN99vydXV-1LIWlf4SYrTYIZIqnVrSLzwK-rzdon_GEg3TW0oxLvv8i82TJCIoKkGXIJIqv3qHYa8lmPzsHZfSfz-18sNHCxHQwgaNve9Pz_rD5Pr94yKaBtttRypdBy1--h8qCOfyXbkZz2h18pDE0VmJlK9YhJhc28oiIOCb84y2lNgsNSniU5O_6lfD1xGJrEZIoLeN7wuBaTwb5GCWhaoQxmoJJNfCssbfQdCyDD2yOVAnlurSp6BVNekv7xmqvbnkOMACC6AFznaOkPCtcH9woULLtJkQ2ds2bA-KLmYC-Zovw==	gAAAAABpdKBe-4fIz6Bs_2JbywkVAGCHLap7MjhIfOnHMCwKTt4doBryXCx-DZD0HAkrTlwo_MruGckjAzlNqn0NixZqPMP1_Gk6rT9kHDEK2wEjHMxvr4LKpi0X8BWn89-f74AqEXcVzIYRFSxmeQGkER4be68ohNXAjTbIrc7Fso6tIT88WtfN2jiHkEJyv665yZDbfmLkm8M3PwZ8RgYdzp_DU_rHsA==	2026-01-25 16:15:19.339695+00	2026-01-25 15:15:20.342488+00	t	f	3	2026-01-25 16:47:35.141473+00
270	270	gAAAAABpwd0vcjT9DlE_yXBEuxXCxTnFy7gk3yHwPDGfgcLyJas32fhYDimWJSWnCswdU7CA9XNIe-9iVFSKjwJlRJFy5gtcgrLrsul7jQyTr-Nh2bAk8GDFEwzGy0abjilINhGJ48LDrX6AWO0SeHkeNkRup2XMdn7Jhy9_ZGhPhqtsoL5kSjG3nKSGIvDPc8bql1Rj2b0PBJhQ5ZCJFV8VfScf2CIjGMu6k3fHCB-QpfH4m-SXIk8mdHA3ED-jXsb9S0YOBokIzNNIFlg6szOs01fsJyZ4ilyUB9vPaX-UY7hefhT-0TcbTYnkpECPRT6D93_ZyH9OTXCSleWGEWXPBUq4-sgxpB7UVFlSYbheTNi17bBJCIc1wAHJlugmmCs39FAS0YsWdb34jsDpxTSLjGVHiMypMw==	gAAAAABpuddDDhl2RvhwZpbe2TXTGpPjonuaWviuv_uwOY-fSU1raeoM0LwRtKKOzd7dhq_Sedfei4GLMz7XqRMeRcSltlaA3uMDW5BcYDlPxTe55l2rDJA-2SkIy7a--zBfNPys5V-FCndCWo2JF649cFKy4QeyL-586JMQMEB4YOI46rxgWAVFABT3znOx1giI8HjcSchJkwiqfDes5DIR6y39DRXR6Q==	2026-03-24 01:39:10.198383+00	2026-03-24 00:39:11.2011+00	t	f	3	2026-03-24 02:13:46.782372+00
284	284	gAAAAABqJDJ3aKiH2NiPk9s7kUYmHCUoc6jG1r27K9vFffwpTHmvscWhYy8cOXMlpv7FQ19wVV9M_FAUroaqA_tMypX1vZ85EqcKMOcDUgFg8wDx6zrdUtwRvsYmLb0_dV0suG-YUMxE9ZbwuCp7yUN7rVRSiVySBq7uD-PJNepNfx6LsPotTba5Huc3ZcrxoV1R6OGFzgFuBZ60PsIElAlZofi1hZsmaWFnA6wGYdkMkisqx3wehPnHe4QLNxLD6I0_woJm6msNYUYlfpskZrcMN_QA0Gwnn6TXXS_-jbjIx0bVm-63dumkDeEVtxuPghagMyOhm3lUQMd5rtXFA5BKoIdcF_bS_NRaUuW79_d-MpRPh-Yr0ifllmZc_Q2hSK-eZ5FBhOnrL7W8MZ7Gr2FC70qviFHb444sob_WXHVBFaD8bimczXM=	gAAAAABpwEVc65toqXiobZl_1wjY8-9s5Dzuo_xLuc_iLSLG1thXUThqOm4iyNBE17hTfY_kDqPVxO-of5NwbQVUVnfp4OcsRbd8XHXESuyzmpXTgSZEmQH3gKkj5jAKH-KG--16AAfFL4n-LtPb-aXJqXmu0iqDeFfe72kJebOmfXxlkxqg1ewxUm9p_8IzFRBz4gtzkMV6Fb1YTyyJm9R0xBCT9Hy2CQ==	2026-06-06 15:45:10.219373+00	2026-06-06 14:45:11.22077+00	t	t	0	\N
3	3	gAAAAABqJDJ3sFVbB8-8dz7WO1zGayLCjs7vvjDKFkywxUtbh47gim7Rcly0XgdWvIi_bOYaMOymsmeP8Or-LqmPHriLAE7iuy5CChbVwwlKvZ3nD-IR82r-JjIH8O4Klfp7V4-KeunSb2wXxlUpTZeifRNuGkoPjNVdmz5VnRs-Io7t7e8s0lqBTTvPPXFscgqFbb_IlMyTO3gXW5SIWULT6JLPgxogD9YOTZWVdPYvjQeDVPdWtqKCWXUnch-63iJqblxuESG_0IawQ8H2m38mgeOWW3SH_a2UIyVGZ1NCaQ4XbRT2Nv-mjLSoICrAAIj5JF9TrLzZQUQKfwdzLCyfCGYfX2VLLfs_A2JNcIQXIhPmdNEWtZ_3GSUNhsCuHnW_XKfpATr056Hg2bXnZjUtCUyoDczbwvKh_nZtIzdA6_ppql6zHfw=	gAAAAABpA39JYKKDrlsWFNFrBCD1bJJfGFOuVwqnZ-15kDl85pKHFNgg-T4M4jXHs6Bc-9VQ-utZPiZQAuYsQSVZjX0Qg0yzWLGSWIr5HsvFPPQYDsluNTn1u0NyuL4O_9O2L_qr-UXS1OmhDxM00A9lHFICMUu-zt5Pdc7QcQCFVC8m2LG6fLOWQctournNcNIIEi2-c_7qLzRvW87MRGiF9DvvLnfOSQ==	2026-06-06 15:45:10.441979+00	2026-06-06 14:45:11.443518+00	t	t	0	2025-12-06 23:04:50.885334+00
18	18	gAAAAABpcOcTvKHnZbxoVJvlJWo3qxw-V5_7-_RvmRG6HXRIBVTNOPs5FEv38VRP91WNyLPIYVyAmJ1_njXtZmBFjizdNhdrzaP9dClfyc9xBmdYRAgglPWf7qaWsBYSfDCau8OvXrmDwkk5B8VD4BHSAzo1V2gSsmt_KTSW_x9GExT1t5Tr5WQ3EAQ40oM_A-K14C74Od0mkSqZQ1rOM5ceLZikrJHj5XkWLjB64QFV-HjhX48QOTAWJdz3Utg1wfFxZgrHKmxPEohXhRticIqAy6g4dxk5GUcUzRfTlYgCsjHyjJ_JqnzBzBI4AgN3T27NS_UYmwBySADAxQGDI6yhS8U3-wD5X6GSAbftSJAO53yClD6daSRF6bvAnuumnYvt547LwF5uTx1AiCdsnEmUyCVu_8eO-6rG384Omo4dc3tG_1NdFQ8=	gAAAAABpERMbapyE9dLFPxBLAC6iOgANDJUvEX7aF4a4qi99OHloWFMlrcQ4XFB569MjdoJVoBPKLU-TkrPd32JnrzYU0AzD4sFFb8y0Pt8ZfdA2bIr06i_-2Dompz4w5KxtWOlZBEiAp4Kqv3cg6x4laCRG-p6x4Q6VWTatQ6ESSr3FahSiBgodBfGjDo1oVA5sp3BUT0d8Sp1xCW6pgtAGqSQ4f4u31A==	2026-01-21 15:47:45.023817+00	2026-01-21 14:47:47.026516+00	t	f	3	2026-01-21 16:20:51.863339+00
309	309	gAAAAABpz7xVOnGDBBT0IGJLwLyeOX9EJZcQcEIKX_nzXzYAPq8UR74WkfpZP3nvRF7Hej58Q7SgTCpVP3GmiJWEjp4p1HKu6uia9o9faFyG9RLlkugUBeZ715ljOaG1xNWxDGBtuaJV0YGjH3akKWL0v3xj4HZV-fk-T5IeP2WLX61rrPvXQpBEsUAf5qLk_B9fuCIfV-gxyt4Y6cFEcNonHsYla0kaQuNlIKr_3eFwgNFvh5Dj0uuvI5JxtQ_zE5UOCm8dWZe0MF9CQuyvQbEpQq9iB4rLyPp0_fzBnjrXx_ZF5tD6iff8qVHRS0rmFP68LLVX_72ewKIZwtD4bJ7-mW8XIHdE-hRS_MsQ4sq4vW-ST762Q6Z9vYu6zToKmNdxshPyd0_03Y7JKoUUrClpWEYOCrR9Eg==	gAAAAABpzrBfaYVJ0DRNw_i-HUQKGJo6q9L6fyMfbvA9U_MrHzswPCr7ynSxJHcacjH5TW2VlcefghT767gSQ3LrPTHkroVyDM7k5tGpwRQ8IKu-gWFhD-zgIHBryOQjaz13Ho-guGxN_JMVY0Vj5ql7OMrSQwVC7M2AS1v1HKp7e2yAJp32pYOl0M1N7yhAxsf5sXrqlUK6IKjf909U7tyo4N2muEDqNg==	2026-04-03 14:10:44.897492+00	2026-04-03 13:10:45.901002+00	t	f	3	2026-04-03 14:44:49.119497+00
85	85	gAAAAABqJDJ3M8Vzu4XUD5bSas-YDvJZyY0lwqVEP1Pqiz-rcDpU0NSPpZN8QN56MvrqAwwWtUSsDkIIYV-Z3B2Go1Eg6m8eOMdfmuXhe1FGlCtxFDSh8JBMgWWJNRvTK0AG4xiyLuwwJFD6XDgIAYsLA33px72RXlOQb4CjeCTLswXRDfQf-bKVIvwOjTV6q-khiX8Why5E09Hu7IEb98RicHf_ZbE5W0wiHFKJVjV7jrYCPriZhOQlWIOrYCRtAZLR5dNMVLd9rcCIGMOddw6pw-lAatEd2TgtFYCSmdNW3pp7lK7l4ETJJ_RSBieg9O34vND5jwAhdrMZyOtPMqDN1lEjyqmpu2mVFxA0aDvO_uMYu1a4qAzSIEj00lpJOU1VtsUXpCQtXmQuqWkOYI3PiZ03Jg_AndpSW0suou3UQSJr_UFpYrw=	gAAAAABpNgPKUsdADmx-2fTSfppzmhOrtAM7r145eNXjZaZU2NJCrqq3Luf-6RVf-us1MVqqkZi19uiTCHI4O_ZuFZkwxCa2uXc_hma_b4-AOg95GrodzPORQpNZjMPVaK1wXk2qL3QzP5rwDPiEoRRkwdwCz1HE1DZXtp8O4UmzQf0fU5N_7PRgA-M3jrf_-hpO0dT8YxCo5V1M3bFeQcgbhAtsQYfkeA==	2026-06-06 15:45:10.507335+00	2026-06-06 14:45:11.509281+00	t	t	0	\N
87	87	gAAAAABqJDJ3kDtmkaSp9w4gBSeipJXNKjrQTTQ757AhNfwpl6pLTofBtRTYP88k_KOaUFsHnFXaJ7aJVlXYEAe1NZ3u50uIm707FTEPPPks69Iy2YAVKM5wO8izoOrViPy_C7BXmA89tnNM6MbiQFlHwR7RQWE_NS6LpCwf-PS4W920uJtwdz-QaVsi9Z4H4XbTIrsr-ok369SGMhAy8FwqwjZmx9jV-pzeJsElRHcda4AyVa1j1pdLdTnlnW1XMLUeESLyvi7Y-FqBCP9b4xSXm2iMLBZiSpAPMjjjzF5LhULfDkihHp5-kp8d6DnKAs2Dnxvv3LWZEcUobZBEc4MmM1Z5r1qWcPFuN7qp8TN3IjrjHeTuYTNioEDyemtYH2qVr69yzmAckmaIxAfNMWL5xJQ0eWbEV_CYncedEFqACnBm2IJ99VA=	gAAAAABpNgbRcRp-WRvLwbh0ArvMKCymsDFgnZbCrrQIouqi-29S0njtoPqhYeMlycU_IA2CmJOgu7Mt-zsfPxN8FP6QI_srfsa7N2NZYKcWcdqYYoq48AjUXgDtO0h2YIyEMt2dqpQcLjvh6btPQKTMROmV6V22Js8t-1lUunTUkfXJlQt5Q17PhdfGsGRFKsOnEJKtO8quzfwykN99CLD2tcsUI8w4_A==	2026-06-06 15:45:10.594483+00	2026-06-06 14:45:11.595964+00	t	t	0	2026-03-15 14:31:22.655146+00
190	190	gAAAAABqJDJ3SMOCTILyCxulLLSxC1OUBsNSMt2i4ny2nblICNgiFbE_qSp04Dy1AF2AzWbzrexiDgScHq9_-xQWOG39Q9HBY-YjtekoRBvDRCTaW70jZbjp6k6pcyt0QakfGL0nA4y0_nNnsY8obnoHogjSxaejgFxvDLlfH-TLfLuO-_ibLEapGI21WvAootTjb0PjrdaqFKgOi-946_gItM0dpHgbJCS7REQ5jRiDzj-OL0InUuQ91Md836NY16kqosmG-V-GxTj9Q47ttqXEwcvRMxjkp7U7qqbL6LCYF-gTqlBf3ZakOWktdB9hSPcbYqE_QoaL0FSM4wRbe4qBqSonSYWe218XOMRmx2PcSPH9zFggybTkzzfDQSqTJNGFi2Wlo9uR1I5TPC09fKj2OT8FCDCKeAAGeY9iE_xfxQdZ7JYXw-o=	gAAAAABpZN8iTjz_LFwqeDimZEqPpG7d2yiFT5D4uk_AIRWKaRa5EN2PMtTOFA1XE7jZa2m806pnZqbBneslETohANklxZzuOk8TFlDPj9B2mzAb0AyqwHBukA_FGdIrgmOlNMG8xHcSEBnmNokImJbAyCDtSPZnWu1kp5xG9NUtaEJv3r9Th-8uu458N31Ezz-5UJQWBdKui2C6FFHiyltg2g5qa6TRpA==	2026-06-06 15:45:10.676074+00	2026-06-06 14:45:11.678157+00	t	t	0	\N
194	194	gAAAAABqJDJ3btPdqV04hSHj7ikktrdB-UEyfWWkdSI_0dA96O81ElWoHEYr6xlyH1QOT9KgupNjyrw-whoZ1GmXRLsO8dpksAeNA0oATYwuqB4vUDMLlhTmuQLQtMO3rOPn456vmH4e9lwQKVotLv_754VwdYFNyPMUhvW4e-9TM0rXsbFbb7VttBWuie-Vf7Tn0uMmFfbNOPWtwjMAmx5XjQ1KNNgw4s_Psndo9p1aNfY3lWlak53K2yD8_sMMmOouIpmzfyNCNRk8CH0pVq_8Q0huEQo85MSFnWW5cknKDTtfHOOmXTYmIz0Pcw8hye3W8ESMX-UpnPosb_bvbt3vqXGm9kgDB8VXtLy_WSypNb4Nd6eFvvhN_oJe-lL7fLZvXc5zpPuLK4f1TxsnkuNqAcCFNnuYOGFwZzUSJaKUG0vrweHWacU=	gAAAAABpZUtLf65jghmF2o-EGClGu73c7SmWzwjrM0B_MlqfjQl6IOXRbCYcKQl_C02tgvAzHP1wRnCFfOvmX29g7WucHnzPoLdVENS8OYZf51zSq3_c0TZJdHhScjqyDPiejMCG8ejW1NhwL_My8IURvHjLXAV5a1akuzVgXH8K_i2hyX9hlm_G7xuH4ah11PjxlSRN60KyW0sqm9AQmTj9lRhGLxta0A==	2026-06-06 15:45:10.752929+00	2026-06-06 14:45:11.754223+00	t	t	0	\N
81	81	gAAAAABqJDJ3Ldkt2jPbKhFIrLaqpLrrg-cgrGFISC3SqfiNycGm7SijKq6bH9fWaCqBWimji7nQ7vtKhb8hXeM1CXGr-qK74CGcgoMwAFsVaLVSAALgQZ9rlFii0MEyIRCqNmBzKMEvVQR7cT9dxCvw5EWK7nITUrAhF94U4G2w-D4SlR8RGXZGIXFeOKIj3CYxv3801J1UAQn6oy_LI0ti932b-zSWymLYN_fPurr29H-1tmc3AsKRjtN1QAr4jUBYnWtPj3hlF-7o-ox-Yr9xwvEJ7CYtDjM4-3FSyxySiL5gA9dpWgPlg5vs1NeF_6XhEi9Qlw_oxpUtc-QWBqwWBw3307a4mvH-UhxIdW5fTQjUq6c93StxteDVm-UXuivplh4rxMUVNpJMJ3kDqxb00hFx8Bc5ZTc8Z_eO0DJe4cHnRe1Csxw=	gAAAAABpNfNDf1W_k3GO1BxftC7Cli056eTZQlxUJKK_uz8mFLCddFMUvqkciR5JJTpOKCjsDuyLt6RN-EUlmo-AEJJ91gMxEVeX2wtGa4dyGp8gdvZkyK_aFxcxFvvCpN60fisfW7ZDwTBNGM_5OsgBAsYv91FHng45JCXd96LcVvKT4bJm_hYkZ5jj20Q50JCLtBhe_xCwfs6Ez60ppVW_PA1LvQ4gvw==	2026-06-06 15:45:10.810611+00	2026-06-06 14:45:11.811571+00	t	t	0	\N
147	147	gAAAAABqJDJ3uab1SBgQ6GDqIGUN2AVK_bv7D8aS1Ou3tHof5gfxxbzJ3RPKTepTMKuL8usSwAvW8R1BB2XclNZrQfgaNVlrT1R32dT5i8-pD9zfuiZQQdUCTLmZnPklAfw3R5gkVMBQo2b-hVxt9aIi4CAEnAjfBY7shgPsbbJC3BHlQVAjxLkvsek5L1YSTSKYDCTcKKebIqPhuHZrAiwvUbb7MAR710oepm0c_BF04ZXM7TUwYKlzDFLxwNNGHnGwfKdw8TqDqfrIXmhD2LStEqBqW4r0j32buVzMSqLePPCEScJ9R0v21aNfkkJOyR_sw2eRskLjlDPhJC0mziKi7BNYgWw6mVmg4qit8ru-FbwmZx1s_9CqaYIXYnQ-eyb886e0IFg-RuucjZBqF-mjvGacze7dxhMDw8rF9WLYrbk613IbfcU=	gAAAAABpUvPnH8Xope5JbYqoSweJmH5_MJY9YaywYKV2tOmSgDayu9-evWcLUQbh6XM7ZYT1pEjp4YcrpirrpitaUM4Wv8tA_OYaZ8-CbM8Co25sdK2FW_J_714trF1trR-0E573tUVrPMB46YJYz7rm1CE19b6ryW_2g2ydNq6UigAdAMCNNEaCCJbpOt178ZaKAHa3zqG6oxR-MQIYI3yxYeSTbKwioA==	2026-06-06 15:45:10.877706+00	2026-06-06 14:45:11.879196+00	t	t	0	2026-02-18 11:39:04.196205+00
149	149	gAAAAABqJDJ3Zc09RYdFi4glQ9FDTYCrLiVpgpb8urpC9XmtaRFndpafiVHksA6RHRf9qltaFDB4F0x_7eicKNQLExjRey1JE0nLr6Izf85zE4M3ikJb8jRsKVDc2s0zjxNBIKlYe5TIADmGKdjDWcIegqAwjmeLWMXCh8CQuJxVG-rPHcAbEAgF484Myh-KTGi3F21m__HSdzweFg6k9gvVM_i40127o7YYVcB73rVUAc_RUXywW0N2n57eUAEp81PDSIxQSawMAzvuIqTb_W4Lr9DbY2o4NoA4ZIc1VWakaiKfofJsc7xdSsWXw0hDdHREHYR8FudEBSqxlKKk3wEa-PBki2OaQKOv3WrrDtPQq8q12s9Jyzi4psJ43w0Wm_EBsZ2CrB04hWCOS-rdOCYLtfB26NT7Zkt-4z2vdwqMMYBbPjz3fJk=	gAAAAABpUvVAy95cNRsViCKwpf8GtGxTTVXQjECkSqvMcxpSr_w_P7fd0oEY2Wvf53XCpGiZV8EqusMzRPrCNUlxzJF0XeFYa_-6Rn27p8Y_DvXA3SxNz1x4qaIiR9EkO_6DHDrb9e_Cg7-aLyQvrAQaHitM_sLasHwatuKIVKA1fdBvLD7DV9v9vHYR8K5b9YASpSspB5b7MKTGk9bwEbRH-00uP1VUaQ==	2026-06-06 15:45:10.943499+00	2026-06-06 14:45:11.945259+00	t	t	0	2026-03-19 16:05:04.662228+00
152	152	gAAAAABqJDJ4t6tK5u9X5YVVSCRmldJdF0aKr5ftCjgrFKgMOFJcVZmloUz_S5ct_A_6Px_qOv8krr56ShgMgA3ZRo_mFdg34aQOEsiKWuj-fpT36QmAe0nWkfE28s0K5UK9cETMDuO2e8yVydtO1zSYHlT4PecVSsOVMORWgAS2CZAjceYbt8GqmhjEl1YZxuDju2OnjgGUwcOSUaEqXprk5rzL7OJwkYej0EMqWba83MPZ-gJrbpo4iOKdi-IYbvbGlLqyss6gr8SCAFIuVvbLEE2fDxwhr7pJjA56YZKT9CQ3uk2gBUPoiBysAo7r39m9Aqxgmk0AXJt65700TdN45uBSwGymVO-cVde3dySSYD8QogpOXsx9UfeFriylzXaAj6MybFMx38tKopmWaI5SOjNwYwTfkUr5gDOsABu0_LBHrrvGBhk=	gAAAAABpVVjnRZKF6uv8jFqmO40IBG7QaA_YgyzgIE20HESq6NDU8xG-8jeZT40x42bdLgCABKxzr_HKBeZTHlRXQqkL-mSU8SOeXc617xeElobp8dck8NWL7jmur1Pgo_skfColvqpAcQbqLV9prPxAK2AW7tAuNAhelefxYwK9IS_5OGv_gTdZ2pLKeGcNahbGY-Xvw_TQXQAoaskwW13-wtpmKMIFWQ==	2026-06-06 15:45:11.01675+00	2026-06-06 14:45:12.018829+00	t	t	0	\N
252	252	gAAAAABqJDJ4SEEwKLkPLa2umqLWq71km9_gjWC8tBAcm84S6gKFdskMKunk6Qg0Yw8ryZ9OptYuk9N8QvMHeBsmIriwuZG7ln_GVI1oXzEpJkJkZzQOA_jf0tgUXJjYuvAEB-1Y--PAVbX1DVJdH1hNCgDwaRXkI3ReDHz_F5eZ7EcJCXCcbY1ohQtwB9mUtkDlAKpvQDBgVq7Sqnlj0nSgD0RGzk3JCxrPJYDcAxkh9iVOvPrwFyPN5wv6UZd8INuTIuaywRPeFei2f-8UcWvctiqxXMuFhNwM_iBQnqiMMM_ZwFVb6FVILj7al--6PR-Y_fjkN7MqxiecZSIrbuOgWBlwQONVn40GVN9eu4LGL9bn6ST0tv8ehUgbnmLPDRoEeXs-lUEQjjfPrr0D1aupBLvmQblLmBsABOf_Qfk64pOa8stdmHQ=	gAAAAABpnfyck-KqT0tQ3R1dBfuYEe72xFOMng_RCAAugqktvg_1zmX1PjaQOfupgDa0NxeDJW7c-0fWtwNxkBTrjOGQGlsKWDVSoa8Nqu8LgFZ6KNCgNiQAh-pHePBMQHUIQEosgv-xfhN0iLKnO1QqLW2H18Bl5agm1dQLMjcnocdYQwXs6blKfd5wdLYgYsJrMvEXS8SGSTryiGL8hbYOpwybQCdwOA==	2026-06-06 15:45:11.103784+00	2026-06-06 14:45:12.105625+00	t	t	0	\N
11	11	gAAAAABqJDJ4XWxwek0e4adavOX8sDfG6x98prfuIjfqc0ed7zYvMhoZ4eUBdHkYAlJfLCcZypTakpBoPi_8PB494OJaG485nyAsLdAVdvR1S8ZLi-OQrHlmHWg28MzcdJmVGlLEdD410nUXrpwxSH09LMUp7lwIDOtSg1ewZ0VwyCmiI7P2khWPMRhVBASz289VfG2PpuNGKI8hkBCOghG_HfxJ5feCRRWx9QI-yaqHUCjpCRejfFcBRW0i90L84vg_ryksRZMdQxWd3U_sGUlaahg5foxVu51_Ob3tb6I-sXI2LPwdCPU7UX1-FrUowzLyoqpLeH0bzM5164UOza2urjFmGuOiu5x7epScxex7CEw2IfarBdj9433kGiNSONpMiYoE8i6ssIRJEyHvDbtVc1ygtxwJytuLmPEdAeT3KeK1R626J-0=	gAAAAABpEG3yJBHT2jZUntXEu-c5VCo27cLnNy5V4eNugu-ifT5aaXurx7_A7sVR4K9Hn6lqU7HFflGlC4sTf5GV4v8cwZCr9PpZOVuLLpgAWr5xOVd9nL_kL-P59kbSwhaQUqxvtNtQaVhLjodwTrtJp_RlDH36nxFscLunj2-gpX62d9DH66uB0sf6_3zyR3yyJ93lwW4vTOz5m7sByCVXiZ1jKRL3sA==	2026-06-06 15:45:11.196332+00	2026-06-06 14:45:12.19787+00	t	t	0	\N
47	47	gAAAAABqJDJ4p2lpTFZ_7iFB4HVbWox_1sbi9Cwfep9Mq89A_uopgFirk5ipCUX1SVQkg5zdqsNYvCnAXd6f8qQOg3-2pZiqsV8bWjtzeBqZXkqijGqMg476xMvDMyNZ_tf_vfiRUlnWJ77EPWJhNJyZNLnNaH36KSqrpD_4P4v3TYW8NedkP6B9jw-GGmOiyBVWGSBiAPcRKpP2tO1cn3fngxaNpbig-nEG46cfGuFbuV4mzEAmOVE6ACfXsL7mNWb70VTslkjKXJwrjRCDW0Zc9avS67Us7rs9oACeU_nmVUHr2iJ4Zvk0Ku7BGYonTai1gz0TRFpM2woquamge3O6tdKvc0ia9bgk_q3aOzug0RvaBBnW-_KWweC62OQOC3S3TXfJSfSuMk9thrtIQ0t4OTyMC-qe5vdzyCURqP68AtDytonbD1g=	gAAAAABpL2u6hkPGUMmt4IpE6n_odtEQGKDqI_cdn2tNWEfQR9UXUvRVx8tIZO3awLbgPqjbPNpIbqev0zeGR1r6wud129umrVq3KigcZFdpg8ZTVj-e9CWI04VWl8gxaK5NjriukIdoqsvo8Gxs0DwyrjkquNdjyYWFqrYu3Dh5FEzkJRMBXZOXolyLoIYZO6jSi7_yOQLH6KRvDFVetrSg7o8isRXw0g==	2026-06-06 15:45:11.268748+00	2026-06-06 14:45:12.270099+00	t	t	0	\N
302	302	gAAAAABp0JiAR7WU98Tfx82_DkHKwtSwPAy1v_h-ylI9dfnam-m8MUasP6Z00JzbiamIy8OauyPDd6W0LFb_TrYm0GIcTIyCWVr27EscQLnA1drmjbjQiYTs79Kc2ZlDkjaRiw46sH-wVVOgM1EHEdhHr9DtvZbeLm17VSpes_hqjSnzbVCQFhS6WORS1SOoK5HVHXbT0gdRNxowG3sk2vSAh814xtsWUyLi8wH-sSu-WCUHuzDMpqXf3zj4QqfoOOXiiyEXXSp_rJbDaSfpPWPdzo7k3661JqXpZEIhzEfqYNAa-Bwa2wq8DFDRV5MCTKb9FGB2cI1hFzTezZMS2sxhBvqJZT-klLGHfY_LUlLaAnp8jqj0QrbuEOO3fHFIopGGsSMSUkMKQcNJ50YdZkjaK1BqKtP_CQ==	gAAAAABpzQB-l2WyaFG16h3PuL4L_2ab1rA-ptnyjN172UabTuNZ5Qgj3yhAvjeK5O0sryo7eJpPoGM6ceWbhgPPDNjsEm4XUgS0b3HrDQ1qVKOYQ-5X-eaeXcyrqWyBkceIovrwdcRsJrLfZAFEjCCAKM8CRdXH8i3I7nQo9HwMtFyKJNdAmgRRupfLW-BMOU3bo9PKnrNdsqcpJKqCj9SycpdX1dNNeg==	2026-04-04 05:50:07.156016+00	2026-04-04 04:50:08.159394+00	t	f	3	2026-04-04 06:23:36.081488+00
308	308	gAAAAABp0DG5jopoYFV8paxTT7D0D_HQeJ2OgGOPH4d7FQAp52utqym5OeEnDhN6QmR_aRq-3nynaJz7L7xxkpEScM-jpzIoVvVs8SjnUI0E3z21ij5SP8SIrg4c9l6lz3hGR2yEYc7gc3xCT6s3ukUc7tP_6TTCGWnp4As0vj7M-XnSGXVjSzoAGobJYh-U-irFlP1RNgaVYLGOsNpATtsNo3eezPweOxfKjKOVIvcjTIGdAAJHuxqzfyRTcBrT8dQBlJ1dYs7ZezhHsAkdNpFddYBRxPESmRGoNXlvdHRG9NOYN5Y9NRkB9_Q2eYlDfH4ZI3PacIUErjQiQt7WQwzJokbgBliO-vo41EULHkP4sKkdxEZDrTZ1zz85jCaLoTBboX8qIb2SjuJrHXCQf6z175cQDEPt8Q==	gAAAAABpzj8M5QtBO0IO5HPjM98B7PQIdWUG44DhnBBZ8yEw2PIGQwtdNVsE3MuJA_Kck4oLDGNlZkMWhexui1we20DVvZuVgpAiQuJ0ptszO2rwDYZah-zIEwxni2ESGSTsdBptyyMbGc54necEnOcozKNgj_XOOP5r4aeoZT9sGb9sC0JeJkBOGb-c4ekc42qvGRtruOCrI2TfYGRY9X7a-BMjJgrlZQ==	2026-04-03 22:31:36.424249+00	2026-04-03 21:31:37.427125+00	t	f	3	2026-04-03 23:05:13.508462+00
219	219	gAAAAABqJDJ4IwL-f1YXnkLgcBZC1w2ighCkpoxAN1jTXXg2kDTIDDo__q0XsQWzDKQbZbjJPPafUaUg_nrD0bKstWa5Y_MBi0aZVUYIN_2aftL3KgjIUGPrgFJ7jl9DMyjJqDcPWCoM3i63OjJNLxNnfLZamIyn3TOmDcg_bZWfbyyH6ScjOxVPK5GCHsKd1mZKnIOVJYv8Qf9mRo_bJxqcQ3z4J0i4lO71sIxlp22HG6DmHO1tK81x8e21-bfKfTi8AJmp1_g1ZEiNF7xnd4KO2TFm2iBHVpTQ7e08sz6CInmeHo2KM0fINUxATzSFCcB7Ach3_HwqiN-GDhaT4MgVKYtJ-XL75TbiU1T4YhPz-gSyPDEVCaho6OEXlaJfZ7i-6qcM_FKKpa26b6tPZ3NkawDe9r1JQlY-xZkQzJ39SeIPxq8M7mM=	gAAAAABpd09DsH_AmP1cjP20XNz5xU5Hj7J-pNAnLdPsDzyE4IGMWpwFFkXEuFM8EVfvJ6jSQZS7Ky8_oyaKcLOvRwalguMZoNNPHm9sK3kNZ_dkEQrllWYOL61ir_4vWsYkC4gSJ1uKfJTTv2a9LDpIEQ_8dnHGstDD0xiVWl_AvcBm9E3mIdQGO8cONzybBA-hoYOFhCO-lMu2mNDP1hsHWwq8NGvkKw==	2026-06-06 15:45:11.346852+00	2026-06-06 14:45:12.34818+00	t	t	0	\N
312	312	gAAAAABqJDJ4xTkxGMg_ozLyb8e4VBPrTRqbi4rZp8eoVfK6f9hTsPsLz3HoqE5dizSWSUUSgSZ7lLF7VcFkaRo_83wbBaZRlni-jbkOI_kE1cfcK1wqjRm4nxnc7Ck8HF0gKEArlT_zpu-S2S-7M5MOkzgbejY9uePoBoWa7mXB5LwxTpLXwoHtRCMLlDkWcGTfUskTez6-uNP7Bp6nX4BQ-VbZ0LBdRmQyQvZIQPn6HUabfue38NtZeMdUJazzboppSclGv78J_LgPhZvRNpVpwRh8nsTNrhVUa_4C_Ie9AXnKjPQv0rks52HLlbEhJQjTtSscRqC6ZYSzbhCknPozpKoesdVIH5NKWgiBpHYgKACbZA74VDubY41G6tjRciKLOJdmBwCqOLEeTNAQBnoMVVbUcOivmg==	gAAAAABqCKNsa6HoUUuefy93N7eN43mC0gd4v-ie2Y-pie4D3epbSpMDhhztlrlRtkP4vkE6HZkWd8dgbfWR_KHMvzIMkmGEEt8N4Z4i-zUocYiiQsKMzW7s5FoDzwYxnPUC4IBX9rNwlto-jTiw0esGyB-RlhcC0zGLhGmnIv4II2if7Y1Dwtgl7QUwTrnSog44y_6h7T3LMHrgqyvrJYYUGTZMR-mW7g==	2026-06-06 15:45:11.42462+00	2026-06-06 14:45:12.426084+00	t	t	0	\N
2	2	gAAAAABqJDJ4tXYLK1uQ9ynkKMEf33BjENUb-AvHoF3hjRhgtXpIBokL78Osrsmav_-R558rMpOL0C2XepawMCiWExwiidE3iJoUyAtZ5oiKBll8q64Oo5GHgrea5vts-n9z1qnGKJTxSUucphf4ln95NNOhikDj0KGDxOiRfGa1KBWY6wV-J411m0pUTShSjkmhn6LVfdJglasxXgMXdBKE3VfC7aomkNPNb6W8bxt6VWNw8YwG_KO-H0I1U_R9fL6bA5Bq5FSeaU1F12yvB-SYAuh10DietjiyKLEAcM0SmwEugZQpUWyqeurjT2nbr8xg6KF8r097MYSZVQzSe2gOCVIeKpfooK9PQYcxr5HfwaXdYugA-_kNlEuKg8HyZZ-Nk7d0Sr1W0mJt0M4z1xCY_eIs7_2qkB-ZEDbYQfo1AtSwI6wnW4I=	gAAAAABpA3xmUKFb31JOwmpho49JNKQry8ZjODWBRL9-w0lpgNUTnOuWWP1UF0SLB3bLqRjai19ljaBvu5GThs-Wf9aCcP-sxaKt3TagnqmM2P6qURrdFxQg8-TfDgmBnqYvGX1IGtnkRplzpCbdTU-VaFALsCX1KE1J6zEk2lxWn_5N9AUv1-Aj59Wl4CsFdloZRac9vRRolboVx5LEk2MdQd7Fx7bbQg==	2026-06-06 15:45:11.500552+00	2026-06-06 14:45:12.501927+00	t	t	0	\N
10	10	gAAAAABqJDJ4FU1c8ell5FKv1r39aYiSNPaE89xCN0xUOPDXBgpIQHRoc5SRGJ3ywkGGX_R-57XthIlreeHwPqHaALbnlqhAkEJMsZfnCLmBT8Wa8yw5Wb3DLFq0C9D4C84f07EHlJbVnE-caF8ifJVcxeP1jRTY6IwdrZVrZWfSf0iY4k95Bs6KHz7AnxhpltDGJEHZKNeMOsjv206V8F03C4kcz3M4tqAMWzPEHpLDXPT2IGa4EnGeD2wTLOwrq_fIW1_SIuyIkRVk_rC3uSn3-Lu9u7hZgySJxr20PmnPNz_Qw2k2i53gA-wVHytOttDKQlTop9uYryACFiDGhNO61kYUp7uTA0BNB_NK7gsQDfPM7VflQTtMTI5BdTRY9nozDjao8Yw029CtOioXgPW79cNYOxWVauyAYbiCsZ2GeVtATBdVXDc=	gAAAAABpEGkyo9osQWxNDIfMEqKS-Q_5sgLO8SSUXZCaVSKCgmtwIeDsX05G_2xkW-Ecf6hJcatGCSqM0VFaOJ8lRoahlCKe86v7c551Zh8689dd2fAu6MA55wWxPop3-K0UFzBIEQKKntK58i4eqOKS1q8Ky-shPhwLNJB-SkqdeUBomTuz1eRvKT7CzBzcLX7r4AvgzFmiJcmMTkOGbO7OPZlZ3PQt4w==	2026-06-06 15:45:11.587538+00	2026-06-06 14:45:12.588974+00	t	t	0	\N
307	307	gAAAAABp0J-6vwvLfAyf53voRzkROanTjilDTfb1Bz72tMmRYirJuYH68YLyC-dkG2nk24diw2B8VzT_FXzdfLCOOSJebEiNDvmcLQRAZ12oSSAK4qfb_qG66HAWsPUImhx6ubQxOgb5cm0G3aAQLs4EYZSDd_-GzAYdVPN_-936dgZkvO5mJ4unrh0pXJQxsonbF4mzNNMdLejuHvKtlu41w3B7y7B6or_XVVq3e0lGiIN6nuapwOSOe87gpKtz11kUSRJ2wsZTO1H9xR5-U8I6QsGc8UbiNkIor0l_vNR_uNYSMyUJIWLzd2Q-Y2Fim32u-ffzA_TcXSLYxfPZQn_phxwJJBfHrr9ZwPm3khEl4CiEiCLA_MUjZXgj-2EqoXgMqv_0M77kvziffDTXj4FRMXlAhw7NcQ==	gAAAAABpzbfs5Sd6t1rYgsk8PwyHj41E_Ihk0L0R9HkMxn_0PFapnYbeqDe8uppN6-yuuFBBtCa8nA3oKSXzSZ0DHL3Zzqw4Zvhqm4lkxi-GLfSjbyYo6tTt8ormZhLyl8B1Dzk4lHSbaizETy1yihS2Aqgfz-oV9TNy0qQW3tEuzRQnOuduYFGwitbq7HhjkczymyZsqliTwpev0k7G9-gbyMn94O3z5w==	2026-04-04 06:20:57.483757+00	2026-04-04 05:20:58.485678+00	t	f	3	2026-04-04 06:55:21.742531+00
31	31	gAAAAABqJDJ4yjkbA5GsbGxkOishvIiwQ44nzZ8s3d8IO0JHVj2QMbq2Pwyexh7m-SFMu9SYnWfuS1v_62AqgJ3x6qp3J3_2ztZ1yzjSg7S8s7wwHrXSNX_jeu1JOb5NCeDmFw3qtVk59hohBdjfTRGizIoWzRgDhzfqY6J9U2TBZ3ttPaP5-BFwVG7luCzXpPLYVZfWhF9NbCEPt0mKl9Hz6N_tDVwOC7iiP31lpmVYyP5S5vslaQuERCpshRnP5cp_UZtqGCLJhA4Ycc-rTdQXQaBsJ4S4qsHXpFNXSpO0P0s__VeR_U11QAXCcASMiSYFZL6dIdMxi0_UTziswKbWFReUmv9gHvCkCrH0rKg9CnKHB5628_ozXOqAgwECuaMI47xyxqeRCwD8sTatbwYzBbCfyVF-JHsHNsagEmLIO1vvAgdJflU=	gAAAAABpE0OzC63STBgp1S8wlJcirjWt4c2bzs1foNe000VLonyU07AGc7wrlN-jlM5JWTlwBc3lAA8yteT3tmHenGUJl3EQV4VKrv8NuFEmgDJ88awFpsmmOaqr5N8uB5escvMiDzNnGS02Fc016QuKDTSREcnjVYHmnPM9oWSkXqOaRN1oklb8_6W-SjYduXwzPDEn--k3w53Ef1arMeei3kL9GSWg8Q==	2026-06-06 15:45:11.663264+00	2026-06-06 14:45:12.664655+00	t	t	0	\N
42	42	gAAAAABqJDJ4M5K5cVD2x6KV30uJFKiQoBVP211fHitrY8I6g-o9s5LojYBKD4C_mrK8xiq5hkKnt3O_6M0ukl5xvA_5duV2cK-joow24qh26zhqdG2EnBsgG_Xn4H3wbBQQ3GSpR_r8N6IIo5R6aTlqSwGapUs8sqiyTAFAKpuMLqyzCCW-qnog2gO3duccRX6uo56sBKi1aoFs1638EpENchysJnjR9ojYKHbv-jMnotAz56iA9gwgqz64_RJTI2mvpNg27L0lrOv_DeXUHH5Hq_ipNNtdjtBW9sGOLujIT_2ZDNCcHhy74Xf0if6pLzFMAhxuFPcPlk_5NtHt8v5X0iShKg-zgHrAPsmpljbaOyojT1XyQkwNXijRS3RgJNZd16Tt5lfzdeSpYGNFIEFO47FuzZP9eptFu4XneFru7pIYhe_weAY=	gAAAAABpK2r8FJZEwzBlg9mGJgejo4s4sgCHWWU0Yqqi6DyY_Drf8VzbAj7loS8fUHH9MxcZs2zRJfh9pvA3n1koYqlZPb38UPFDbJTWBE_VmJlHbNIs_XIrgDv8_sSVc7qN2n3ygUxMZa-R6QSaJmeSIhBXO-awoUoYkcYd2itqmIwT-DV0H0ssWdRHj_7C_2GieX0KNepU2BPBaBfJjFft-qg8lEzjgQ==	2026-06-06 15:45:11.74102+00	2026-06-06 14:45:12.742174+00	t	t	0	\N
273	273	gAAAAABpwc6tV-3UKhVx4p04DqmSbmMNhzRN7DTTj-47D_sXznTZUrFLTPeXF-_IuMTtSV0McOwOxMRpBWn6MXa9LHblbRYSUzNvU0MPjuGaV1tYiclDngk3CVddqYpAXWt8RuUw1QXv_FfkvQVdbcO8ji5Kvth7tq_7CXz6VuzjrmGA50BA0IgZd7UDT7ShydHxJbjgFURSq0Vp6oZzZKZi0CERlusym2IWb90DAwlD9LGcCkFYXIjhmytE_oW_O25korwlIJOZtRp60X-rvKMDCZmJFq9MoIzyUgLMqL8K917pURtaU_njDgxC8S6Ndiaq07UxUZLLLMqPzHvdGuwduS5GGNWiM0j1RU3LTewlsJ-w77TA32ZD63H9JecNTNkCb-X8sphlzcT6NofQdCDQMbNZo3pb7w==	gAAAAABpux9GZ67m-IXn45tCbN25mzF8phBe8Ke-8JLf7yJ20a4ImMvQHnw2TCiMsuwvJ_dEPijyKZoSZ4nmbq-SDUakkA4UT2eKpH4gmDWr22_kw5SKWg5My1CHldjp61EESTUsoLQX6hwdFMg4uYLRoOaHKcTHC9u5d6KHomnzUiZ_XqA6YHLWn8ylzXgwFFy-rR_KEFLLLJ6faoUXMaALHzJk7ke_sg==	2026-03-24 00:37:16.591459+00	2026-03-23 23:37:17.593219+00	t	f	3	2026-03-24 01:11:12.706937+00
50	50	gAAAAABqJDJ4IwiOnDiOIcpXqhz2IEcqZ06dIX3Se1f2OS-vINFSKzOvrUedhi-HcrBPYLs21tbWcxqERKPMTaX2DKYGNn3wyYCt6wwm1stXOm93eG4qB871Ov7U-owWD09pVnVG8wOwmVDD0T0byv10swvDsO33HGBas331I8vN9I0ftKrujHUEpPBMRO4hC0NegY-aYi8GK3hy6fVOLdePU1ATwi0-C7YBbuBLHVyPuwhKv4_Byy3L2OcFDiyprSxSOagF0f_VKi26rel7oQuyb26CyHUYuPGR-rmEMlKKOCzoPehKqSVXXJWQ-Hz6NjNGo0xFTfgRw3YbRxc_oR_v-aE2Dl4cmt2umxAf6mxURoZlFZ-HEfMQR6VZDL7OxE-x3w_O9j3l6eU44CERE2FBr-FTqddPwYczERx-obeGah9kOd9r_Gk=	gAAAAABpMIdgxutNDGYoJgPhqrIdmEi8Pup66hXNWvPUDCYXvXq6BX-LR1KW8Ljuc8w1kf1ayg1ned8egUV-H_01s_K_yYt4G0gJl9Msz7HpbUyPRQVbjr3Stp0s2by07p0FwQZ9ZUI1NwVVpvR57AgWPdzo46-LyrMxCD4q3j8nOdT5yGa-CDbY1_DlL_WaiWSX8kEEMjVWpybylXdPaCkea0eir55kPQ==	2026-06-06 15:45:11.803431+00	2026-06-06 14:45:12.804451+00	t	t	0	\N
304	304	gAAAAABp0J-7j1pLckxyhd6sfwMRB-9VLvf-appocW_15mrkUoLkfCmp-b6bbhaRtu4IgafsbR2CdqYaijrMO4aVUpSg6awOGVJW7-Ggl3GsB0rj6Cc6Aw80Kb9761WKqvv_NqCZ0GeGLipMCuwvcA1E5WnsHgLmZGsQc-qIw-f308kqnjQ9MXZvF84UQvnULumBHVYXes4GvuU1xd35awwO2-rU1S8erSidTJZgolDsacIRxsTleCxU5hEQyXzRYFAZ5K6X2LcP3sCfsJud8I1_rShCt-8aHP5Q873iYLeBRdGJhgkzfxx2KEhHU2EfiuyIa1SLfr7RgLYJoHRz4fugWXSp88xdyIUgSsYaKQ-JHzz6EYuB0rabMPaF2mLdvQMK06ZbjYIkWyzPNcMNDMgc4I8rS9j5UA==	gAAAAABpzQEvPlvDQ1_Hsk9d7GUqtBwOeQExKDfWqvb3c6uW8eXyaobvh8vA9z5i18NIAfNROShI1_xZ8oGrT9t9P4Pf596F-gn5LwmFTQqWBaou9bxuiWCklcfDaXxoJP1M5bGl74hnna7u3vwwNWNXabPfxc2svvdDI4DUg78QWhCrSqlnzLQYjJCJ3Zov3KezOv_yQraSEpDDM0WpAL3nKme5YzLtFQ==	2026-04-04 06:20:58.387422+00	2026-04-04 05:20:59.390009+00	t	f	3	2026-04-04 06:55:22.269029+00
71	71	gAAAAABqJDJ4GRmt6ZcJ-zmAUekGCVgZsBbBZnTLWiR9D8htymBOSJSU9c3yhmPh0eanYqPTDW5Qvc_pmn7lsVSt0cDTAV_7NM8aC7-3BfO-OFxxFG_rwPSfSh-g2_HuxmXUegKXkGSSHo6tBED92jgiUBFZcW3zgM3Efl3iQ8mM3efH3JvwYjDEbowos3nNS5bz0-A-tCN8826UaLGCsb7d_Y2rKJmdKsjKoF3KfSE8pjx72GVcFpRm9qORyYWHMPHRciJ-wRn0fuS-A9kt2U1HEYW5CUvMiAhGsJuCSy8XF-bsuEMCjvveGfpBeoVjpLjfrElRboZ07ZeAJicab5sJT_0alj3WEOVawmwo-8a26FoQwt8oDbA92woIQHUiNCSsGLGo4yqw4Axb3V3692zdmSHsBNzilmlxJCdIPDYfu0a09PxYSIA=	gAAAAABpND8RAmAp8NlDjVCuZnkl_Q2e7i0vmw5jmuAJ_nvpsBs83ibHYUKGUderazDiOLQkLGMBv4Fyw3AS7h6FmYJAMTe7axXyuyFftbBXkmpUer6BM1ns10ewyMsJ54y9ar-qfHwBjeDk98cUK2oEcdam49ILA33VG0S8ovGVZGpi3kTG2V1ubl8rNJmPMeJZnD_BM_laQoFJ6uabzk3WExpP542c4w==	2026-06-06 15:45:11.859373+00	2026-06-06 14:45:12.860236+00	t	t	0	2026-03-12 15:28:18.623801+00
232	232	gAAAAABpiuABjB_uPTtaAzgydkeSN6HThVicWEg7NzNIdBeJROR2SaKPriOFcJ02gOWuLy0h9fP_8ZC3qooF_4tdi_4rqbV5-4XMp-dbrk9dDuukHwoJScJhqlViw0kveAdr7IHsV9rpcTFWqiQGpYaLBvMiKc3W_xj8b3FOeBAXj_MIpWm7znMENdPXTLl3rh7n0RctgeZUrP0XA8yqUBSanSc5GGEw4Xt_twx1g9U6B9KTs3AQ1d6GJz4LVB4JxOLUdzZXkZqTKW9VrSTT_ij8yX7cEnewNjSVCNEb5zsAf7u2AXX_ES2qyZenjXp7ReeR-ljWcVOCmj_a08bJhMn2Yfl4m5yraGdS4XSBIvik5XlRd9o-xNCK6BFB28mzDv1efEyH7j51if-6KdscH5pRVOgLk8g2dQ==	gAAAAABphQ7U5KSdP3rdujF4zhu4P9ul56A09PrBU9BLAG4bz_zJVveUnA_gqpjb4KGDZrfm4KkkL0vjQ6jXMQR7D8k4gCd0pYZdlHulZlCZ4m5WWT3mCWRBsTmWgDfol2rnFr4fbLbyDTO7oiQB8c6nJv1eO9t0UDvejHEGkiduxHD6LCBMuYkdToBYkv0258MJQXAQpRJrCD2AoY_GCeH9BYa40XmgXQ==	2026-02-10 08:36:32.39069+00	2026-02-10 07:36:33.392995+00	t	f	3	2026-02-10 09:10:10.692922+00
95	95	gAAAAABp5HyQtnqzANg3p48pR5NuKFJ-TWcXlf6w_UbJrP9EqR53r7WvW1QsFLkK4EKRstFfG0rdED2ZV1HxA6EWWuBYQr0tzW2IdDsN6paJEgyCAP9wBy5rPqwt_P3TrwKRlaM46eV7E5bawbaefDnAOnU5K5pm1RrE0ZNg2Bkn2IoZeyPx1tek2QfEN1LcTf4BiERpwztflyK3cRHgcRTxkOt7gewsOTYumFmfN93rZQrt7O1J98bbsXBgQTdNExKqztFjWCqAPi5d0FfUJBap8aeITw4gnKT5FB0WCXRFYB2IX6whJkmvPNuZTEHikWf-_YUHpeg5L1O8KxA_ytLLgY-W-dg52-nuQKaClQixaCTrjHHBPzhpTnDtNcpI5rQvHfaz0WuicXW2EMExpaTCTzi3_jjUi34rCaQiyEl6v9EgDSedsCE=	gAAAAABpOEWyo2Whv3HL0WuQUB5pH-XD--x9Q8cvfxndX7y53rQLDIYrfSswqOSd4wTwZ8rrwsN4m-YHTafJK3kfA-r0Iz_MRII2sdL9kOjteRavoD3Hpqv0flPMi-DEILq_kibbFIafLbXtcyfXrzOrV0MLKUQzg0ROOz_jso7pI8pSZ83ocafMw6GpemNSggYo0ECIK-xXnPUjfW9IpalRluw3YmS5QQ==	2026-04-19 07:56:15.438437+00	2026-04-19 06:56:16.442193+00	t	f	3	2026-04-19 08:30:10.136037+00
79	79	gAAAAABqJDJ4sZkcUDskaq2sNOHr5-r8DXHKV7ZSfpQL2UqiAgKhw12j5b1SGSLlzfXXiLF72xM9kAScwHJ8HpNSE9D5jdc85m7htmnyr9ordHZUR5wXfDPNIC5AFD5hgs3XkMkAgbdDAUTVeQ8pjPHIo03up1upBImQMdMmmqlzQWeFHlKWmKs7YmE2JU_Nf1dxaf05-3wYvUJJg6ODONiGP978HDwEWfbS95KxIU34J1uT_Yq10HAzCm8lORvQVEoGIu5IsYiIpnl0Uxb8sQ57aB_ksKnbD7H1yF0_izrzXos3QXyUakavg1-CSIlKBOL1fyy4wLVRzhblXoHTzFXpy1TDDrV836h5T6IN-y-LCS7SrEGI93JYDhmUwE_okdYGptYzB8pc8MBogwHqEFbUaPc7xcxd7lJmx0dj1m7oULbfVD-lcaI=	gAAAAABpNXgXKmrCQdNnQw_Anm5-jGL4J762V16T-lo-Xy2br8B_87rGriPaJur1IldusYNFZaFj2vfqbnH_GGB3g_pRSSWdtoW5pHKRiUriFruXZRP_91jUJ36c0EApJa24BqzYuNYrYm7O6Dq16L4AnXX1Vtz6piWvMdeSUqzdBl-XydtUXy03f3epYN8ocG1P15gc1ibDiyg4aB0IW8tDFiB6qW814g==	2026-06-06 15:45:11.919571+00	2026-06-06 14:45:12.920519+00	t	t	0	\N
313	313	gAAAAABqJDJ4KzgSEA0fyatL4R7vErTM15-oD8m00vgV6rG-kNEjH167bLZeThqPWZYiCytTNRH8Fb9VKMmikJIy6ayImsoJJH8Cxb_X2ZvbNPu47osNF6d2m94HUyc9xFU6AS8RlJpQkgZh-afurFvOpidKFDuUJPhhDMox7p6yate1mx9ujg0svI8u7SEGcBgm9nIkF0Bq9MAjb6kUu8Lt8HVT2E8yq09fDNNd88x_n1VDqGNY1cOVuNA1eUfv0oswXMlNi2Dw1DVUYmoeEUrWPvKfko5W36QK_9D0XUjCuwIto_IAxS7mnAIUWR5p9MrEDAc1xbGXQC0t03lV2oJPsB-kGEJNIldq2cYzg2UFRasSeycP2DAx8BKGdfRXthx0_j_Fh--a9ZIS5XyD3bzGKE5Q1haYnw==	gAAAAABqCbnjYmQs4CIm131jCJVv5n5gwZuh4JpZa8GyIF0FqA74osNUnDkfIPBllvYuh00jo2BRkH_q49eLt-rtCG4nCjNyjTR5oC93x6C0VMj7t4QZazJuWHNQJJeuxktwM-LdchlqofgQRM5vWrk1AnYzte6QGBx9lJHNmBy5UehPY1O9rLo1FdLCyF3w0ho04eeFoKWDE5ccj6OUJJ3I6yaYduMPOA==	2026-06-06 15:45:11.982312+00	2026-06-06 14:45:12.9832+00	t	t	0	\N
83	83	gAAAAABqJDJ5zg_8xHXkqfUHMAIWR7rlVfAtQN1JQ4YKZQ4GxV43T_Yf2SIh9iacvZ689FXk8ardytppgLZm41Mfjap6heQf4ZzUBsjWtKF63ntxmDXtf9UR87Zr1cr5eJB33oKSzSn9pePuEIDNTQQVG4CXC4OJ9vYgrXHiAd_1mj-Y0vsRQlwZFbvXAOMRtc7ef20sk-jXLLnJyBqH3GUnvaJHp3MDngDfW0WQ0mukOZ-zlsjBdrMuN02n8C31aGPBaCmOQv3OB990CSjEBiVlvWAxX3KBLwEjb14Ai3kKZ8ynmXkbE5DtkcrlQ4xOQQzOvMdL8Wn8WgMQ5cpxXGtU0eRZYC9fSxiUQRm-NkXEVIRCt7obRR5aFP3N8oTLMVCDYzAzaE0yUJy151UclN08JbiXhL_Z0lgKt5H29tT-6LC1dIgDWjQ=	gAAAAABpNgGcb7uSS_3MAsWboKOLdUen_e-K6sghXqQ-A8r5wjHhvdPAUwOksmMDxQsVFYsYV1ci0mMokavVNKNNhwWh1yzGgXyBwiJzoURX9YSASauWd46UEbknqMXfplJxEK_EiOTAwmLaGGn5rJT-EymanPLZDymW_Na_2ZN02v_jJMUZQvVIkFB1nQ1KoYWHeMRxFpHIZo3pTDc6COYeyTWxTjRE_w==	2026-06-06 15:45:12.039346+00	2026-06-06 14:45:13.040517+00	t	t	0	\N
303	303	gAAAAABp0J-9RVVZyHyVh55ynky4NDnjbHXTp32_FgydffkCVH1VTy8yVZ7gA3Rlo16Mp9N4BXdcenZq4kcFQOOoU6JNje-F2P0cjz9rUmPWGp_2j7RgEZqryaieDH0TZrCuQ9Phh6w6RzjLLMxGTkOufU0SVuZzXzrz7AzwEfsULXxRXhadTpDDpe9AeO-kDT1fKLLN01WjraBVlloUBn51CeFw_WUMK10rud3vr6cZRiwPzBgKDjr4Slp--22bCOamVQN00jncnm4uA66O-vnmgybFH4TMbD8wVvDjpBEz7a7Anfc1vZa0NLb7lVfvfLaI_cb8Z8lbeWY-vwcp9AC3REyL9_a15spJ9o8Wp0FIzAM18ip7LDYaGTBH583aTTcWYgMjaIdw-ZfBLyv1UNI6EO4qIP4ynw==	gAAAAABpzQDGi9OGt3UyjlBYtLRuUqlAWlWvDDYEFaIq4hrcKo1sgAVuH-uzTnYMGu3QqW06TMh_3qS7xanWK2D5ct1nlinTLiM-InA2UE7YVdK9hVqDNGrc6WEb50gDAD_5V3YyEqiIs02X76joTe7Nlkgehonpl8nPkf7hO4JUAyfMXv08RlYEnoRM9sgmhNh47dGV0lXrIJDgIVzNtBJeL5qt8ZolKg==	2026-04-04 06:21:00.995564+00	2026-04-04 05:21:01.997801+00	t	f	3	2026-04-04 06:55:25.257629+00
84	84	gAAAAABqJDJ5iG4QSlVid8X4OzjjzhFDXUymzYEHqGohQUfmDtEQlNWVIfPa-zjyFVOuivzv6TBxsmhNhYbt39e3nIMDmuPbHWRcOmYSzPRkyc21OC4DnN7nC_tKunJ3NH7_xgeHAgpQExqyBQA0p7g276w1wNOUDnIj3TPCBIE_Y-ZjouvIxMIxMEWs26Fcaa2__y94L7uWObx2Q_oHTqKOVsK8TwVejjzUHn1ndCiVKl1EMacFFElYSX-mjBtBcMZeHXkNy_VJN4GD6AouDR6UMC_EL4Kz3SPqyNYf1BeIoAdICL2MfiTT4dns6TL9F7yNl7xKBymEYkHBPnWxC1P0-MiIO0_InC6qocHRTA0Vwx4kX_4ZxH960yBn3M7VAS-wzWJwYDNu-CKp1u_2oHoQS3RblZKty7vIZ7qen8ot4mMjrb5fSmo=	gAAAAABpNgLLlyHTjEx6oGc2oCZIrtcahX4j_D8xWzi6_mZn78vSY6fiLEU07aTrU8Na8Y2k4_gHS5AhLjy_O4QaaKtY9imeUo7TFa0MD-_her_eB0ijV7OXaADMf07SBp9xHlKxwlz2dtYN2Ewe5hMennO1ZFlipxsythpNLlBOeJyZ2MX_OFNalKKKM4AQSYXvhcDowgul0jarzh3bFMCsL3X1zuorVg==	2026-06-06 15:45:12.09555+00	2026-06-06 14:45:13.096502+00	t	t	0	2026-03-02 19:24:40.180411+00
89	89	gAAAAABqJDJ5h5JPJEAg5qFjA4MLckOvAD92jhA-8_Vm4awN3ce5mMXBcYRjPSmDJL_i3_UOeh5RjbR0_ZNHykJKj_TezSNwDrHT1aaHpQFKHZ8AIwjloiKSagYsmAdtZC_0DbdX8QIev1cy-D5ny-LZlrH57TSXyBkWYOCpH5I_FUIZjGZjvI8oa3xhHNXhiUCd17JPPpedon0TdKP3aYdOnaCoB2Ew6NqO7yMe_2niQpxgnts_UbC9Bzb5GiYQ14eWhN4dpgniSURw6U2O1rDEbUl_ZgkDgSTJW279QHmRQOEjAjkZ8-J-3HvMeRP7fRn8Cd29A6KQNbRxa97vjwd4OcM8VlSZMycvr1yV8JzfIMFkHwLdIhKo-FFHkJoUHX4zq_Gp_9Ru8y3PfS-Cs7hlqem7BqUio3rgCyfqVspwutkXyXFEl8w=	gAAAAABpNvaIA-doSCcNtWsC_eu9dCYlFcKSJU7mL1lcni7jdgiPwLGPfTHrvxJUy9MHaENbnOjKY_8SA11V4CejPTuBd6fOwrSBn3mJtE-yXX3QrBjA_NAv8tL_1cNAVyqyMm-7P0h4os1Fg6pnlY6ImI28E0k-6lIk3fd3lMyAWU2nw2W3bZPEMJ0woA8bqxzZeqyGjLf2BJMSXZoO2v91EKSMjuzB1w==	2026-06-06 15:45:12.160829+00	2026-06-06 14:45:13.161881+00	t	t	0	\N
70	70	gAAAAABqJDJ5o0l1kfl2OO8qvnAMPjg-WB48ggUQxqKu7_lLOcTYlS433tzOxpQDR827_C5cH5v8XSY-V_rHdiOO1YGp1s8dnIZisJ2KHTwTsetVyUauWqirOTNIq2t_K0pL-c4SGC-k_ciz7fNZO4xMil6dxGirbS3-5oU1JcC3AWp64KQhEL3EmRdYFQg8LyJJGV2a6xyGxumYcwGh3Ad7thLVyathfOlyEUQsRL58mFOEElhh16uSCThZZuli0Wh--34fAXZ1AVdV-D2vESYv6fY6cRmlveEeUc_m4B1UclVYClTa6kwaLgm0cfOAcSIYzRY6_4huK83lI76kU5BMrsYecRDmswU4teAnlv_8cp5AFolfOHAS10olF6CRDApkNI6debf8oKK5hoxtqVEkuy--7MLNjuK1dXIM6MRslZHmRCrmVaU=	gAAAAABpND5eWSaCBXg-97blCVk20IVS9aAlL6sx9xoIvf3DjYRiCU7iZE1vBeEMMlVL5eVb2SV2uThjPkug1SjuiU7nHsmDDL5UFO-OE9D3dv7hShwolGSbaKoXDqgLiGPgtAJNFX5g6XWlq_3Q1tjfRHNHEduEjIHUxBdBQdb_dKIoXeINHjzWUc5IW8TIttoh7IuQTiP-_F6LHmryx80m7vGS1IdIIQ==	2026-06-06 15:45:12.224847+00	2026-06-06 14:45:13.225987+00	t	t	0	\N
20	20	gAAAAABqJDJ5BGY9Sy3XZrqviGyePYASaLFrIXgITJ1Cr6nv4JgFFxoOsXCLtLi413LneJde5_-n7RxaPTcDuMb39TEg4DPKTBAxOmiE7IDw-TYf9ag60EaRii9ZdqDophYn0xYV7n06XKj_PWZ2V2BaAmt0qXbeWgaTsfzbcsSeXFPyA2tfsLKHjwrVxXLKm29rCAfnK0jgbhz7XKcylhGyySHK0507IkVO_n7FNbp8cEQ-Rvntk727wX9xiL3OMiAEdVFrc3u0FZ-gw7bi9TPPu-QGuqHN-zN6GY0OA_KJNo1KOupMLPdy9AphJ4TcUiYO_bRYXgXpGnS8E9gS7MzFVC_RYWU2VJUl9QrDlIOdiy0AgE1pusTUuC1k6wTYVbsEc3R984sqZB85STFd1L_DqCLrAEUYahvJsg44wCyJV2R0hfkwhKk=	gAAAAABpEfrQ_H555GZBATAjQSp7G0nWqhhMkdyRbFjHzP_7vkzqRPRE8nU6lcWIzETFDXkRdRhM4W2DLSlvzEaLeqv0hYkYWPPuKsc0A1IFYG7SDhvZr-4I8dUZQlDUN34iDnngkuanqk0MONT8w1el4mjLJawqSjzi2r-N7htHMXygAFs-XDIJu94EIqYa2YLU_rPCLC-pN7wVtLaVAsLd59bsv9jvWA==	2026-06-06 15:45:12.285049+00	2026-06-06 14:45:13.286214+00	t	t	0	\N
52	52	gAAAAABqJDJ5Mu_HihATnqvprP9bTrWY3oEMFvxTjIAVe1m3ogn-9TApa4ZMYNy4J1GjEZowsJBuFonROM_T9yWKPrBuErmTZPkrFVcToo-pFxxlx5uqzq4Td1BSFGNl6Z7ysYsih2iYQ0UwDUtPoBUetDUcMVmOoBtKwg1t6oswo5JZQI5p9CQLJ-XuoI7eVRk7xvsJJj42DmKcfirlASs8U_TyEJPiKyIMQwAPBKfOI7SD6810QkzlbKqSxSr6CFbJVervwdQclX7evQocVjNqIzeUeAyoPt5wylghcxQO30ssrnuDAlVlZg5ruoi8XbVL10_wAJVzbaKmGJXjhWSSWiX1jnjWhs0ETRSLlhRLfG7Klnx--y4MkcF0qqUWuarenQZOwvzw1NKIQtNdQWqelz8NSb_1WZhfB9vCAWinhSI0I2eMB3g=	gAAAAABpMXRMndONC2kDhdaPlRKPDIKfY9v2CdkK5UAZNpwtsjAZaUSeQjvSH4ZOTgRsXPvP7GNoASi-9Op8irhQlezJ3gMQxjGFiNSRHvDbYHpIIyyh82CsUEzyzGNqmqPWQrt1AdpudTkqc-6hMkd1kCRC1ket0tppLlpNHZr7kWcEGgCLfziM_unxPpbCep5Lnxr8mD_GpL9Ot3DPBd_GaNPRO-8F2w==	2026-06-06 15:45:12.351268+00	2026-06-06 14:45:13.352269+00	t	t	0	\N
56	56	gAAAAABqJDJ53uk0VUXkdhXpppl0ID40LjwI_a2z3YV0SldsqVaqhf9iRlsi_1XDsrj3nYDrLDuB7HEM9Izg-2DvRCnQaMcg9moG8gyihuE5WSlJZjxOmvSqLaDKeNR4ISdnMFhZzKqNyAkrsRi-ogHdaVznr8rnySzjGCSCkHeL9l1OSNp5nC1-acGSPsnf4ZGH9uVk-9RzZui7Q4rPPn9B22sTZ1mYFQ-Pr9tHnpj8v0g79i626qPxXlVaxY5MDZ55taH_GT1_qLTDegzMmuhWOfDlu0LlAl8uKke-GCQpTM4G18AefoPNttKDL8GfDgIfdytWfBgss_u7hqNCRZNMk6s6ExEGiPpwyGmIbT9CQuLK8pQI0TP147x-qZmvDdMxUYJGrkusoVySk5OuMW_TFhlU755dBOV6HnsFkQq_msvcBRpntlU=	gAAAAABpMtkhgnc0EeiA7Dm6Utzx0NAl6MH4j14CTgBm5MZ3J8m9ETkmxeO4zHMISbgoLzdeB09IDyvYiRdYziUPAMJK3vcR0ztZI5k-UUEp7bo5qK5i1VPfgKd8cg2cfAAY4u7thTBraD4nmQL11zvQc9nnV8Uv3-AmJkUKqfr4foHt0SucqIONobf82XbSj8mBNOlsdMHuI5SnUT_h1pT4V3KZwEOOUA==	2026-06-06 15:45:12.423133+00	2026-06-06 14:45:13.42434+00	t	t	0	\N
73	73	gAAAAABqJDJ534Q0LK44YJlWBp2O1bNLbLvkvqL64Nz17HYRq420oT9vxu37wmi4OiqKDjZ9SV0Is12CHFPT7gtGaNrleKjwSMNggYMX-N2wRhDmBy8jerbvCAJPJhd2yfJhk962qtKoz2Vc3dg0jZJNHNmCg4gryL4nOw9pTJ8JV3BVKNICsFD2AmT8egQ_lpH7LLzzQVcsVNw08JeujZM2YRZD83fySCf2jhoCUB7vvTz2G4YKBrawz2TowBVhkS4ylYQFBOYeJZx5cFz775AlKuyIF5jp4z6dENVA74m_3I8fGwQ6XwYxAzWhT2cDPcBK9F3niJMzP7BZOsNfrGAQ8diEiZKoln7f5O7sdJoWrJKudmlFtIkQSxWDStdKmHKcGrl95oJqOHcvuLe4FhB9cegaETLsksFDu7gLLEKFle0KXx9bYCg=	gAAAAABpNFPVCOaMwxM1ufuWTGadf6FKaZNvTFK9l63wr_KdhZYAhnC9LrToxAxuCllusTYL2JpyLp_0GzMKVlu_TTceOnQdWrMqL2y9S0Xd8RAHGQmiDeZuiURjialOSlfibifLjQX6GwA2W1cjCbQ2L_5IqdfL6eE_cYnwYQD6pF4EC8vWIrQJJYg9FMgRLriYedOIzG49KecRaEt975D5QSWuQAZtFQ==	2026-06-06 15:45:12.494817+00	2026-06-06 14:45:13.496491+00	t	t	0	2026-03-24 10:05:45.561835+00
77	77	gAAAAABqJDJ58E1Oju4aNfv__ni0kGJecoLwWFmt7ESOQaMvffcb5xznn9K0B7x7xmfOnqkaW9WSUBz_FfgzvMXsVwySwEH1J2zKNzIRKz34aw2xWPe4wMMbNLSP2-WzVbCBU6_yAG0gDTu1kjb8Y1bUkJFzobaoeOEX3PURL39vygF0knxtQEDv_DsOemIoAbwLxmRNtkCblxTntP0cuQnkMUwiNEZbkOJHiEcQs3Zn-d_1RcEA4Vtiapu6h79VKgpzHofTzDoFxjljCFeUgyoTTEY7GC4OPP2QPE4PJK3DtSaaFrgrBhL_KjKJ-QTGv9oIihHe2_BnTWWUU85uq4Xa362MddCE1igN2r9rKc_vjX_PokwLn7gU6USCikrcnGqXphU6YksWrUWBNkZifNbgCMMEMVygIhXnehZ9MWAcIzQK6Y-bZto=	gAAAAABpNVemqc3q3EJsZnu8n3rdYegq1nYDyyF9hltf5-dhfiNGu4z7xszPFVjOr-QG1LKa_AcdIcgIKTpthumRdbSBa70p1768mIEKAKhtb0ev1Y3VP9hkGuoKL-fLvZwS8dOoGtiHZr_xqfrpZ7vkP83xSr-k1pnOIRTWBPH3My9cN1NxgraI4_rrUhgMnTLl7Dqczzw9St5eRvZkXtNLChLsZClkmA==	2026-06-06 15:45:12.562226+00	2026-06-06 14:45:13.564179+00	t	t	0	\N
90	90	gAAAAABqJDJ5oEOUrY-oMEPMyO3O8fON0_s14nvKywuzXCZNqc7CjE214nbA20AH580zSTNCrocOTU4s8_tik4Nv2Z9pLNfE487Uo4vxFpuGgiE0IHq8CmE5v0oGf9RkiV9gPBaSNYtpa3laF0V3SgRfYEf53U-8Hv2LyJzaT_PMGuIzbIJ2SrADRYnagODMh4Y-CjM29ci-lPs68GAWPRGsEEZI44z5I3x2SBSEGQ9ADZViN4HJPCignJMMnO6MH0IryartLP7Srccv98W5h4r17lUTb3L_FiZm9w8hAnIbo-fN84gXU67QZGC3ad89yUZQNzTNrqkJLqbSCBoRAcDIYFIdqfh7987V8dFuSTvrJ0IpzLJTZlnixROfIqEQ4AdaARITyFr-WvNG7v2M49_jWcp1-dWvftFlubl1kqzbHuU-BJiqA70=	gAAAAABpNvnYor0F--gkaFfk8nejN00TUypBnR5LvgokkumqdhC40PURinFRi6ewrbNBY6ulNACPI6xSLit8rB-gJH3jb0dNoOyaULlh6CpRotq-Zr_osfIHj_WHnWSKQZB96_ifUrU8rHAcEHwho-ZmporpQ2eSYgrRlwo45iCgJud4O6jvQoht8N8WmF4zvlVsEH76ifdAA1hUD57nfjnZNpph9iYOQQ==	2026-06-06 15:45:12.641941+00	2026-06-06 14:45:13.643741+00	t	t	0	\N
107	107	gAAAAABqJDJ5H1YPMOglmr9xVD_GSYGyMZBTeNZocWXHy2Wg9kK8Fn4ktIsS4JYk6nyS0vgFDmXOG5vWCY2Or5mpoNMO0OLnxI12YAl6bucLwYWpQibNowF5y6bAeKpz2tO_lhw0HPs_SWx5vMajkelc3Sq0Lz2u7GU4owpupn836s5aTKXclJXzuT_HQc2oXzx3fkhmptKCFlPuiFoOfaEeZ8OrKZQJOz1pVXG3WPoDTzjFQJnfjZZrwYdUjWGcyDgVpSDB0nAn7nYgt8IyITFyFT63Wv1IBOzGimF1IrQeI9hQUifoY8fyfyqYXkHBOu7Yp3sPyN1jvQrnZzFxaxCrFMW-9VnQP9VWanrBe7GDJw-XFnxAojsZbSSLD6-A1jJnBBTy9qmB75DLxdO71vXRrHMqlLUpjna8eSJ7vhXvDat0NfX0CtY=	gAAAAABpPcWJP6c2KrrKz_l_DpvjRkhYsxyoEfEBTdZoNvEm2miDdkewlCnQR-xM-acF4-M-UMVHzhGfuDO_rgT49AmFXKmhxyKEY236kxXyH__x5dASMQAd0IJaSAlqI1_qzQZIlUACagalGzdSwvEG8OyQBTt97n2r9HwiwVgD94nOguzST7DNBBRmcIETFJ8NkSgNdS3A9_eZLRQ-dZu1lvq4c2neAQ==	2026-06-06 15:45:12.721903+00	2026-06-06 14:45:13.723944+00	t	t	0	\N
109	109	gAAAAABqJDJ5SV-BwU8Wi1zpxRECNIrV558DIhoheIL9Xc0R0ZYX0gW13zDJWeSKD1cs5Ne9wMReUN-rPTyn7hCKEfB71ELj-F8ehtel_AcKbfRNQAfGtYenygP1JKzygSeRfSKszc7x7TSLRSn5WVZ3K8dd81axqntHyORH269_3NmSrMAYbYSy6d2T-hdnCwnMwL6EJ251BBSt5SOodb6_W1Fv1FUCAdacn7IBXl-Eqt2S2nxwPixM76nuZR__7Fe-qNPs1_vivWT_kRtCdsg_d7sE7JxGoQYKfGRGCAB9RqRCq4CdBnyh1SymcVaErIy2T2cJ0HPDyMD_7LL3fccu-NHhAJOIhmYnFziVRdKlWqlgwjtEb7OF4Y0v9jrnjiKPtXJzH9deBwHF2EzjURMIT0ReGD6uhUIB_dxYQcEc0_jJuc0nVdk=	gAAAAABpP0nt8n2R-23CIPcuggh9JJsEoT8eXp0HyyEbIxcDh7hWUzy-pyZqGGYtl4BE4ww03WY6C2xfVhw72wWtp__1BV8uB6cThw19e_WDcav1ZiAVLMfNNWBWR3IeQ9KxEJ9Jw68X-m87oMwSsukFJUj4Wgrw4R5DCVxuRCSD6Kmn5rlY-nnc3-A-gy_eAATYO_DxpFY3GjC7VloO2rVks-XV9JsZ7A==	2026-06-06 15:45:12.796016+00	2026-06-06 14:45:13.798761+00	t	t	0	2026-04-11 10:30:53.463593+00
192	192	gAAAAABprcn4iLodi_OEuAbdURxLUj3wvgmxciYfRqbb-s6KPgFAamZ1o1mWCfOwsgQlXxVkUpka0S7ilLmwkqkikZ-m80avRIHc8BYAkl4lH5RYrkMgCoqKcY92UYJWAa4V2TXQa_f4GFw-xaR8DwZ4_PMKVWTKcEodqZcAoST7pjn-P8k1rhHajPw_Eb_uMQtw-EhZgq0Iwcu6qdVJgMOKCxqLIUx3fJgr1DdEH_DHRMvxRqv-jZGl6soKMfqMl73fSihfQsvXl-nTEHY4YpMmz4Rv4iGwLB0dBJkVgeY0o-Eiry9OXOTDGxlBHw-gmvUYvQHmaSwsUNlwvsqi2Ei7GBR8cbyzJVmrmC1EPTwogmLE2G9GygevsDlHlAQ43NsR8XkDuraUeCIfuB0r6mTepSb_tsuAS6MZKc-3awZH_-Yg4VSGKhs=	gAAAAABpZQmxnOOBHF9xIjGp6sZO9ciVbzGGIOC6EIVfH98WbF2GNNIz6AtJ8B8pC2BHt5UzHGYnx6_SM6GDEjjcD0SfE_1cEm2OCWYw5M-g0X7ZRfoWJ30x-AmV70N0mGW6qP1RFnrWNm1PTvp7qLxzBiwUgruR9Dr1q5jbV_5A2CpBpyrjyQ2ilcGL3UxYT_G7Sql_JIvO2wEaY4YOK7CdlBx3hdzn5A==	2026-03-08 20:11:51.776663+00	2026-03-08 19:11:52.780069+00	t	f	3	2026-03-08 20:45:51.586843+00
113	113	gAAAAABqJDJ5IvgOYJUZvuEMGvxVNk4zqerQ1aJkaq3YrdjGmsXIb1MARBnqJ3Q_T0flsBk2dOQd0kTSlmU-C1LhEYbvsZHlaACwIA3f79Oic3NjMHvYmt3nT0Q10l5msEwqqAzFduONy3aKsYzbaiMQCujyvbXV92J5dMg2tgzS63I3dmKP1nM4i7-fuGqIwdOpRm_MHS_RoDl2nHFYBd6fbiIEUGGYQ82aVbdIC7zPMUFppaELwW0Z7vOrr3ByWv3JA3uprjHriUhM9fAsrkDs2A9gzEshO780hzYNfXGw9OulQNPj_PZ4KK4VowdjCXkYaqmUE73zDwvwG350J4l4jl1OJ7S4AB25kL73Ud6Uuya5n8nJcN2gkkTektqQLxlmfJ1n3X-G4UYQ_A4scj2cugLJKMRFCxj4qtmIA6C3SiY832XEr1Y=	gAAAAABpQnw5FzexRFGbMSw15f0Nrr6Nbj-Gi-Vw7b84F6HsWqXNCGern9y9Xzu1Qi3QLCEa-gkzWWnr43x6PbmIsHT1DFxeMIxizomqTd7qs2V9LyjG91wHBrd-9XntCkTu5WKTHg_6Z57JcF_EH8936ftJ2FZS0LeIK4tQSZj2JbsICs16TjhK9gmM7ucZISwz47LgmOJn5MZW8L_wEb0OJ_JonrLgVg==	2026-06-06 15:45:12.864539+00	2026-06-06 14:45:13.865691+00	t	t	0	2026-02-07 08:23:55.491363+00
249	249	gAAAAABpnxfjca1t-VZK_-KTupdSNw_3h32xQDPM0g80eSv8q9xHMCzu9995RG72LqmknXbEW8r0H3tFo59G1qLuteCGCrqcoZIYjxEwmL7kHh_Lzh0Wg8eB-o8lNWq67rYCOaEONi6JxZ2bVMr5qfnUMuqPLZ88MbzrFFM-kwrGtISZEAVBANCVvtNQvqIY1o1iP_dIwcIt1sZBv7PkLMvM5ySduMzXNPSCrNWs3QPee-Avhfb_hLodefLk2pXbQA0S-ikbPRGGCWbqNsx6sExGsUbVkCHdHrZQPrHd-148xNCkzpDA0_kBDVSVh6N_QL1e6uSGZ_Y2F9IUKx9DdypOvpMkPeno6h7sYpWxKliJh0b8Baws6XOHKErucnyAtJ0SGPqtJVDQZL68M7slHEXKCPlTvQdoJQ==	gAAAAABpmY7PcLOnbyhK8Puz0ltFQadY1hMa8fflopy4TB06pzCQFUzri8inG8hT2U8Z_VzUK8AhN46I1fb0XkV2V0fMhwaGFlGpiRmMZp7Ttd_022mhaxQk_TO4kUW0DfBpg6eLWDehNv7wAlJwiJQNmMY5GmJWk3Bdt2nvuP4I-fCCJbEdjdpsMGigpqU6q0KgSANEuaO6ivvg81dXWUhU-ZrSX62ETg==	2026-02-25 16:40:18.180857+00	2026-02-25 15:40:19.184659+00	t	f	3	2026-02-25 17:13:27.603768+00
110	110	gAAAAABqJDJ5KznKzseADeAfYjnNdNwBJgfgCNwpnFQn8pRky4G0ugAxRXzXPcbf1g-Vk2M0O2cz8AulBP-M1U4D-Xd8HroY9-V_-LN5Ntj-kKH9eRBmgvbnZUbaQQNXp4n0Xz3tAyYHKHzBgcCCukEbNA5ITVAZrVC7TNyVlMBIoyc0X1QV2fHmDsc3NZO8ep1H9JMa4Avil4MZ5fKiu0u8vty6_Ry5UvlOHShVB6u99serFP5OfGKmpJ7_t_tYenf5eNb80eZ2eE9jDxAyMA1HpFflT3LyqQ4cl4s791Se9QR3nT56T8YmEaf6iG_T8B8mEzBMqzRVkjBa8nV9H5XRCDwIzMThnT_leb6hXEGnEkMPoWkz9HGE0xhV1t2lFx5vmsfn-WKp-u1JzcM2e1KFOSDpYw_74i7cvp4JB1cYWa2EG_ZYP3s=	gAAAAABpQBiOYjV5dBfvktdE9NC0c0_8TRibZqu5re7srAx6a1AGuKTpHcH9jTndSJB8nBZ5tH9HcFQxTnmv7DB_FDIPQSbBpDpfoAlWcnGa1oxiYjHiTXeTKEKsTuRptcnmJrgzaLdzSgQDgaEsFAY8DGqYJwdJPdLCBrVbXz0iiaWXEu7ppN9hWCxvRosj01jYN3bLEt-SBy3Xrh5fx7sK6-T7glM4aQ==	2026-06-06 15:45:12.933284+00	2026-06-06 14:45:13.935037+00	t	t	0	\N
121	121	gAAAAABqJDJ6cg1oRR1NLZXyODMD3o1KL8_YEs8aOR_56InLQCoA4Jj2J045POGu4eAJk3ReDa0nYgjtmDj-fiyKDeZwMyBs-_pP5WIqChilW8yoiOnVxnRXC6krvA0cfiVA5uUNe3UQou7zyinYBOjkNKD9daoCTeqFIOXsotftuXO6T2Nl0VqNOZMnkbQv9OZXAldoZVzCBF2tGexMw2MBwKwnaZY6pLCsPMdeMCgYvZkfME7L1jb2VghuHSFSlG7tnY-H-nG1gIJmbwkPdnWvD7s0YBVYf2DA0tuA3_qOvTrgcOD8VhGAQLvim7d2z2_cqs7ttTQhiVdKZdFnp4XMsaPhSLcrBMx_mgLYbwJCHZbuVM_F-F8Gutr2uJt6dlj99JCUqSUHpaIKpAcar3L6Rrdl70izxZT4ZJMNf6SWSFbMj-CEcSc=	gAAAAABpRwpTh2Iv94rdJmuEo3PEqhkDgUtWBOxNDo1S7iuVhMh4tzQ7N7tcEHRS0E3VT-JgKhjJIifpfX7WWlu9ymowUfUA8Ews3Z0XCSXx_SJdoWFDZXe_Jn-TKqkfyyzMNyfPuLXN40X7DBOCKUCBrq57EXyrAxnjUoeqZGaBc4ATbERLoL1SDxFhos79_7kxaVtYTb44vh1E-vIq4T6UvkJ_QIijSg==	2026-06-06 15:45:13.004334+00	2026-06-06 14:45:14.006388+00	t	t	0	2026-04-15 18:59:39.947364+00
131	131	gAAAAABqJDJ6XZUNF0Ya4yBLAxa3or93qtQ8cmgAQcxBNphxvWec1d6shUW4RxRjl_RlaomTV6DwVbUu8e-uOna2ZY0Vg87WTeIJT1i-xyrL2lzFFOH9428gHnJ-DKXFdrygJ1bGaLgozQfbzAVeM9b2MV9tdE8NZpCnLszLY-BDsGPmUj4UI5aG8NPy6QueAUVn8_2_2XXno4S5AdyFIhF2BbL_lci4TTg3PEmpg659z-Tq1CgJZL2eMFLJ3jQW6yn9FZEukIBDVcqL64i9BhbyYdYokRergRadVT4mAcIiYYRQK2_TcxqlG8GQpqLOA_N7TbRMP7pMgws-JWcil8QRJRr_hxZSWm7OqCOqblxAZDj1g0IPUKNqXVzOf1ft-23I07rJbOJ28H60Vbm6iYemtVekMTGNJKbN1jEzIhFzPXoA9OMEI08=	gAAAAABpSmKoUl6iCc1Z6moInWT2CrNtTWHokrj88OYHz-oLqwzSKppI1wBJSGnUxNeQ_gJROoZzMvpQenlWlS2O573TY9WzlS6OBs7LGL-aqiGcPWFOJdqrfuj7sriq1hE8VB3SvYec8N-NDwcf5iYt3a1oWDuzUnqt8gjM_9rEeg38hYxB54_qQDfhdM8EBcb6D6RnF0tjnXii4uGRCmr-lFG1P2BaAQ==	2026-06-06 15:45:13.082346+00	2026-06-06 14:45:14.084611+00	t	t	0	2026-03-16 19:06:42.381844+00
276	276	gAAAAABqJDJ6C79-9dE7K5787r5H7jE_kYXDSv_ETFge5kwz0YYdweXHVcD5jqp7xC8H715gL0hHPLMXUr4UuK4vqLKErPJwxB8V_xv9ahD3TFYbC_Sz01B7bA7jKQErcL_hMs_Ej4jB4vm-DxUG54D7tbigIXH19srM0pxaKAUQkjumaCDy2Z6T4TLFJzU4EAE_d6oHqvSIUbOg4Kk7gr5o8Nd8jsWxVxvRghdyVuM3Zc2m5_3-QNbRvd4M1lUyMDOeIq54p4J5FRz4BzyrshPVhjT8dTnJmemPf2IPGhzL6epD9BNludlyEgRcDzcUPjXzQiHDkuhZn2rCdIPmMrxseDyU_b9X6VUqfaVtocvMLE4IXPkgAqEKFEhrhc1jNWHSzh0TqI-weP8be9rf2D5TSOqFkPDSUtUpoGnvqO95qFVNDje5rWk=	gAAAAABpvqlOWdZ9ma4JBwGD0ZMX2nnTL-PhbIDyahHrTKD_Ov1GnXyOJhXrinIU4Aa5YxWvCSd6FE_jAvMJtuAGMULYJLMU047yTwCz8DzDbsTvhd3C3vL5sgvnqSDY030H-2BLwQthF5XLA02ixzPfjiZvODzBXfQ5NhbUBXzNbiqUns0SnyP14JKoRfGQevlbZXCEWx8k_6B8xyZguEkTLnxO7Ti8pw==	2026-06-06 15:45:13.157489+00	2026-06-06 14:45:14.159812+00	t	t	0	\N
293	293	gAAAAABqJDJ_qINeYQD-TxL-wNeABLpxk4MsNWJJjFJZvZJ38UzQ82MFwInv695tRlyff8OT_0oIOxWE2j-FxdT_gKsUhBdPA_AVyuVTxG1FQaUhQHfYLaN5aB7mWswsbCgNGbmrtGOJC-RqGA_50PhBHfE3m7exhhnHv_CiZANTlkloxT19fQOrlBI5saRhJYa-SMCnLFuF8GNS24cbAUuJiC8MDpp-pHz2gBf4dKwKhnS-IiZ_DfGn7eOnZ-fXELi9GKOoMk-p8MrBYNi5SsDDAFA6k1lSC8AP40bRGu-QD54xRenFdyYW-L-UcRWBxBHt_lm-RRBBhZo6oucntxEOAYTmVTShUoTy5YgdbWFJtEm44iMjSC_e2cDKHlhXvmdIj3Leqd4I-WVmeT9SVPfAIQKaewSvNkoiHNU8IUgwvtKENgN_yeo=	gAAAAABpw8CTq2eey7iX_sqBeYm2J1g6wegKxfqg988tmUf44R9BONWswVuG0GIyv4dCy6vs7951xeGKRdhGfQ1qJTTe_IxdovFKBzLn9zVxVMbzj2vUSKsUT3sTPHib7hArfCBdG5TWWowIrR2HlK0U0SdFO0oWytXzmlRnKvZwwFzfeFhFXxAJXKO9-EbrYraLcfcqFfJMR3VCCZV_Zke_7VP_prjgqQ==	2026-06-06 15:45:18.255722+00	2026-06-06 14:45:19.256986+00	t	t	0	\N
61	61	gAAAAABqIuB2jQh9zBLIeBKYs_HKYG-Fr1VU4Eckhafwx6DUfDWO8h-7MVbvh8kFvjyaFNMpyeXaZh1FVFGlHwacBSSpGv23WIQArKTcdp9iJ_SALC65DauzTj4LeetiDjJdCPKQVUm6IxzFE-9vZCiZJ4ZbI8IGFK8XiloqUbp3My8Joih5SQI2CBiBaZBIeX5gRmCaMQyEmlKhUORRH4adqBvXRd04R_W2H2mLe7eJ22nmtarLmb5pdH8GcsNzjeoBVe_5ACsHp-sTERpwIS5jjPf-dAysbI82GAswHOTD_udei7BVZ5iYPBqiZnrN7_d-IJN7nVtrAQ7p5KQ8lAE5sI6uLLiJPd7NvFw2KH5xd-e4auER-8VcqMadlBCi8n1RhsDnYxzv19_r2kdhbYBy3i6H-E-WHgIys851S6AAog5znwmzMcg=	gAAAAABpNCvxP8eeg6wfqYi4LyNW4zUB7kW6l4zxpTTUBDJS1H4LGHB3gEy07_A-ZObtqNh_dWpvNkeByeWUltvswZRTmTLEjT4AgMd-CrzMHqng1z5_awXeicL31glhQnnhIPUjndOerZlc9HteDM8GgPQMx74Xn8UjBG9VSUOtjjzn8C1IZrf03mww5ezH0m3WadLi8hyp4jdBmrWcHEw6gdxO-01O3Q==	2026-06-05 15:43:01.593873+00	2026-06-05 14:43:02.595247+00	t	f	3	2026-06-05 16:15:20.325194+00
238	238	gAAAAABqJDJ_MOXkY83kkBzDuGAPHPWWFp0DTDr7IVueZL_dkgVHNc4EZckjz_uUAOCe201r5_vyYaO8sI3N2kLVGsN3wT2qzj5okhVvQkc0FNbnLsfu2FnGZN-g9uN0NQ8xupWpaaXaOLsdIMS-QukPIVHrKD-t-kAM61C9PpNfkrPnmWdoFkJYWSayhwhEMqf0hXKsTbmSzq7PVFtIQw0I48JS9HDPQwxQlULZ165RXgBjFX25gP6ThApotlwiMxGexEBrrdZe4YO60ulyMa3I4wX4M9KI_anz8OFW2_luAMojlves4Nftaa1o5LrmDvksiEeiox55v4c3Hx7-ZSW9xNETggXzPlW62jbUOodRf2i_Y4-_xaMfmnY3HjK22jbi2QgxMrNbQQLFnBBlmxxbD-kFkgRkqafGe4t6e3Y6J0KuZm_EFEI=	gAAAAABpk27yNw74AONBZpXW2iIYpBzlj2BqefTuEtrQo_SqOtf-Dk9BNlovj0PLCiXFtGcMtGBVwseYAwezhnEKDgksD6hYKiV7hXaZTsIznolA8DrzyIzrVu_McOCtWIZ1J_OiLQKYQF8dP4yNChRAAzIF7MQgkmeJLqruXrpyFDVN6vBv6D565P_eCzyfE2Ofq_xqNGMJx0s9bPvpa7RK4TCUSo4bFg==	2026-06-06 15:45:18.332946+00	2026-06-06 14:45:19.334092+00	t	t	0	2026-02-20 14:18:28.132905+00
258	258	gAAAAABqJDJ_q4BggBCs3zufQ8D-vBjwPF-yRL0omWEaAkH6EabexAHdWvQbKdiGYk_mmVv80woXSczG7rR_cPxeHrQX3_Lfb2ffGiU-g8khE1bh99X-EaQkL05BU-rdmIk_o7591asq9M_TMCdy_PIRXiRsiCwYZw_uMtdChC6HEPU9KawmSMYHdW6_GQRB5PRQzCq3hn805_xMNWtZlprA_dJ82Wv6gYtf8u-a6ROMGYUDe0QfKlTgy-BAWIrrp5VxAf4ZKWUCqFtbSqgB5u2DIA86HfNHcnNsk9Ks3hBaPKhCQDKyEuXGCbthQs-LEe6PCOtOLrDlcVq0PKtzVe4PaSssTJt_Cio4jVmv7Pix9GwoTc3zx5KYq_aYc9Dj-XsRvkxqipBJdHr8bO3R_mj6Yd9Ne9TUzr0UBpgW6j8nLjcNan-Y6wg=	gAAAAABpparSB5KhCgFyl06tqfpyLcQN9u4mSSkMK1hWSXTR5M0mW4rPBRMK11jyTaCwqndU5byYP6Rqbh0_11e9YdjTOF-neR697xV-ZaOie0PvYz9AnL4FK8l-BUbdNbsgrYUMc7ExKHbiuuhAvh6_JSQF5tj75RkQ5-DqQarrehpanxw2BoQjnxvw5I_I5Uhj993OrQa2Gf8w5FLX0RjAMK1irW3yaw==	2026-06-06 15:45:18.415194+00	2026-06-06 14:45:19.416985+00	t	t	0	\N
289	289	gAAAAABqJDJ_t889ahzV9I6MEmpLclG_8V-JckSug7G0FZuvl4TEcHwsB0K8RkfiHJyebdbyeegA9B7lomwhMnZ02kuLXi7CbVF0y8ro3Iiqs5-IVaRQGIg6Te65gaRo8r3MxVWHSwDTRLRPPE4qWosuXilIxHTtbQ1F07x6d2VJLL46vD1krqSvvk98UqeeDS9VivLCY612BjlN89G4VUA8zDiIYe6oWHSpbM3CaKuIVsziVnrXzMtowMmzKu8CETPT1bJuZvVnmGrO0V19WZStJ1TvQfsrUh5Hao6s_N_Gv18Sc7KixxYF_kyT182sENqjjJwM6l8P9m5FnCmnRMphQvhIhRREDIpGij3yXwOrV2P5uUx51A4qbl13I5KNPnWVgvK7cR6GMwepWQE_9gY0d4XyL0v6Se0uirVPd2HzhYJIewd1Hlg=	gAAAAABpwc3m3GnCpHrkzau0hBhAJmiOEXygZY_Y4ge5BSdiI7zKXt7kftNPDbH0pEWa7WpnTi9r2nirmoZfoqf1xsvNQ6pN2CeLfPuyV9KwB1g9xMrhpNzNYPujptwGR0idVqccwk3Oa62yR9lGXtvdzMz2J29affjdcQryc2XNeF6j85rvqdDIoQ8Ixq72ZH9hf_wBflLKxsW0ssCLuer1HJ9z0MoZGQ==	2026-06-06 15:45:18.489346+00	2026-06-06 14:45:19.490514+00	t	t	0	\N
195	195	gAAAAABqJDJ_bULBQyngFNbFWY1pgtt3MVABBpRokXPfr5h7B5pAUSexMPQq_4E-E09-xGhk_FMc8rA4FjE97NsQwRouYpX0V19V4PszUeHiMx--uKbBDZ0_nyW_16f-rt6eg__zzvxPLKG0U2u7SbVfVc20qhaCAbaz_fggdjuYAxRsVWJm9hWUGmHBheKOyROpk7Ubb9g99Uzc9IXg4iwYsoyPi-dGenTRgHMSkyrnEnYoQcGw0EoVCsn7Ms-mY_w1oOmRDFBVF0ESaUeWSVZcIXSEHAlui2hmT-7RT_t-fT3-GDV7GmAxdrKdmc8HDje7Ygt8lPK5Yecwhp0KrMfp91dMultrKgA-llFsJuN_xBaKRXRiv_VdM8QJhSN-MvKeIBwhCciuTrwvonytSSVBt0wdbYEEIeaa-X7WnoFFKZKjKjvbWio=	gAAAAABpZilTJIbH6m46HVenQt6DGaDMNoQrvH_XD1D6abix4uMlDdAI7_Xa5IGXKN_vD9BEiul5WTBShNTg1fJdhc4BTnYprsdeG1mKonxTuoVFxPw_YTHmEgRP4hpQPmfrR3LEnLxitwfIyIAqoFBGhD41tct4k4n3liJB1CtJRgZxaLZkE_xU7JnmaizjrKMvRMPXX4KrBW0FTul9wpYbPWc9hK-ykQ==	2026-06-06 15:45:18.568558+00	2026-06-06 14:45:19.570402+00	t	t	0	2026-03-08 16:04:47.848187+00
196	196	gAAAAABqJDJ_HZnyO8VtzntBwJYLzqt3yvdn7q3Ki41Mg-1wF7osGDQksnABqY_JZGfdIFdAZ6auZHy4ixOwU7hkiYXpmxS9gMZbCkxDeO9D-Rzn6radpyAvO_vsqXCPKhsmqGNGJlRBK_2YhHuMF-Chw6FyK0Oyl6WPkDeDPDM5Aavh8hyKEGEVaPh6S2keCPrGGYDgioR606e7jDvthu-yT3mQImtSNYwXx695-PX6kmSibCp_FuGGDAUJVg5vs4f9a8iFjZaEfxTr5VxDhELWEERgMGPKWb9sOtZURILj3o9Fb9rPPVXB1-hCzh_i62lhUpH0fbpnMMbX9J3yxLMRQz1jkQrgL0Ym0aOQ7tQ5P60mK4NiFKCWhCe6J3ajJcG0X9rfv0-Pw09pAEnsuiCW10-Thi-2LI8oTFao7XKlp7_eaVDyxHo=	gAAAAABpZjCMd2BiNtLAlLqHoDDf_O_MR72vaYuQ6Q5Rx5KiLGBdnydNgxtUKfRlP16nG5QBx0Nh4Gj1sZueTnBZx41uEC7XLuZ8nd71RGMs9ItWR80hdsDXHLnUeFciZDxUPolSYqJk9bxm-FL46CAsrubW-eOLRtusc3YnK6NiG_cCHnIzcSeqwc3OZ-k8BU55flQ4eNySFmEEPlBxoYhJGMcEEzlwDQ==	2026-06-06 15:45:18.672497+00	2026-06-06 14:45:19.674036+00	t	t	0	\N
199	199	gAAAAABqJDJ_zyZHKNH-d4Fryou30vaUU0HOVBlSXu-XinAEghPS1QtG9NDU3wjxTX4Lk-mNUPzUmCbg9V-xnB92xVmjyqw6laQ4F4padQIEcCAPfml-zw40wTwXkRi0E6Pk8Y5YT6bFflvZhcLM-xN3FxQw_IHcqx4mTwhF5gPvmq4gCarp-dtR09I35gXxUBK2W22C8VysLM2D238rOmlGs7XuCFLytxlHvpuJDPfstwoMuiFAC13uEHlhd295pAb0uR7a_P-QHSaZevMyA2M062A9yYmGg5u42Clro-825ognM6Bfx_19Fbt5OmYkVeV-1c9eAzemXohYvWfMmlNGl8A1lI0uOF4XgxI26rpGJ4WIo9la1qQngTPSlyO2IBHDYWuhZ9SgjXhbRHRNq-0hlMHlwxZPluqxakS0Hj_CdydnxO-9iUE=	gAAAAABpZ3c6netVTH1oWFkEIwOmU1PhQ4Rjuq2iMV_M-KOhDJwGz6SDH5UdM4CHIDAdE_75Twv9wcLMGQIXUMq34NIW4eUVa30sXi2nUHqPtvoqRAT6vXJjG_DKXDLBsqj664VudbTci2_WzEacg5m3-zjUttWKr2kK6wllbx19NvkjZ1qAZvrzektLr7a7zxQIzJILywJGvR3xjTPzO1HdgyJoS6ZuxQ==	2026-06-06 15:45:18.755955+00	2026-06-06 14:45:19.757417+00	t	t	0	\N
218	218	gAAAAABqJDJ_ni-wDsU67Qd-I6VP2RJ_IR8I1R9vcfDaHJXbaGiHJVOMWXok9QmGh-Y6_JLNAZDv-edvIpuwkySqFID43K6oeaN7xI4rZVlzN7N-dgFQJQyu7vcomrQygQlcuhXXz8z2WyXl4CsMnY--e27OA6pK1LyAcY7sjsfexN6Ad57zNWIuwEJvP5OgmmC59PPzSthYhS1RUEf3zTwtg_zlYijsFJ-N3hzBJeomxqlOGb4XLs6JuMYpLg9MQM2lquDq0kj_FFRkuCofLJ9BJwgHa0vkNhnIQIn7l3R9SsRLQcnt3UQJ9q6eLJ5BJWQxMFQgsJznRqqYtPzmuk4JE_Q6hFpumkYSEjRF8thThjI7iWv4qXk4H2o-7kam-ZdGW7ilE9D32j7Ek3N0T3t7ygu46yFhpqWp4NyTU2Gcr3U4Ybov-UA=	gAAAAABpd07oDapnGKAG0BX8k2HzeNq1hRLvZoPPtGkRy-sBnadcQA4PBywnrdZN9V6xwd3nwf0xbVA38hfP1JkjCN5Ue3CeWINF8wxaZX8zh0JdxRA5YF9FrTx_CJbtR9wqfyG-AdpkFisAtyf7vRHPp3t0Qk69zlHV83zzTd_YxV1C66a0g6PcuXxo5aElu8io7kyXcXOLtb1ZfurnrBBk-GFZrEvKcw==	2026-06-06 15:45:18.831246+00	2026-06-06 14:45:19.832958+00	t	t	0	2026-02-27 04:36:42.659238+00
222	222	gAAAAABqJDJ_P7j_uuqXpEvlKUfs2qWne6cvlpiowTyAGzWJPKwTnCThuzL2NuXZ0Mys42aCtBdodfLvFQbpcERBlMusK0fc_esp_jJ3cLF8HSEyp95nCKGRtGbxfqGfGp7EAiUT2itb5yT5qvEsC7zOarZU4BO6pvXmiLH-QaRIvzT9zZF2QiozxV8tjxNIyuFjQS8Pm8nHYd9g43OnW7omVh3YIMXsC9-WXtE-lNZEbIA3uAiRzU7iHrVg5FibvjBWyKRrRJyqadfqELP9LX5cvgUDeN0aEYaix0-QYD5UPWjm_RS1f0Mm3S6h2JMJoU7qZf4SLzwWiU8YUitrMm_Y7tP0lChCDtGqus9omMw4yPeOlI8pU-Fw7BB3-jDQ6JkmtgYCSNAvN3poGIp4mKIK0bSgoJfnMUabt1vXrzWYdG5YSM0K8_E=	gAAAAABpd_786diPMeYtZNN7pN8sYNe6THp8OsyULSCbvWKDoFNU7dhrcr6Od72P_T4NjYFYGF-pFPVrW9pYd0-A8tddEihdnBXCuOp-H-sa3AXVTUB58pnHcEPgu_hzMqRb7BGmL9Ec2Z86OjYdbLhQ_ChiqkKD8clMc0H1i3d2xcw53EPEYPMqFcn6sTqgIup0tjb4N1qG0l2OcBPURvBwKcLYyVw1ag==	2026-06-06 15:45:18.901957+00	2026-06-06 14:45:19.904067+00	t	t	0	\N
260	260	gAAAAABqJDJ_vxq62x63LY02ReJnHm_N1V6sCD4pMHwmzXUd0S2FMR2X1VgCjdH72yQAMvw_mNnWMd0l5Q5CCz0gkdi5BnDcetXnIfFHiY3WM407OkJOYA-bP3e-8Af0hpEJ1Bl-Rq24ZeKBhcoaekH9dMs7MriMJONwuQj_Tu_Rwx_jjaaxDxyIe8BefUHyiAH-ykvNluK7nIM01_Yw4xqz73yZVDxm16wonX5W8Hac1InH9vM1laq2TK0czt-sYBLghKdqrU27P3x7xZwZsKEDhRZM2MmzDTJzOPQochdqE3jF8Bf-tCwfe8Cih0sEMhQ8Pclx_zR4LdyH2bUFQ_11Ajr1SremzsgMc0PXodSnfWU4mRZ_KJLhzP1Dw0R9Aqk0I1g-d7TPqok7V82DoUTIWxmG9dznZVuv8209OHp_7iODXj4DMaY=	gAAAAABpqKRf-_OxYaZrY17LImEsZDp5Uxyd1UNiF0ihdSwdPn5SjfMfRF5I1PcB9hu9EO73trULH2tgym1yc4DscgQAv84U3czW4dd__pGjvYsS0ZT0fh8R-0ezq2nyZhdln5YUcRe29kKngxvdWILs6Tfdk5HvpFxBlzJtQhxVfoKp15ug86y2Z3nmOc7S0OaAMEaSbgPIcZ0pVSe1ykKiadxfDqa75w==	2026-06-06 15:45:18.987258+00	2026-06-06 14:45:19.989264+00	t	t	0	\N
6	6	gAAAAABqJDKAAwMY6hZ7tAd-5EsC0PwXs0BqRTr1Wji5ql1tqMn-vbjDm7CdbrpKvVJUklzeQX7AuXFqo5zfsQfJwzBlFBV8-P5Df-nksd2f-ApsA80msjtfLEycI9xjsxWKnafWW51DCWun9TwkY1OfkXp0utBbqz8xlGMiRlXToRIA6kO7R8MR62B4zCfpyAqa0bD17Na7W0N74mSJJiRNC0kHMky9ihPqwP7Mu-Ol1ZU2nU4URXyRkDQnKBmWMkpVcu18IJPbZV9zBhfPg29J0aSWVwj297kxLkLchKADepNQERMcC1zpD-gVOvfmmlQcVHGJO9GED_OGFlv0ZVNoRXyIxFjmExHHOYyZ8WfsZSdtznLLn83YjB1lpVZ20xZ5EpSGY6ZKKaZXsPq4U_FaoZP6s0OUP-91rruRw9Hb06s-b9auYns=	gAAAAABpD9Ip5vzeO7kJybCwJMpHnkc9WHBo9XLgtpGd7bLL4mTYTthE7-56qBChDvmqq4a62NmzvWYgdmeiRbyYar21Ah7ertWOgAgJyXF91HABoOoiMj3fiM1N7Ow5FmlOiYTdLYLepUFa49sOePWpv14tYkNkJFEFnL9LuxKpZZG-AmBoQapZ7nqfz9xm8LHaxn6y5Z1CvbpRVk2h6FDVF_gAeLUtLg==	2026-06-06 15:45:19.058486+00	2026-06-06 14:45:20.060197+00	t	t	0	2026-03-03 06:47:02.813763+00
112	112	gAAAAABqJDKA7A-PDOobj3BoKu-GtB97dUHsWg0M55Jblv5AHzxcJ3JQRv4rQGDHkf2jHW7-4UgfL22znBIBvHktYjNaUKjBPhFEAFp993LHOF1miS45WOwmHLRoOKNJV3HA23UhVv1qZ3btJzBVi5A92NGtVyPxadAgIhBt2aVCoxY-IN4Ob9qDUL-1aVpn99clJ1_9x1w3t6Mg5AkxptZD9ypjHpirAql15GZExtnn53-6n-i93JpINvWir2-I5lI033Cpl8Rk7vNfGAXPswvlRE17xNrYa5UCNynd8yWuz-qeeM7Z1ZKXWhEfTlVo92E2aXqaBp67NLuBHTin5_Abd3MKyIThTO050ICN5I5s_Q3Rj3d5u25GfHSpmxovskSO0Th6azvBbAf_gWq4hQU04HugbpiIDFxCRCvn7Z1-vWPoopNJq-k=	gAAAAABpQZ6fPYpNFQPCAZ073SfR54IhXYnG7FkMmB1Jj40v1B_q40eoZP0XY24gUDjbnjr2KCpyA04LA2OyE8KMqRCc6mJftDIMbNj8coA_8TmA0yWmOBY7wLgpF537xsJRTnDW7CLQUeU11EoToAnBpOYiONhO4J5l-YNZjvS8Kk_i3kxXmBHIJIqalqvU7cNVEBhCMbDr_xjL43S89Z00Q8_hEiYnhw==	2026-06-06 15:45:19.135926+00	2026-06-06 14:45:20.137568+00	t	t	0	2026-03-02 16:16:49.870492+00
126	126	gAAAAABqJDKAPY9G3qk85p0yBT3gBLQnA_2GAWdJE4hylarot_LFVW0VJOoDdSTecwJbtcfvqUrOl5kErjd6gFPJOXGIPKu6RZmL4M0NsxoRMoQ3WNm2P1291xv_C2ONwl8E8HwWt4dxBsQcm2oOaf3HFX88_R9akDJyECyxHsCeYt-tXdLRzksWwceAAdqqB59HAtkX-ArxTe220Gn2sQArw61aiAvetRwHME8ZnMwRlksXuw2IKNiKKcRTJ_S8xmo5wX2qCkek1Zk_mODtrvmOa5TGQD8cJ492XCiPwBga4VhNNuohANrPa51I7VsKMAEf6sUXzeNPWb-CHEpXTrFr7jCyQR6VsQnhWP8FmeroAa5J0wt4XlTLvfI5kpoyyyUdEw5fH0LK797OI_aaUAmb5HUrNMfN1Nq92xd0JMa7dUU_A2nhgCY=	gAAAAABpR9KVFlACsfW86FA7mpuyEMmZm5mxefvJe5-4QpbIN9vs9QoW7b4x4hrGFdK0NeyRRIedv8YTLpimd0cDGO-neaI4XgyIohKH33SL8LUEgLhDPiukPey2XscH8jCnBHrCbc7fnnWJjdl_eexL3Uhpr8m--UYHtMiQmL-iMXkHxdfL4DU0oaJlMUMakJy3wDTnDL1gIc69dlQ4-Tr1MKYAliKY6g==	2026-06-06 15:45:19.219959+00	2026-06-06 14:45:20.221924+00	t	t	0	\N
132	132	gAAAAABqJDKA55nFZiuEWXh01UxYW1tSbd1q5AhLAEG9e9vzbaprlhnNLj1eYjTBom2N5l64_Umm9CjHx_NBQpGyDX_B31uCoo8UKUWEqX4srabXyjNsy9qFZ8HH9ttBS-RvuPujZaYEwXMBtE8cu4IWQiMVyumgbv649Rjnj_TkP3YLBp3KgJ0rlJpg-01k6v7lz0Ouw4zBFwoAebEXAnhC4Ze8ILREBuCWZUH4y2dMyzo8WxhfptCZcC6f0mHjRCfRdJ3AwzuFNcRe0AXqw9XHbbv86nZUz7_FcOTV_fLHFAdHKlU648754M1KVn1dqZwhyvx0TZasEKRpCK4DtI_wI7lQgD0OOJEF5QCU_0jVFp6LKBip6vHhVWkQ8nWdtIAMHK4tU5O9W1qPHV_IKlk-WoCQ_ouBkwahQDyzVsGQMnfwyuQHHqc=	gAAAAABpSpB1vqU4G1fKEqpLQrztIXKSTB3TtNb5OG9eT907tawnPZiLRaWsW3YUG7-sbv92lwakSUaLqwovvh2P7jmUlaH_kEq_f-wgKTGwhBoYc_MGjvWe-Ecv4TBWtTLOoETSoMhNYyp4B9A8fnB3zd-jothQQJJ4stmEBtByAIANmgVwBoVGIFT1oMjgGuM9-QqG2WWZQdSShBgF5tWKM-wpDfDGPA==	2026-06-06 15:45:19.285821+00	2026-06-06 14:45:20.287093+00	t	t	0	\N
184	184	gAAAAABqJDKA42vhQT-xaEe-MrPzyqUkS34w00zewpg8zhGq5sATeQDdnEnvvCXf9W1S_pX_bNA4QDlHY1crIyZPayIdgW98ghNalkKXZnqJ9G8h0oOfE6T2RDPh6KwbMcUymWcXmGvajlYDUC9noTxr-OQyHFgGxopc972oJ1OgpPt99cQJP4XZhFq8cpPsVhnZuolOJ3S9P_DXW590gXFrOvr3k7mfNNtzw_fY2WjjMOLZwvq1ljf9C0r0gxpJSe6pbDHEvMjn-NQnOnpEFfFbKASzZyYdw7_XaDGvNvQRLEUjUu-6lloR5_ryY-ml1YRHV5aTVSqjTnQxrRsgep5uJpgh5EPbgBDkS5Jj2adzTMwnCsoz3I2laFtIuc43Kn2n2eH5-3cfnZY5nUAiSPF6P2Iz87wCw0YLS3o3YYal57noP8AVYgY=	gAAAAABpY7nw_vgjs3KToJe-R1OfEoROUlkfak7E9JEaOs0CuWpZOjt-4iWxPa9X6LtgRcc768dhgKRqn9VNtoSal5wyvd-L33LKywmocLp0tP-PfXiQYYF0dWLvwhmLxMprb4SLUNRgv5vwkhY4w6AG7AS5gs6_-LNjCIQFHSwMMoXSFAxvJHUB-cNYup0E0-iNzl7SQ3bEripbRXt1GyrV8hlEOvb19g==	2026-06-06 15:45:19.367911+00	2026-06-06 14:45:20.369173+00	t	t	0	2026-03-19 16:04:51.755909+00
7	7	gAAAAABqJDKATbv7-7oCJ9JhjHJidbzsFpmtYIYpSO1o93bDQdJgCnAQReJCxL6PpMjnXIosFTKbJ_iOjGLmre-IoS3-xLa4FOOQsvzwYkTU8tGMPymFkcUgFxM6Aa-IC9oChf0HAH8jQCU8l_g-b7GWYpKMEWBUyXD76fzL0QnB-KxcBQ30cVHef9A4gLwfj8purnew96fn_TVkTB_fe7OR_v9vtKbdY09eOyT0VtV0UCBU1Q-QBa4hPGucgHgYqz_Qyy4k4dre7Z0UYoAFrEbndAEYO6RZzemt4U9Yz99IsocxHYyGtsTQx0oxq3G27ucwjk4uy4ioKoRHX12o0V0F-_k8mnYwxtY51nBSW099DdIQOTofycMcSYU9xm1oqxxdW_p0z8RxRArIXG-iTsAIE97bwp3PQXi9BVc1G6Hexx8G_NjtL0M=	gAAAAABpEGR_kb3aTu6GpswkWh-BG61CBDlmeAYMukDNgWYrHO58uq5O5auAx9ttZeVlY9Ba5INu1tzZy58hMj6wRaaQBazsD-LFjSUxxuVxzkTFX-QRTbLA2S1Ym3lM3m8YY8iNzJ9msFv78QyYnLp5MdwYJjWaJoLkQ3JifYNLt-po3sNZ-8bpvBJeyMrrtu9cuK-WLYnxTl2ZBG5TWMAIl26FWQnULw==	2026-06-06 15:45:19.435972+00	2026-06-06 14:45:20.437214+00	t	t	0	\N
8	8	gAAAAABqJDKAJ6CdF7ut9fX9BunfZFB7xx7TSGOyAxzt8CK5Ud7eHQiGZ1ao0GxhsmV0F3DV5BS6wgi33xp5Pp7ab2umBs_NX8r8Yqz_sHlQn3wTiWEL_HVfCgs4DERZuJZsMvqhjZEkU26ZS0Wl7Lm2PppX5g0unciSQAYoQ5TFDMpsaw4l680Qq0M53fZjito-ZXnGb_zNM_2ThFfPOsX58vDtaXReIXyrJdgwBbdOuolWib250h0xuIXQAHvUUxtvEwiD5mdpHetJGjNUZTRB9Oz96LZam4tKYZAM0njps2ogUqNRK57Tw-3aIxhq9rVvEn-lwAYlN5VsqFOToLG864xodVrlzCYBmc1Syo5IfZlBzM4I97PPlr1ExfBcb_Q7v_PcfKrDIAhvuFdjpqVSg98MxEUs0AYf9N2U2oc6dcRP0OrW1-E=	gAAAAABpEGcM4Twwcz71fV-Sm8P3KzvcSDIJuyCkrUWRgo0CuKQcNDNBLVZEapW1sX95TnEqTY_8P_Wy6CW9yCaOsWh1R5n7d2c-WtZfyfpSmNX5XUSrEOC0ZgK9wWmVVQ4RR4MrYM0uBHnTlQpavNz8KF7iLu8tc9xGa7VyLvDaxKSUulowQr68RFsvlLn-hhneVLH-Ors_vxvc6Qc-NE5H8YQo4a82Yw==	2026-06-06 15:45:19.517492+00	2026-06-06 14:45:20.519934+00	t	t	0	\N
16	16	gAAAAABqJDKAsBGPp4p1VsvwWFfpg-obo92nzveKC09-UHQsT77dLjYiW-9I9cUG2dL3p_g77ZvW70jS3CIO5lD_b5HOw1cLoOXBPH5vNS1ED8v8dAaCgmIy2Uck8EY-RMC-JZP1rUEWPqbPk7eXl5l6bdQAgheHt1NpHkoFDzZeEuFi2gdzGtpXqNyogJCneCLPEfP1fuF4sBub1zW0Ifs0yztyn9R5prfzsMKxubOXK4uSt4VdLz3I_hq0h_KgjPCX1irntB6nlp6rGHfm8i7r9Jkz0rCV0MSQdfTFxqOrKugkwLP_GcVtQdoeSdjt6V4nAAqoaIaltRZuAh6a2_if0KIReWgs9_YwKLSBSDQVNS4tgJC-ol3oonsguq-Gvaz7k9XWLMgVMiojjTqvp0BufHo70UD23FgGNQ4hc_kLGJ3uTgokW3Y=	gAAAAABpEQ1YXWEEt6Dvr1j-LMjUpphPEFwvOQglEKcVWyRf8afHzmC9paGOu728QYsXsR-oxxXPNzMl_zYeymRUkfdhvQx_9M6RbnCZymFtkf1GrC5Uwcx6zO0c8g7Pd6CO401ikgresxXt3-h9Bt9wvyBt4kGsZ4pZnZn24DhC9A3Q3VdvJ8dVjm2wEOzl81DuU5ks7FpDLgoqxUVcqICLyf4j9dEFUg==	2026-06-06 15:45:19.588723+00	2026-06-06 14:45:20.590922+00	t	t	0	2025-11-11 11:06:21.46442+00
17	17	gAAAAABqJDKAy5eZuEMbKSyQXegx1ZFo4lhTAu3yIsnqpb8KHOf2LYHiOcyv6GBMiqT2l-XZ0Aj9kr04AIF7cso62245q7tAPHnUGcHXodiWq87VG8rTyTKB18OLd6vS3ksOpWI-lnY2cTCqj6V37UTXHlv_cc7d_WCaKHCiJo6ikanmXPztNVztnsIgTWJvGGvy94MPjlEJ1RjFlCkbQtg-vFMKbWb7PvRe9Rpl7UR962DJDrEzx4YUACmYgxf_7kJbe6Y6ehS5_QaS2sfMmYasmzmSD8khrl-0e6v_mmP0BKgEokKEr49D1ziu-IJ8zaV223KCg-GGXNMnzVslcuoI6kKe4ejqYdQ3tjx3rL0WGnGsgBb1L_Wdbz_FspTMtt0aBA6Jv0dtv8gx6SqSKh7_T_k5S8_Xrmpw6-KSBtUd1QH6D-gcreQ=	gAAAAABpERAU6NaAfuZ5ekTWRbWF_YgB2epQBgtnfzcruZoyTDz2fS3gAJtLTwrJDZHN4vlffcvl__yZGmA7J-dqhopHuB23CXN-90zfEq7foq2Svb4IcPaoflDnj0TvGZ-wYpGWXgCJo2xbFrhcXZrJhFtboypdKhadCHAJr8dvXDhgvcc_mqk4OIg6a3XT5YqWaqePdXKJYh8Tuu2NvDbUxtVJ0iPSLQ==	2026-06-06 15:45:19.670096+00	2026-06-06 14:45:20.671705+00	t	t	0	\N
35	35	gAAAAABqJDKARgE3vdy8PfNxph63OH50DIk3oq16p_HHtojNG6HsZNDepeF4tOPKnV-yvneTjUXUd4ve5YupgvesUyTNEJaYDJZON-c_11zNy4HoDV1Oa5nQ-ghlIqztDGChJCpGmrhFBpKjPVTmU3SP_BC24IPUuLtxrThMrclecSKJx36_cPV9XVJ84gm4qeXFpUegsgJ5I1dXmS26xwJvpgyISbK8GIqTloU3lM8ybmo0KXJ3mRITVaEayQSIJ3bjVqNRrf7cNdzJ5Lh8x_1BGeHH2oTgf38VxdypHQnw7j_7svp8W5MX1RWLxMjhbxR-3arTXw5QQ6lQ9kbrvnhaK2WMpS6Jc68jo7aIxJsMuzSfMQDzi-kEjyGTEaEyRzMgJcivhl9PW_D7eibdo70Os_JKywJF273kJBcjmCtdTQq1XysVPgk=	gAAAAABpE1RLbk2gSxcTUQU4oseO09_CNPrcy7nxOGwCDDpgrHfQHvm4C33fXKnTnLFtdVM5hHvAIMn3XrQ_UpDI3JdlhAR6zOYSkmnKnRG4tg7HQXgReTHEzSaHe4oZ_ADatN1HRyCNO2XlwF5U24N9qKyfgFgkcEf5S3GCGDs78Q-Pgfea33OIyyIswV2eqUTMvY1Px8ehY0-_PwuGa18y1POLXzmwGg==	2026-06-06 15:45:19.753092+00	2026-06-06 14:45:20.755087+00	t	t	0	\N
64	64	gAAAAABqJDKAWdvae5LLgCd9j-0lPV__YP_66hb7cusarih-aOqzh08TVqn7d77DlHBagDkOB6O6G1UQ4QgsXkeF7uAW1LWroGTxEFBhb3xZYXjf1M_yrb6k3f3N760ApDbtmYuesIHpO8VtsCnYRtDif4cd5KVlkGNEIU1Ix_-gT56JSNnqGcVvAo4Tf4rW9G3uIm8j_Z281lUEpBy08cKRg94-4Z-gy-vJNwKYpK0fF1jxKcv5WQnuJbs2eR9yWLOXPUVqF6RRGVafia-Zk16VAUCYIy4_UJsCwQUi7cuohq9hjU1kvOYpMNjxB454oKwfGmo_LRRxhQwyhnlk-v4mZIZDHPBH2CclMtp_GtzLSB6b3wqSsqGhKsBjnCsFU42qCqhA0QSXVcwjMi4CvYtDAySRSZXjqOLR5Nbk9ptC06-rSeKKWY8=	gAAAAABpNDdQSk3VSg_gheSh1dEJl1Y_4Kp15NDaEuM8A6v9lDX_U_gFHMjfujfVCXIr6CpXnawxQ986upV1PqClmHhIlv8wxsagXkgzxEw_hUzarG2auXnqiqFKi6pqn3pgpEFgPpiNa_VV2mtGPJ12i7j-0mABvK2bexM90EZ7RlphxfFpLR8J2MFOLJjKNU9B2rhzWc0U9cIXtIMg_lb-KIRedbsHRQ==	2026-06-06 15:45:19.82774+00	2026-06-06 14:45:20.829029+00	t	t	0	\N
65	65	gAAAAABqJDKAApzHScktUzkWtdfoXaetiBQBSKySpvB-wACvVxthh0FqyRghJ1CuYdXIM4sD9kQKREAYcavHU3bwDW4VrTLqVuiyvyjPhOqbxsy2Rdl6-vrUkuWpWL71tYL65e9nOnvJxI90IzEES5DqH1fW9cWAOHM7TRqM1-Hqn_799gyv1IGo7YxePYy8izzvPToA8CrNug8mDzuj47QyRBehlEZSqpsPVhJkX3Tyr6LXTtWa3OHdI1t_c-lTIfAVVb-GsOT9tf6cnRQAnyFNfbUcqrRrbJ72sDmyzigPmwpIeAeSDbgLCxCd_bm9BhpLXSZwOJ0imrg0p-_vMt4kNysc-3bxTtNdYZyt5_BDI9oEjfnrG8iJbahRgUbauZVNI8iqOazfy3ICWOCLJuHE3-QsM0je0OGrOOeY5ByzxJl1jCeB3bc=	gAAAAABpNDf6elMLgPX8pm05lVWCKgt-VtT6ndDBXN_pohVlDI2MUs0LSHnYUM2G16pSpkmdQAavR75jAUPw0Wg0i1eIDyMauCNMk7SCkRNRhQm4VunbScH8pPMJAo8ywsMnwpiHhebrGtliJW0yltFAAn29Ah5YhbhdIW5frXj7aehhcKEKgNmzW6dfRuAI_mn8CKXe2cg1hhHdPJg5nhO7YQMm-lYYtg==	2026-06-06 15:45:19.897734+00	2026-06-06 14:45:20.899142+00	t	t	0	2026-04-16 09:33:12.209831+00
66	66	gAAAAABqJDKAZdQB9Ik-rw60J2YfTSkAptTAUzZL9f7jV3tmDwF4BJ48egvQ49DW9okZPIHhZ5ekXtAbrqWfSMP_cQocz8mxNknTL73ddsbDdQ623q4HXeCxJUjZnQqBgXNQXycYUxlk3fOFhvu5dnGtWzB9fd0L-5_byn6lui8prrxJK1zHWoiBUWTCIp5PxQ3LoJOn5AoFZaR2FT5N6ubIW1TxSVzPBUPWIokKoro5BHzms2yiI8vSun_3_q4MWO8LdjZKMRq_cUbfrNcT4PmmUL-YbrjaRI9IsbhzqSJJ_MXj1hCFe669BCcnt9hmj8nWYR6V47MsKmByMGmdaMzCCT-MdIRJWboss9KFSLOQmkMOP7oLyM2L39Jc1n5mEFV90IGTaUGm3q0CYLJ8y1j0FdpaNrhQUlwLHpTnvc17fpqMIYYrsTE=	gAAAAABpNDlw9qt5bwIEuW5G-piN3tCXhZoEfD_L1-gJSKDIixN7ZWzfZQcFOHI9cxSv9G5LrSvKafjbJtD3sozxpRUIMsXgqf1cc_Y0j05DTJIULP1Y_wl1mbldfXBMWgurV9MkzJkfeej8-9VYKF1DbSXZkt33i9ReZQ9PNOvBUGEnR-uRQnwjAvmmaMmfPHmOZLossrkB-bbSaysYKLx2qdbjsFSJsg==	2026-06-06 15:45:19.972969+00	2026-06-06 14:45:20.974868+00	t	t	0	\N
67	67	gAAAAABqJDKBy7jLefB9nXnBzJ7XCTdidBCsnaVzHgcDU4RZLRNny0BEIljDEJJuiVrJTZeqsg0lLA_wKWXC-P0WCzcOEZNPV_vkBOwY7acmxoeBu9hm09K_ZwOcDUw77L77Ueb42C0MtVslNGvTl2a5u4s6gbvJ3g67_KHQtCBoRfOKsc8tT5vU98tvGx6ux1DpYGqjGrdaxvTvngY9PsqDbJ3eWyYjhtAyyOZc7FQWQKOXaS7LJflVjHWFBF0Bb9pe2OGc-k38i2OFqABAEwlTv35eTANRupVoq7yKdBk4jk9EHjwQvCuWWIL7jxEamPTEiF83eg9k84tueI9JTCKDKR5VcXW1-jsIkaOfHW7Rzz4ASdg_--TGD7vBlvRXLfQaz6WLbyX5i7ex8omPlBXNnQA-WA2JXg7i8jDzVdRd0aijvZCwB8s=	gAAAAABpNDpFyb9ZXr45alCalQwytGOVJr6ihAlIpqTXjSM1MqnNzXXaPw_DinXqiz3urEPKtQ9g6R_ZBEkyEfjH9wm7iFWeleoi5uo_c9WudVqWKyTmseUtLMnqOImdT2U8k1emnZv15D_CCfTskM_QNtoZnVhnp2H3fjetil3l4lbeAWwvXvH58yl8QB5Pxy2lTPYvnXE1CijdkUNe67jvBSV80K2YDw==	2026-06-06 15:45:20.052205+00	2026-06-06 14:45:21.054384+00	t	t	0	2026-05-28 20:10:26.787873+00
72	72	gAAAAABqJDKBR0G-7qwY4zXxfuV-IrYhQCLFOH3My_BpldUrRZWTx89wVXFra9_i8vL_dHEgH_8VnWAR-7sGstot34n0h5JZHJuF7xlyJoziAEFOWJYzD-lv27cf3yRtqbWnk1QfM4wZft2GTMs-n_RV74_gMuwhqFfy1JkkeQoc7V1IE0tgqBugR6i7onmJ3EW0W8S8Wg3jx2L68K8wpaSRAmDBzMB5a3RChcATeJJj5g978DC0NuoD7sCsVw5mvxoPtKxj5suj9MfC0lZw_in7ktT11FdhCK70MptPOGVLoDWVbwlqEDkUdUxcH_-VsBSd6wYCHERVFTjWUTrasFPHLZit7MbUQnIFZIEMA4RDdS8TQuKjbgo_ENNpqGpAOA18VmtXolCYZ36dKUXt2oWRHVGoIgdq1uzeRNiqMs1tv0rEIbJf7zs=	gAAAAABpNEA4IDExsvpmFmRh5wv5qpw-XUQTZxV8upoKpUUpi6EYLZrR8-Q_NJpbfTharOnSign993NgZblUatZbk-6-nlFddc0Hc5GZeHRV9J6itGLKAC6M2J8VMzLkrcqYcDFGYBEgPfSQalDVoi3GDJkdXDGLZA_21BASqrkHKmuU4Jpce4u6u2cBeRUIg-QEUbr9n_4EKaa2ECNEZtDHC7DQve4tjg==	2026-06-06 15:45:20.122832+00	2026-06-06 14:45:21.123991+00	t	t	0	\N
74	74	gAAAAABqJDKBxcTfbb7UWj3XK5wNVVz17ve6sJEbsJtFkEjvvfN4tMh2vGyhsQy6M9hHaJRQhSyaIRjIpEoYjW0E3Pq5cjgFi3n46YBklXXjRPj3-2uSOb0N5GUZOn4lkyF4l9bXXOr7PPglXEZBu6D46hii6AZyvJTmRCa_0kTW0yQq9cMxCTKiXox0t6ptosubmsGimJXM7PUk5k6gELaWIPDQ1a0azM2VZMgbwp-9XZ08TpFIczj_Rho31BY1SO__meP87gYMj_7wyvQ5KQt6IsY9H-MbN8S81TDiPJQNiO4WOk7xQ0umEuL58Z9WbNHY9fo6cVtNsz-dwxjjgqmvtt7kc7KasdPV3kshMoAuDyhDQc_NSbbjKufavKxncwZzV5R7sMeYsLpDupcYRoYePVpzaaBRoP09S32qY6Xkj8QV7_xKlFo=	gAAAAABpNJRP4_Uo2F73Z9SsvoNrchoNRVDjKwucv3Fc9C-LUrOlG1ogYa1oTFQ1LOCBOKWdraGK5RnAbpqtTIl417iyvTZviDzHC46oZfZ8tHqMLfsXqf2zx5rzEvR5kGAJUxZEybYgVHAUbXuw6WXxBGPLi5QSneryBfPqSJGnCGzg2nxGt7Lhr75WtQxvaobPWr7p2aTPLhIWlAf5MFGMa46bF5bnVA==	2026-06-06 15:45:20.19707+00	2026-06-06 14:45:21.198346+00	t	t	0	\N
76	76	gAAAAABqJDKBW_yuqe17zHdGkLJtwqhwOo-ivSUI1gp1GrbjuDP8n2pv-wohuYwV1lvYYLFD4tM_7bXfWXn-fYRajaoCayatNQ5mMr6yBTxVCFeIin1MRKwzlxOVswTdNvmjkqajqWM_uc-nIZZEOCsAxbhDuxUsRnDdKu45ddowf3Pdrq5bA18YmMGGhpQUXEVcxQ82tb-pV0zd0TwMJtnxpnWqGaoxVWlPgLDal2_YUPnBzqaJeXNOOkceHphYB8Ki3duVvwb9o-5lWcZpLpr4Q9tMNBAwRv7qG-3YGaeFxGPy1rMlTzy0lcJ2lS_eweI2lg6dAYxAwtGuHavgzmSWQ1eEY5n9iSzp83JKGwAOPVnWiU6iNiwxl6-ju8SI8kiqe5x86NZFLXRkmnRTIUZN0llbn47Aw_zHqGxQq1oVlMWmP_BmC7k=	gAAAAABpNVbix4RTt5C8JRD1OVnoFQKTQUx9W3xsKaze04mNmf4DkqGtnWb31fKV2Fz8A-kzwU3GcwgrjIB6zAcqVkgUr8tg343GRgpUVUneigWCc9m7x9cYvNtlz4XqoFQepIK_dXCn1Z_nJxeCnJBI-XGGo8QMgn0Ji9Ta31POptj5h-11c40whKsWM5FLZGWesaXbd9BiIFsrHNByfSZWI6PXSeKmDQ==	2026-06-06 15:45:20.284229+00	2026-06-06 14:45:21.285969+00	t	t	0	\N
96	96	gAAAAABqJDKBMTYllT9hZh3N0LbOUoVJLCpXawgxFEeTerKmjBYbSwTLcu7Tx0SdD2Vx7Z4wQW2Dd24yyLWvYEh_gyN7xo_rJbF5zmWgt9-jeFbEvK9LNgCh48_-yY7ldNmNoztUW-a1H_o3riFhpvFLb9fQSFe-WMXnWauUmPaQBqgFriV_uEMpGfZQ55v8Zj4xT2pgcE8mE6qdENhJ4u8TZGsVEO24C5ISjEeL20cTrDUlDQe8SwJUhqdI63aBrNs-oLTmpU2cn3j6JPRsetUBrfclYOGydj5RVklKGymErbUzuLrS0j8mwIYQSGhoxX6Nn5Zrr9uMMse5qVxsGH7F285q6iAK3cUb_NCOyeWuWf3fEWe1qNkV0-eWeoo1TGgFJ90HuLI5O4JFM2ZCXeLSraF6zp1Cs_c7CCN_K_FOHV7o6VCH4oI=	gAAAAABpOFIc7HUk7FJpATOlfYtPF-itpcW5KfsDQqwGU_OgXE_WnjK1RvEaFFjJP-4QgAN19_1GMqTh-PkPeiWV7BmDvmc5mdMlBixChpXfRlC-hCt9VtTPMS-A_CBhh2Qo2R4Jg4HlKwcNWi0kXdJiGGPyml-9Rcak9HT1bKar9M9DZPbQv5D06CRQVM4LnmR3S0nFTk3ECN2BiEWpwBf62IvecfFmpQ==	2026-06-06 15:45:20.368207+00	2026-06-06 14:45:21.369702+00	t	t	0	\N
97	97	gAAAAABqJDKBMOd1f5mFCMZ_k7xlzDuwAuPrF1i4KqdbOJJELfFwCjgsaRcwoJmXQRumoaA3Ksn3C14FsoC_mAgvGeaazIVybztOXnLLY0R3DFm5HXaUiKSL360CP6WzXQybZwYgrm1Am0xwHecTK8aQ3pd2zPkjf_40m1BHieajDTiXvTzuu-47hbbTCATxHOq0Cu80wlq9MeUcr8VPdLXdlz-ICN5xIrUyNzgEuoL_Exinfkw7Tcymr4DOpQrlRUUSkDKR1x-kndWpxTa2t9K6CvNmx4ktCZ0nRv5hYYsBNtP284-xkzIYDLh8z-y7fSLEzYdZtr3SiPey1nKVV0C0eMThitdLMkQFnYVhYl4u5MHQskjf_hK3I6qdbSYHGpnLviBTcDeX72noboZRKyYAmn5JD_hhkwcVj2KyNv35n3LhadG4S6U=	gAAAAABpOIhBf9ka2d8lj2nNQ2LfAXIy42SKBqJZs7O0_FZzdsn3Wve_nw90nnIS8KX6j2JC4odVVmQ-q6aLaVmDTaTDv_F_8A0mzjIIYHuYBSDP8jMu-G0LxQRZv-heLS892nYMbjBsZqUtGCbNu0yXCW40hHVMYh37wTh_fz1hsqO9peVggL40eBCk_CAjVtdPg8CM35J2fILlyRLxY-mVzrGwD3-x2w==	2026-06-06 15:45:20.440736+00	2026-06-06 14:45:21.442719+00	t	t	0	\N
98	98	gAAAAABqJDKBCBS8ZYRpL563i_HXKefU9knTk4r6TWgPZHN1ZbGYtxkbDP7G9tk1iplwxz_MqJ4pwF3JhZ8M60r9-eCZKM51xSsfOQdOpqHwjvFlrmugqNJfVBBPEKlmn3KU1UCM5GvZYOp0To-nI5hqGWh9rnQ7-kJg5EoaAom8hdJPO7SRh-xPj_9VVBVaP9rnzCRGCaKcCn2rawqt8HaVSWJxkRkfsULYgDNXorrUkz4BK_9tqA8D4_8Z-DOg77r81hSW8tDmqMTBK9S9JUhi5PyPqJOTuoKrSJlCsPQ8u-U5FViaGGHO-89IslCB3oAG4O4S9UGC-6zyFeDO2e12vJsQ6wvB-jmx8djne6D7c96u8WXfo3Lcx-t3XOg3Mdc7-XruVYgvpB3GKMbDBB4Gm7wgnZOu2C_fOjPlfXMZGUazABD1L8g=	gAAAAABpOIkGKYRslHnROM-c1xLGXsX-W2hPV-uF6bpiOc7Vu4xeyNMAAKVPAD0dRazfJCBjP-sYjJFjOmEg_oayFkdRP4hdtl7JKp90gQP_8yLjg_n8amI_2aNQdSeFRPmEtbTKZs6KvuAJj78HZ0f3MwyVLaXUrD-pv4UB7v5YvQmnRzkEvh-QG5IWzgQ-S4MduD5XJbHNUGQrjoVwMp2mEft0ilbfBg==	2026-06-06 15:45:20.510188+00	2026-06-06 14:45:21.512161+00	t	t	0	\N
94	94	gAAAAABqJDKBXUJEvw1SlC4Y18O8sERinL8jeffL3HNqjcs9HFePnoPhpbpyPHKDRYrSdnxcBp3fvZYiBpc93_BaE3V0Av9wRplU-wFr065rg1s99SlUIfTTvcdgCMFaJXcSY8ibsx4DGzdeujeXYVl5o4Qg8dIIG2iJHaiG-nosy_Fb4VnEWxy5aI15qsEbLyOduZFzJiTi6okqj_fFTo5U-_wfiufmMHr_pXIIMVcUnu6jwCd1q7UH9WrqnlNAjSyAXpvBTCSE-WARPvoTRivtQN1JtEIwW79c7KFC0r8o7xc8kt62Ht_UV2HvP_W3YiIfYPQoJHn_FHKdH-PnbCT4Qkprd0wGWopavYX7BbFo-QFOlooALr1LUDX0RQKlU3FN50ZiyAxXu7yA9Sss3T0EbMOvttfgE2kWqmIMJWztQ8Kx__bTkTk=	gAAAAABpODMczKKwdCEy7kUEw2OSLMRFvWbEUTKzGvsOM82thpKYm43TlUR-smAXkuyvzvNZao8tjzA1im_3yUGhzGfE7HSYEaL1-aAO73n2RkMLr6L1tEkQMQ4C6iMT42JNACFTI3Uqy_7zjL2VwAi6NYSdPtv_0jEVM_yYJyHF0K0tx5gcP2VeQLPDqAwOsAInAuI5J2kLuLJaJWZ53qjh_8PAHQ4z8w==	2026-06-06 15:45:20.586316+00	2026-06-06 14:45:21.587903+00	t	t	0	2026-02-20 15:20:53.932638+00
106	106	gAAAAABqJDKBN2n3wM9U_2R1uCu8UAM6V1ABP_e2NUo-1kgob3tYs_MfFm-x1AQQLUOvB_Qr4iDmvDrmTo_-hKgkZX48iG0cFycMqEvpr5Xg0j1Sy1Mxv27YEG9UA8I17OTLC37HgKcKYoW264IhFHeJEDLy7k0hyGDva5twntqtMbXIMj6-oU5n_oiP_GPB0cu0xJoG3mCmPyON07qVi8zClkZDUKQ6e2728PYINQr-vydXmbXHea5Iv8jeTE7cM8s9rWtnbroLk-JlDXv91_J-1aHgMphglGWc3Mla-iLBFNyEGrxbReHQAhqeUD3VUviYn7J0EsqGVoOW0EjBu-e40UhdlKVEDreA58wNjsyrrsBPdU7ecWBeK2YRK7ajL0J6XPiNk6gotMs9AyzGJtSFlGO9ZqfYyO-Wtx12iShW-g9R8qyYKb0=	gAAAAABpPcPV7zsHDBxWv-g6D6JnbM2F8zM_5EJGFGrGJq9TZMLpYa9YdaeH0m_iqjUyEx8ggxyLrmIx4qqskBT0Y76AdKtVGCDgpxkpw10D0lyy-S846bRp2IXtlRGN7Wix7Tdu8B-0CEU-KRPqV0s0aXK9WWPh2S_T__0WXg2QfIWZeqMAq7zIZGao4bwO4FIw157KSaveKMarSu0mXsllmd3n7F0gNQ==	2026-06-06 15:45:20.657077+00	2026-06-06 14:45:21.658572+00	t	t	0	\N
108	108	gAAAAABqJDKBnfjj8BMfEjtBgs4wGhBO5JKfcJOWEprOBiNFEib5b8K86FFqQu7w-0E59s7nx2sIkSIO2INQW3zrZ3P7KDuBviGIIyG4ppsyWaMqdLSko02f4Puv_5R5pdMNiydLrrzbNq4TUo9D7XPhJ9-WN-5D_yyMLs2xTSTVIG4-Gxuz9Ivj3EeENtidc0X8Rw5QRCY8S6AmbmVP6RIFSg-gVsKvYw5haSFUwCdYhxSzgcIvkU8U62U0UBV3otKPanYJIwM_SiwG8jvz8rKyI9IxQ4PopR40roAwi0bC3M0gQZ_I3lj2lSPvD811_EjstiNIRvzVqthqpSncfZr6NxqiW38jVSliDsNM0usPkCKefOds54jccpXp-efGgx0IFOjhA7HuHoE4U3K8s8VZ4QtjD2VZ1FtBSAeJ56Memy9QE0MCY7c=	gAAAAABpP0kefSRmWvhXkTjMUTJR_HkG3QZm2hYs9eG_juiV__28T-L71fPhQWquBAS7JxVxwKL3yBLPx1_1RCVyASWKir2DIAXHGnMONz4PdZkYjRdSjBnZvhtPDWPQT_wZ3_LYTX_wC6OQm2dO1Zfz9PPgQEnYnNjflC5tnYiaJLhvB3p-uk4ZbwhuIgQ7uQR0uxiMm-WdA3wT3jyjBqCXdLn2w99t6g==	2026-06-06 15:45:20.734675+00	2026-06-06 14:45:21.73587+00	t	t	0	\N
135	135	gAAAAABqJDKBg1birAWROEB34iM3ueWmbYGnOxsmU-VwlkEpCUMOH1hLFYUFJ4YsQ1xzS70pPMZealwFini9PRB6RgKxUOSNqUwyvpM2QxEJqdB-WTk5DQo1Bppt-ZILFMCL_Ptrrsg3nGk_xf2A094_w-If2VGOjEnMtE8hIjW9pNgvhDekQN80M1nbAlmn6cxHuNxs1_z28oaqYDZ4d8UstHC8HzMKZEVPdKsxnoxAODHGuc14_eObmUErRmQD6-M-Hn5Tr8qq37UHWNUownIGCN_88TEqB3UyyuHZXiAbQ2ZhpCCjYFlb9NUczRUFXKfG6k0-Iz0P4TPOTMNtix2N6Whr5189GSYArUFf9b9OgUCQGeQ0HZ4ToeMrqRhrWz1M582q3IucAdwOig64H2Do9j6dnmEvENfGYNdMIXmZcnumPms5gls=	gAAAAABpTrgMeZEqTJtMpgR2ucgy9gPWEjICtOs1KTNTduUWKF6P7Q859Jj3avoFxLAZ0Jv-0RIB7MaB4HKoNk_1AZ0n3123bPruPGmBIEcWAmu3vcj2A2p7TP1btJFLQCK4F458Wm5sA1cUTxD0CYS21zMYpwcgprbcvhN29VezCtxvy45qi1mjazYOSE6qwz_IznonD4uswGEuUnFbDnIoeYgj5RynCA==	2026-06-06 15:45:20.808665+00	2026-06-06 14:45:21.809781+00	t	t	0	\N
136	136	gAAAAABqJDKBFi4csuVdYOgZ3KVIeY1ZYXGjXp_qDEzwhBUu3dF-3K5QqMsE9_92hu52yfPOU7UlP33toIs8z23rXLol8ps-xTRQZfeMWGwKvd0zSbKBgx0-rQNk1vOp8yDmodko7kCwgYgi-fpceTnVcuApLTuQnhvUpE9xzaB6zlOFcKBFIecudFgLd0wD2xI3KtUjXmBDePjKqBAo9rUyuEM6iUscjCnRfMzyIn6cnMNk5xLSjaWXi40iBMp8AbWSX4-S4QiQNb5ZHi_EwomxQWIR_5QyACSUX9MXi0mDY5TFK_m72EaNy0m3VjjbYWVFvXSGPaEfpwMTEGV5hbv4aVBZvS0Sb9viVNVpgNuS30PdIaIvjoLDyQs7-FqBJ8kqA7NE0tXUoIASGz7SHLExs_HEmX_STE3vcUTOpJLk-m_Y7SEFsKo=	gAAAAABpTtXEapMAFQd5yC-ly1h24UJOu6cHZjz_JRMv29VNbL2LfyOkqvsZLPzU2SC9ju-V5dsAqiMG-EpbXi-ULl2OJdKtQTbY0_54CZbGnZLokjf_SILn7kU6IvmiJRg2tAbdr3RikfSGL5DT02oVpAUxsR1GW_lHMNFb6E_31CvQSFB_iDsKk-bU3DP6jnwXprip84YfoSwi124Rw4zV-5ru2pgTIA==	2026-06-06 15:45:20.883731+00	2026-06-06 14:45:21.885859+00	t	t	0	\N
148	148	gAAAAABqJDKBymceO8ykneQMare_Gczc5WaauPBYmwsudSlijf4UoUgmrABttqsX2eSv6ZCKiJ7yFhQRibRzZtA6Y45RZ-4ehsZqdQB7f2F5emJ9oyZ2Yzevt2nWGq6g8asUnxg204pFmX6W3kf2IiouxEDeFGCVpNoHNdqRshvlDmWE0Jv7rsFLnP3ZpHJuXpbHWEDFN80fjYQZNsiQxjp2Z-tCY3vbvmrzcRWI_4GRX7dGcqdoEgSafclOB14d7ZrwERdboE0Em14hflGN31igsr87Oi1k0eluLYLadBbs7_PLXfEv7iqjvwvWmSphazmjtFmX1lVUeHWj4aadpdw1MH8RwGzlavWFWJjZawXEkl1-XrVkms7eXLzZjYMbu0L-Cy_ip57SkCbfnnXDhbsPEYHTq3bL8nmnUbujEEjrn4k2i1-YPiM=	gAAAAABpUvSmg_ycXU81EXqpjavbV0EkE71bVeSOCY7LfMyZeTjyjkEgzn0Dnt9imanYek1mLVSNwMzT7P7JPiDHR3nkwqJ5WOMzraJ_667bec01OOHQCf8BzH4aZ_Zl0PPqoewOEaim5XWtvSGQZiNUi0tc49YbtDqBIjGA2SI97X9SGuB0SoNM_UmSGH34pJNOKtwLXTlIwROUPSv7tQhSsiLGXadCEg==	2026-06-06 15:45:20.956726+00	2026-06-06 14:45:21.958673+00	t	t	0	\N
193	193	gAAAAABpZUqc2qeuSfBE2Dr7qVzHNGYn8UuFhSr9N_7ZZirdF_p0deF2avCVtu1UWS4XK2MSXZnRSERCJpZYl3fJiMBq1sgh6Yl6aOX_PsmJp-OusAlDrAzKZxpfTRmZ48Tr7IvWxx31vlzy7IvBL98iHk5CCPiMXLzbAuBsUQDZuLJHibz90aBiHMbrfvh-CFu53lfZuaJLnx7wAYIGUlMeUZ23Qnra3k1tia2CWQ24dA0PaRP5JdTBhwLWYSiJiaztB8wuopntK7lUEwdb0Ilgj3tl_rFI7qy4kI_vj48UH5Sesc0Roj8WLqGAhK7Kx8hq2qUIsshJpDxtiHySb_z1FFI9-OH_uU4Lp0CkggExwMmxzlaqg0enCImutyrG9HkgtMO5rjrm_u13L-pZHiCGU-DVB2R33A==	gAAAAABpZUqcMdbCSgSPGztl5_PtaAC4BzwFlB5O3uBllC8iSx5rqxICaiyx6zjFp1i7Vqdi8LqB0M3ZtWofz7TM94JFiYSu0CSZeRUpkzM6ww8Pk1s-Tug8GweG7X27ACc9VFerem0IFnXfmTmhQFcY-xVmcD01d-ur9HaGu-RIg1rhP9u_HejzVYCQJAJDfJXWoKzmk0QwZ-j3zSyWzwC6vo7--FCNhQ==	2026-01-12 20:25:15.981895+00	2026-01-12 19:25:17.150093+00	t	f	3	2026-01-12 20:39:23.794254+00
145	145	gAAAAABqIUTov-WZR4dsNl4ou72uZVXdOXxHBAWSWFFlddZBx4xSZuXT7570kQGkR8QxGegDoC3XS4P-fjche8U7aTNF70WDZvQAme-OnnM4_LmfJGoo7Ge5N4lj2YZnjEv5QzCUQ_Rb0sC-AGDRxi6izE_A-z0Hdmnn-r6UCB5jVBBBeMQsY8AcMWkGIB_gni_6fN0ui1hZihm6m0jxpWfKw9DklfxNbTRlCI68pQoXGzw20L-rE626roSidM77GSgqv3trNzLNqpx199gNHVFVuqngvsX0LGDHips7EP4DVt1aMZHetMpnJiwQucydegRGXPpgAURj1LerWr1PSaNbZpOhLt1jHp1tp1u53-z3mK9NUAqjSbGv0nwQiChJs12-YtmYubLLUVR4vMkauGAyDPlfk8M-DpH_yZB6BqNxjhFU8ORNWQg=	gAAAAABpUnTg-xaYWO-x52AT4wa3B3Tyrq1hrVVEucb5AEZlxpeUa_aURkkpjJ5GH2xE0zDbmLT7-rTsT3ypQCRbrCYNR05ZERwUYodL9wgFbASO7TJ5JtFmYhf5Fo47W39ujtRmPDByLVLiT4NNi3PUZBdH24poqFuwkxdT7Ev6mCUSpB0xsLLOaPwxAgy9Joh4iDjMl9vV24U5Y-8OAtuhGOsuprhNGg==	2026-06-04 10:27:03.10524+00	2026-06-04 09:27:04.107018+00	t	f	3	2026-06-04 10:59:25.923463+00
137	137	gAAAAABqJDKCpWxaeobsNdwPvCNebcucppI24nboHbcTYSSxmIJkAhwh3lhniev8q5Nd9svSahzxIqX0WC-ubLElCYAnRFt5R7Vd98xEgv6I2wdHTyLhS-SCl7StSZIovFIVi7N76zUD6n_Owv8ZhKxiBmu_D8H7y6BKahu3NX3eksPLTUEqInTYNG-yD_i-oUK_uEDSpE-s7vlZIn97UPYn5fVFvfHgBeRl82r92GE-zcOa9VBOeT3zj-At-dyKm8-btam-yBosLyniQ2csXmiYuaTwBBlsez8yIAuzGB8olXX-a99GVdjKbO4T2rvW0yL9waqFFYN7o0OBPFmxazJDK6lOWGoqWkmmb1aC21YkUYtL8fdlQG9gLgQHCuomkbAV-pnEnTaz22WdW2H6Hgb4mjdCl1Qyq5nZYfNDtP2Qi2f9RnKXzAI=	gAAAAABpTtYZ1EsSMJzsGtC9lj5fOK4IXG_bUAsdVbLnVGSoPGxtSa8JdQhdEY9Q6YxP-a3K8MQ8I_l3O7ohwHvKxxaqYzSOpGumJdkfxqUk42ucEt3BpcD2WdmUZVf6j1c1kMR03LpXvA5_2gRvlIzKFI9pHcqKDDMN5DqgmfNJzfW2SCSgOhs7heKTrZHBZx4A43IOuMxPP4OpwcnCi6J9-T2D0H-1jw==	2026-06-06 15:45:21.032853+00	2026-06-06 14:45:22.03422+00	t	t	0	\N
146	146	gAAAAABqJDKCLLVLQmZHV640VKeENG5XD5_59z4xRxVVjqafQ3yVMvJJUBg97VR19OqVkKHEDflQb_-rIC1jyWMtIN4Svyyl_8sLGLNa4bTPIr09z1LtDjfSUoWDmXRXR7YlTxIjjfFjUsmXn_l1LNy_zRFLsy8mIVeq_aLFW4Pcv2Y-ZAYcchIX1TvmF4lsJBwWDC6gmaw7J6nGxguWoGPEIxBlj3jItfmYnzZfByAnRqvluAXKCg0BG7A4WrLobFXBSVqiXHJDqvCGk1KXq16Widk9KnXGRPGGpr7cb8ncY8eB24kT_aV1d7gWBmwOXZZMRiEeAoVpmhNGTnf1slXgtHQapOWZVM3YGeaBboXDDBpIEESaxtYmjST8lZWuZqNQvsuJOIxLQmkHju1h64IofaATFG_rgVDy6-bI8whLy9UvFoUepkc=	gAAAAABpUvK6Dx-hc7HoyxoAUC5fcRBl8-TGr91zrNS3PeN6kUcpgJWWVpgewin5Zg1Cgpet_ZzhSHHLjxvAN_Py1G5M3qmFFaEt9wq3AI7InUQ4yK8r1vOFpVyBfJi9XSsNTMhrgxI0s1WDVc1VSKlb9b3W8uQ8RPp9tImvd7l8DmwFrtIkL8LkOVFQPFNmAjPIQtneme4FKPNvbJ-WEYQB2KGqVc5zDg==	2026-06-06 15:45:21.106998+00	2026-06-06 14:45:22.108513+00	t	t	0	\N
158	158	gAAAAABqJDKCQrtNPIoDg-7XH5PsLxKDxsF8COhzhrKISAQzPgLUVTkldHqk6BGlAsicwbug16Pfh6hvj8kUbjmefaffPwHJXHKEcw8bft4K2U3Z2XH8gIsrBqCmhNeYf-mRmr_STnImUBlVbTalNyzNkeRETXYzoBl7E_JDew4zsT9ralKkxBY5oqMq5XjB2BQmSRWY6v8QKz5G274ffYWyWuMk_91S6O2gjrgPmNAlp8vhmNMLxoHm7hhMrpa0w0zXgS-6zW8rWERltA-twG9UO-Sy8s4FcOUmvGh4lThYtj2sonBzwaCXgCkv-LeXmgfOqBsutGS7Fa7Dt6x5eFxHPY3JTX5n3jrCtp0XUO6Lnrm7WsunDcmSAKEHjNtzennhrg0zhMjbyFWp_lP2l-x38xBwuBjmxpkLc5n59VksvUpxlIHqG5U=	gAAAAABpWOHkpjiNn-CKf4ZSTtDFL5OulkGourhKjdHPCuzI9LYIHop5Jc1Dv01bcZNkVXmTj2xzbN15Jt73UsnPnAT9quPd4i8Y-IdzKaUJW-yeziK3cH5RcKcRlwR8q2_6auZ0gJzWUJfbCxO9YTJBCg3kZ0W_wpBLgutxLeTXvI0W9JaNwJULRKATOLUNvf31Vh1PXYFOuoEez43g-ysrRhkjd-N_1w==	2026-06-06 15:45:21.185693+00	2026-06-06 14:45:22.187993+00	t	t	0	\N
160	160	gAAAAABqJDKCDjgivFxlm30RwPZkmIZKUa7mFlKB4aVvKovFKWL1XOKk3-OiIZ5qZqut0SQlObh_VSL7AbOhssgiaox08cjsGtw2AlgFZ7nKZMtK5q-d5MQ74T0pZO3E9O0wZyHH8zd2N3pSCyREzh8Yt2Wv_NzS2JI3jVXS8cByLaUXt_DvlbkeLrsJzqLnqcUc3xdFfsFSNhrei4juvlMhCXsDzzlXJIefkTI1Y34p5SCta3Wvc7XDhGHlPqi_jTG98hX9NgSt-QvmyTK_BDHTy_7jeXC5z5qhLZkr1Jt5XHfaCAzv0c0lq-g0MEdS2BUttLUrN3qb5Q4KQmlXuE1Tjy_3V3wNlSIS5lXQkFgEEPknkfZAZqPN4jL9X68Md4DHPZoUXNjOUidpb2hAQ56ZMX7nrlb9k9bZShn7pI4QWREWnrcGzzA=	gAAAAABpWkzDKIW1DP8c8tynX4WYm8gM9EotlrBBcvF42O2Qo_jWkpLR8Wtyja9YuK1kjAaRtgXKzGjgOQiXZkCfRmHmAh2q6EEFVjYEgX6qWqjd6Y2IRJPA3ACwhywp02GJ6NwQ4XBBxsfsZe4Mth_a_OsjIiN_wCekTR0pfu1N1jTVtRa_T7veyuXECHqg7dFQ1NOwpSxgv9ZYupJjTcX4clM_5j9B-A==	2026-06-06 15:45:21.250535+00	2026-06-06 14:45:22.251922+00	t	t	0	\N
166	166	gAAAAABqJDKCBXmhRWZMQRZhSxZHuq6kaOqpmCjXJ6lUtlUZhBbF7SR8mAn9vEGBqgn31EIjoq0UZYPBqtP66sNpp09K_yzSzxAmnFePlkSWI7Wrx8Ay-C9fT8lGq53B3jJEzU_edGR13TlUrq-zMRrFn0dNgPmVKQVmpbNiVeuSeQvR6MCt6SLR-uP3SoodWTTe7HVjTqJpEFi8YwHkUH63s5AsVd_Q5c1_rJs_m9ViYu-Bt4x0yAO3vfO93eeGGvWIsuCQLO4PdHQyAcVsyGg55sR8OI5phDUHIxoVfe37Aa3Gu-iPk1NWE7UIY65t63aauEJg8Bdll81N73tnHkoem7CTHIdgG8BX6J-SLXKq6gSGqSHyWEDV54K8x-JD0Sa1K4RXGQSbuSOgnoYYIkoedh1G4G9x2RFg_yBq9GAFvRbHTbbO_GA=	gAAAAABpW-JiSWjVOvEsVPdE-tQUYm6lsh4I-rjZnodw3zR6IASGlewhYqU6BKYiEPhawuFFDJQHxyV8JhYtEHOUdcUzDjI4IDB9-bmXVgwmEIOxNNiQ4arkJPRDlaT3BhZAY5_QBZ0Y8YN13M_lwO3MbkD8YVmSVWMSXZZMixREROxiXAr_OT3VQw2XCH82yd191mefFGE1PNANP3uDSWKdKobJDSk-DA==	2026-06-06 15:45:21.321154+00	2026-06-06 14:45:22.322565+00	t	t	0	\N
169	169	gAAAAABqJDKCpa96xBHU6y__BlpB7T6DIbjQnxOXNmEIaIs5k7Zt8WJ2pNkCkAwUhG-TtbfAf_1K7nl0B9cqF8GaNPQsdIoVKDb1viQmJx0FS7XQfdS6k3t_dRRrqTNfKtEIS04Iw0B4nwkv0bxGL-HNOF3TKtKuYnP_6BT4RptD1fC1RZRbPXy8tiCZ_BIvEBeI8PjnSp1MdJQ1NOnHWT0V7eZwRCTfea76KuGtaBC1-8F3Keu8bbhtnw6W5ekH6pGsyXFfjpD19K5D2JKb-Mf7JuLU2ugyxoV3llhre5MzcP98geZd9qX7WReovasQjQs7qIRxWDkNLdxI5IcEMYsfeowylYMGUb1K25ftoTNgGySH-p6iqgsft5gJg5emNUPPZ1bEV7gI1F2EbHfIrJzJmPjabsRQAQfSWjqt9Y8vyRFkMleb4XA=	gAAAAABpXq5bhhuBDmmDa4btqBhbjvW8Yz6xARzhAjcZzXTonc4XZWHXPpePGj63hAMAicxJLLAPMnwPHb-bMjMWTNUp8_4edltjc3Tx-ui1Hi0CU270c_WiCt-xQYs0_vV7VeKih7dTHCJR_NQVp2SlR20wnMMvtcE5XMKxS0hmpXIhc1OakPhh_6lJhbMKEHEMPky-DUU2vRI3VSAmVSG1YUvtvteNMQ==	2026-06-06 15:45:21.383077+00	2026-06-06 14:45:22.384782+00	t	t	0	\N
170	170	gAAAAABqJDKCwjkgNn2KzLYcr1ELrjbYKviysE2Q76V7UsynccDMhptjaxBCs4-DTzhd3pEUI-xjK-X_XLul4cJdXrxb8nfH6CLqhDB9WnXwOLylmdjFXTnGNKCE-QFV4E5cSSlJTXQQSJ57-ZCFootOUI3YMucEdSgfGnm0HSA-TL9eTa_1RMhFy7W0JG6UEjyVMFYV8dsSUh-oRydyzqcK7cd8PSkVY0kLwWN2W6yjzKq3-6zl81alYHGbZKDkJ7vPVvH92949vkHeUdmSYU4EBXtprhnTo-8YHDx7zSQgYKp0nhleWT2d7_aTrHm8qb9pyBnsebFOuJ_tLnzx3ztPn2CFQBiX0MX3p0n5WvMHqCHdh6NZtznf7CATHH5KPAbH3lAsKfSvpVK9Sr2ROfh8PF7y9T_JVFm3x3KaeJj_lhFX56DASXc=	gAAAAABpYD03FzqR9WUYXvJRnUsUKhcgcE4-HqENoBenmSauSXKbYi_GIqt36CxgDLo_SRWG8RbjWH9zkArAqtLxTdxa6Ghzo4iCRyzsf6SfrRK7C3ugMIFu5GD1FdlhwkZbRXW-Q3Q42hI1cofM_Zl0P1sgAva2hQxOQ3PSXZXs8q-7nKV_-d-su3Snh9QCD_87hhVZy397DUCfkLxr0L-bD0E7Uhymdw==	2026-06-06 15:45:21.455175+00	2026-06-06 14:45:22.456621+00	t	t	0	\N
159	159	gAAAAABqJDKCFAjqJfs0Icm4iwBgbFO0eFeeB1VkyCFf-uStBTWrUgv9niV9yBrxdf6UCsSTXwlmpBJJ50Ny3rxNH6t3_hPAZkBNCEWSfMGkUlr4Nu2LmG7zVxZf-8d169Mf8k_17SYeJXC3rebairQkhUVfDjGXt7Ya3bEojO-wm6hd900QY4L7u5OErMXGYcZAv-R2DCLhfCcJQzkdZVgQhRUqJgUL7A-_W8gtnf2edOOAiwvlLkvz6v-cN9vLPcVXBgb1uWa86doKUzBqNL-JfDozR3XxFkV6BIsOBzMVFLLwdlZdsJduuWGQpsk2G7cNeNo9U_PNTIJw9Uk1plO45L9fKtNb26NKj4fFeRWKNTFv8pAabBV-VD50Ces4os0CWs4go9jmbnx690eSEC137xUslCX8OcMFMvJAiobXE6g6mSayiog=	gAAAAABpWZ88yLWxn8Neo2VbG9gfxupFSnMCd0ZQgqYCJlnHxwlCifP8znDi3cC0J-eTHkd1pT2uvzcSDyUthBYOWLFtj8U4Gb6cqOOrWzqTaOSa0F8ZSLtlpYEKeXjfPuLiCRlWNSDpRsr9LuMGafD11CrOlr1Nypo21KUssP2ok2FK9IZ7YzlEVbs3J-uJOuOTsegraHqEXlLVtmH_acX3Oo0NSITUng==	2026-06-06 15:45:21.513129+00	2026-06-06 14:45:22.514405+00	t	t	0	\N
171	171	gAAAAABqJDKC3r6IrVnYcNr3u0zpn-0kZW8jdl_3l6Jnm82Qgeeo7-02qxLU8vNQuqyjL41KgcjvvGzVPlySC8qyVvbhG0p_LTCDnztTnRiQ4pePsIyvnYv0nfXKwCBBrihkdI4AxLQir3VxlZcKgDUUEHHcw6gUoCICKh_IFahGFXc4r21Qc0h-MpakL2MD-vMaYhAr6aS38JNfCA-TkPusLNHVDlpF_nS5r2RLtjXgiP5j-r1Db2oE4_jkAc5IYeHM9CAY9IDZmG8naYm6ri4_-5TX6Uug2TpHuoUT1W-atJlPIL6XsfSSZrmcaYCnpCoLIhKn_rYp5tNGB-w4Qfot3CJ8GqRviKjjo8b7ITlfydG2f-1LLmiefST8mYnb2jJpB4SjPMT6Yy_0jKdqBf-PVvvjZnik4wTlcYvPGnh9tiew1CQiiTk=	gAAAAABpYD1zrZdm3xbiUm6K5-w4X0c1UZHISpUA6rPQuUoJjvlRbfIMi5pEx272Us1fHMmUWsAAA582KxGolGgkPKNGhd_zfDCPmXwWgY5fG-i7BVK9Pwaq1atygAwdb3Yrfo-KKTml3zYmENZxB3_ZS1rtPIH0uZSOdSvCgyRGG9oXeYB_Qh-KyVvqsBVphZEjhA9C6YtSN6Urc_8qfHrrkRvV9omAWA==	2026-06-06 15:45:21.580071+00	2026-06-06 14:45:22.580973+00	t	t	0	\N
125	125	gAAAAABqJDKCxO4OqZvOJlg-6lgAZ87QNt6HoeAvUuiICx3HmUCXU2ku8rvUpRUdnrs_Ja2dlfoQkou1KLcw0-tgy3N4Tieu5pJOFTgIHURcJ0EtjNCbM5T92Cires8JbkfZeZ1VJnL84jEyhC4QkOKvUeEkkDsi0jAG741Ncw0Q8sz4z2E19EjEPXPLYBf-lrDYCa2QuwnpxnvYElDFWpPif-PWp5L1M3zwbBKeT2X-sf3elCwmp7VIJXiRh_2NZQojnJpS7Tfv7_4c0Uw9bbjUZA8_W6urwgr4PUPYCA64OGBktxOP33Fm_2BTB1mGcSHCVUulmTBKe60avjflUBwmbo8s3jLg3eAxKXem0P-Aj5q9QqWNWsXkmAnurXgwPuTzWIe4TCkQXzWLYvVf1IJvAnZfdAfdWrE0YxL6Vwvjt12HWsSBCCA=	gAAAAABpRxBM97isQZ40ALQlMgdYL_lCGPAtjOS4w1_PVsqpQLHCMPS670ElbP1lDsoI7U4C8sYrLMYErh2_VPsbJsWBndPSDEjOlEVX379nPitAhUglVRuWgpkD_fQ5b3Jkp7BquCEnN18652C08Gw9NUrJUALx0BBbWcVvIEoLSokA5_vaP48SgCBqT6oIqZyhGC6YjC6RsdR_3Zvu2IN6bQ-zIYB0ZQ==	2026-06-06 15:45:21.653466+00	2026-06-06 14:45:22.654382+00	t	t	0	\N
157	157	gAAAAABqJDKCqjo4kcCGtYq2yQJj7wiJioQRoxL2pzb0E12h0e1vY1-8BwtjIetRq3IUtSebtNlA_UubxPWlzxS4h3-lsCQqtGOCQ5NAfU1AblYrVjgIg_uFo08RdxYtEzA8N2kG3xBUMyhELrGgVPisdX-mrm6_zDaKYIHIrf7mAa93JUtNE45lTXxHT7ECuhXH8jrg9KnXVo79VDQ0rJ0Pbqa8CVn_WJz6sFYpyKGH-1iDgMiWi7rSFHcnW3a2RUBQ1nbxTAHsADn8z6Y4ncD6udLoJvJTUACo_nq3PylUon5pn974-ko9ze8Oc3-wKnoETglwaY-A221S_gYvvrdFu-SqUhlIinTPyRJxKhTfnIgF-QzIaOPw6SKBuxszGC5P7qFUNCTBGA0A83BFisWbxe9Mtfyq0fSSrEPanPeBftKY4ZOnRYs=	gAAAAABpV9rDsxUu1iaFnJpoMYMZY8F74D0gZarCdHlcDQu3LRgyw8RE0J78v_JBE30ZsTwR4kZ5WE-KpiT-c2q3Gvz0GhBaoRTiyDpmPwI3RaDwwLkLv8DxUO_tJycjyQa6yb22WXDLQIG12YUQiCzmoCYnLhM_q2l99MZVmZmeRAeCv6Sfr-G7nrhIIrMHP5Hovt1QyULvFQj0idUAGjRecuuKv6BkBA==	2026-06-06 15:45:21.715714+00	2026-06-06 14:45:22.716834+00	t	t	0	2026-02-10 13:20:33.576652+00
173	173	gAAAAABqJDKI-DWRhIukeCCbvmPH2nYvhuXSccucYF7wabKM3W5ELal69lyh8n4uSlFDy-5MGKfPlgYUHRwZYruWm_aahcehpZSmf1gyrmmDRMqg3CA0txxcTVKCEvpR8P3pKUjxaIlxecm73lru6QmJ5g_abaFo9a480NlOvZJtkVw-lXoyhEyLqQ-zFZROb-eAfJYxBE8uQs8V4JapfaDmpBQM6MTAtQkIJJ3E7bmWTT1LliNJ5mi6lSURwXTrBY-PCahCvHHpxFOlDHYeXv_Vrc-vrTSqeGCAY0u13zjA4irqlziL3uaWOivMk5gCzBeBplDlt-fJt0t4ZrLB6eyIfcVb7bmNuFDR1p1qQf9n2MEzV1Z0MiRSi3gSCJP1-nIF2CMjj56Gfx-CBBBM-M3wAfbpQTTh_vQGnqD9yQEGWCVvKE00j90=	gAAAAABpYVhMwRuAZwbNEsjHioy3FoQ8Dag4Tp75MFBT8PL50oKK3XFNYCrjpcquSrx-moh7_vRd1Eyn4ggJcERx5lBIlSisAitLYgty51rFE5oJnhbbCdxswGb8H2RwR_Oelypp8mKWtgGPt5u6J1ca9EeL8m-NVUCzjz4S5Elhb8MTw8cGJJmkpkkBktP_oT7YtzAN168WIbcgnQP-3cJkrpgZ5VRdRA==	2026-06-06 15:45:27.96401+00	2026-06-06 14:45:28.965243+00	t	t	0	\N
237	237	gAAAAABqJDKJOp8BhXuefzKCSOqfQZd8uJKO5ozUTF2QDT3mF2MWgfpyAQ9e0l2jGDlJeI-fb1LcvQKgTrF-JV54VGOcJB3Aq4L8io1xIEDheXTLUksNYLhxqF9vfceiNa3NCYIhSatDNSELYUoRnnmYJAmNzjCbNvo_gtSxPrLBmWdwFhS3ZG72ONvW4yg3F4e7obP6hj5xNCwA1pMrbMvtpX02yLYFtbVGAk57rj_DJspYnLRQeny9OQO81kVzOer3dEbvk9wC_1p2Zck_Q-Itb-D3OPIQoB7buZSQ-m65m4uSNoO40dPowmA-4Brn7ZeTGx9A8m9f9TvNeR4t21neSSPAGnQ28FOLokJobf4aS00zO3wVJCpnsQokDXRm-RnT7KZGrVkWvAEhm0betKvq1Cco4uCHogbhREO646vTDMsGZw_HF2w=	gAAAAABpk1W8aFvee0-MJCy7aJUcUKeLgQNjIq_XjT4qYESAu_uD__GUCu5aQLcFeJadbpSH2LAJxaawgizUnafhtm6eVRCtd3FHnvELr_A5iEpUdhJGgPBkefwulg_lxV0KyP492DCW9AuCCKGgcb29RoqmocCKNeYB24e0FvlnnTf7rCZKz8DY1ol_ipOlpgsRYUDESsPX_cxh6BDQGl4HB1hgdzjT1Q==	2026-06-06 15:45:28.049181+00	2026-06-06 14:45:29.050407+00	t	t	0	\N
153	153	gAAAAABqJDKC_8VIge31cluU1j3WMzXYetf29j4cnKe9zPARnbT8Q9m6bI9sAX8mt6ljFQx_Oy4xoDbXdo9CtUi-WlOSTxpVqK0MOxmlBSwXZzlJvE4jMjDT0bkkZdLs1Y5f5Wr3DktN0oqEB9HvFpcMkwrLKHpztz29ORAhOBb6a8SwJ1FgMV8tq9xNRHKsbX4VH7aOAp8EJ200-UKG_9_IMw-u5D6niC_238-YOTcLFAb9bu6wvaP4F0p6eijfvOZ9NAr7XbI7VXa2B69QVnJ0V9Qodlv-kKyTiQi4-rUuljKkyFjRI9gn-aPilmbB1Dz2FcFMLNbZ4-vk7t_zlFyC-BEzAk7D8ggp5eD4_Xjlg7AIOQ8ttzXB7TOZm-ajHGjeAm1eR7aKlJhPi2OoDRrlaXDs0JLNlA6Vhu4vukvaIbrf39KOEws=	gAAAAABpVVpYD76aPQHMhzItmnjNOBzkC7b-MnC3axplaXVhwfETSAHr5UQuUkcOy0g3bydB1c3wRCTmp1vGHw_C_8Seg3ycxtHJ4LG_5r1FlOrRz1j2QBc313YPM9PdDAam_iGoaAjA5Ug2mpJtxeoCdaMb-Io0QENnxCqJDv7qg-w1wSMOGV06NWECs09XUWkGaPqFZ_ky8ZJ7OD3mSXk1V7rkyekMbw==	2026-06-06 15:45:21.889212+00	2026-06-06 14:45:22.890404+00	t	t	0	\N
240	240	gAAAAABqJDKCasjPj1IPupkVt7Lp8kyWARUElmzsUgTfSX-c4n9j2T24H0LlKgrke3mSg8io9pMMeZyYWr8L3aCzV6jbcl3KW6NjWIlQAr1F3B9OF7nh-HJs1NGBzWEDA55yZJxjLECYt7u8O4gMeeA47Q2xCWj4-Y0CtTr--XHdGv-4eO0QkDcB0oqL8SAolZfrbRI10tpWdvFPnWBZoDJJ7kgnguFU-lzBvPg_zG-zZmICszKBS3TQ7XuqO3b5Tgqv9uc4qZJfuyerR5bMAaMoX2OqOm0C67I4liwZpfEnsHvte327bdnv4ZA3s6FUyaJnxLZLtyXkaa3srforIzzeOdgN9SDbIta815Y4DW5iaI2URxMTaqRPe06c10OEf6ztkQfkI_bNRB0aV0eMuY51coghnC-K-yz6liOtK_4ApSL6-_hf1Zk=	gAAAAABpli5T__CtTXhB-7fLpZWXZuHLZTBVDH51L-_pB3Erd3pgGht1N9p9XXVzyL-rcdUUyLbHP61xD9IySALgAnRFLcLHRSOFvpi8drrXVOtRb_kh95mLc9TqHvrv3uawBJa5BXIG3KX69UhH67G-WX7RBtn8Wi1cekvi214sY39qTf3qiTMu_WJ0-TA5NV8oWZHVhP72_U7wPWkVtZIcw7bTHH9g8A==	2026-06-06 15:45:21.770948+00	2026-06-06 14:45:22.771868+00	t	t	0	2026-03-21 03:45:27.060594+00
248	248	gAAAAABqJDKCKUeLxITERwRwHOVZNH6x95xM-efJQfiLPz1uSjml5o6nWnAx-SB7X2v0aHPc-f1eAfFu7Rgli-7UDWNGW244Nxhb-QifVEpc1QlW79XY5Oi9H8UPId06Ri0IKMNVNyMs2K_ckLeebkR8adTIu3dSl6jVwPWt4maNuulw5mqibyr31Kxrlst7L-7QRAcZV4ljVFJeqmjNhHGkwOgvdH-EAQzQUlbSfdETz2e1IVWcWz6sp9s83kCH8lHtPmSEOW6pJA1MOjuVMWWgVsirkcsJHJMMVAA2YGaro8RanzktYQjN7kZyKEWcBTMfkakFMl34zRi_k46lQLPuyqN5NgevQfPBD6WRuPpUt2AJqFkMIFcGju4NTMBKw_P5dJ0cIU0VL3pEV7l5eeOqEJM-wGfT2nPEZbFBa2lMKmjA8vjaJYc=	gAAAAABpmIGIBq7AxgNUXajgryqYVotsn2_jgXaFmAtLKXg1N6QmvAC72mFHDkT5DCoq7CdgzX4Ql3P8AyNgLUVaomrlj_BLzAWgQ3OX9N7sMWs1__zbDjI8swKLXpBjwmA_AOUJJt0mFB3ZZ6i6XJUmYfQVNDeV60kVcjstsbc4ucsvZLzh4nuf-fMSEbPPENBjJzrMrLdwvesPRYRdQR-cTUCJvnw-HQ==	2026-06-06 15:45:21.827206+00	2026-06-06 14:45:22.82807+00	t	t	0	\N
168	168	gAAAAABqJDKJxGcqjJSg6FERI-VdiFDWZdaXWc3ha0W9_pAnQrcGvLM_DxnmKKnIA0IbRkpvDEbG0zmEQXMv6OE3tO8QfPddCpUzZNaNAeWJBRzcmgOC8RoPP-Uhbx16gOPndn5tulm9rTPWnfSBnl_jx-ddmF5z6CR4hJdhHRBxJ-o7dZ_wp-mKP-XjNl37HWlnypAqrg-1qWaY-fyUCAU5KW3g8P4z--Ls9KV97TQpOj97nrsn0T-mHybIpM2a0uwlSYSJPmsUbzDFDIpa1jcGKbKEi1mGD10wmNFz69NY8HqgdmqnDunZZ8MMLR8XoKH11YhE_En1fs-m9FfozHl7OWNkqgP1npFgYOURVVaPBC5ldh7fM5mA5Uc4iYUfkt-_IPYy7gmDsD2q_gH8Nb6dOgT17a1haS8qnGuWCsebz4brLRZ2ywQ=	gAAAAABpXq3BKks3PT33QVdmrrnzfbnpq2aqRBspyki34EQqagIu8vqDW7AiDyvv82JSA9ToYzqepAF8CJw6p9-oqK4OmastvRV2oDydyRfSlyldptfqKJfeq5odJDP1UBaRCunfsViSv8LVPwub4GDd4PoTGIhHcE_zGfXSMG8V9rhIwVxT3FdYNIOwIWUvBa5Hshn_EGIU7x_vACqA2KD4WOmrbtFSSA==	2026-06-06 15:45:28.120328+00	2026-06-06 14:45:29.121744+00	t	t	0	\N
176	176	gAAAAABqJDKJ2aE7eUt3LHGyUZptTEy4WClmqiX-Z99BQ0_mPDTSSCn1g4Y_tKb14fcDhzm2aBkhot27p7lEnDdyc_xXwaBpL-S5fJy8CVG2Tw9l_ipHyBPAFnMQALN0P617Iu2LzrjRzNcTnXWo8uG4hhh-hrmX9wPyQ6O8orgeSN9dBPWuV46axhzoisxGigaBwMDC3SqBDT1rSWtzpaGpEum5l3Ai6nMW70-892_MaR1zy5QArXGpJ_sbrLYmGGQV5P_Uu2E6tRZIQy8dabkHp3tHsAGZ9xrGApbZ7i5FtXXSPMZsSSuXCuTnrOOg62sVHd8iIao6rrsHXm6YiMVbofdFIA9pd5NnWFAxOU66O-MQt5haB8unbg7BcwUctHoqxxnADg-BWvqQw0p0lKAFzCEhUPpkxmE62cUGF5zaDPmyhzo7xz8=	gAAAAABpYnhGgR1fC3nuC5Jo5suBpLyi9roaCWhUMCJ1uDfYaWJNQZJjIpm5zID3NvkqsiEyNdN-Pe5Aw-Bvw10GcKZoAFAxLmyFHSvgMGCCAoxn9Yoss_ot3LDNPkiBpEYJwUAM4uDyFr0sggY9NCwG0U1M9pcCoeXp3SanK8ZGOneJDlM1xJBGxLB7raI-Tm1k10biFeHFPThpYJ75v_klZnS5m3_XTg==	2026-06-06 15:45:28.190105+00	2026-06-06 14:45:29.191718+00	t	t	0	2026-01-30 16:31:49.032784+00
177	177	gAAAAABqJDKJ0VMKo25MrbiWOsGXKbJKuGdyh7y7LWPAqyWQBztL4NouiSZ7hlpbtht91zwT7Ky3ICW4-2htv-qwrVgyD0MJtuktZfUpRgInpdjZEv2cftdIKyYEy17VV_RJC6NAoqi7j05cYe-uxnQjpodrZFLv9PzyKonuUzn9hwogDVINta2HMW_ckFm60Dgk5kuaHrhZ5yKo8qrSO_3jUN5RWJonO2-Et9WS_Os44Xu-UEkTrTZL2EP4rIbzWcL-UAU8JLR0xJXKdYG7pWYilrWhJcq-iCDm4YtgtUa9O8mlaYcB6nYlIGETGP8YT-2exI4dQU1soGspyccjzbefnwpHilFb9M1LfnPiwM8SgX23Wn9NDcljQr4Esb3xaXwNmP1swyMHMU_nN3x6cwUxFYFraIYnsibaRjA2LBX8UVTPr77iekw=	gAAAAABpYnj3_Goir0WpGw5ckT1iiOqhrnVeS1oWGl1cEl0gRUzqFvVOaz4krZG1mYFGD7YyYZAxxWrYhH_3UqqS0jmQb5UA1y8RZndfsDhZPMdkHzjHvJkqogm6bKuNaT9Zl72tQ1npB-yKVvhc54Szt9IcDhvkZtdVQNIxppu9NYOEOyCP6_kfUzizbQUk754PaBBXFFkECk2YTODa9HzVMcRhyUkeRQ==	2026-06-06 15:45:28.286302+00	2026-06-06 14:45:29.287889+00	t	t	0	2026-05-31 07:04:51.793415+00
185	185	gAAAAABqJDKJBSymX78ldK0Z0_LTspx4Er_9TilP0cwu5Yv_GCIC3U1Xu3ER5oDS9WT7muRVl_z0vqOzVFEaDpg_81-owfHwQY2KliZJeCrnsZF--BQDcno7JIFX-0QXIMgy4IhUtjDh0388ouSqkQ0Uin68o2eqt24IT6PoVj_bLZV6yXF8an4NKLkhJ1RdcKUV773iCbfcafjOZrl9iLN9c4bnpaKfdRie144QSXUK96d6BNhBuNTxP2NspNSUqNFpkkXWlFTZ38etL6DR-slynpkC13UM5TS6s6S9zmx83Slis94X8z_C3voPKrOkYclFfvwvA8h9jq6QaaKA9cvs5u8fwEgohbTSSwZJhZaFCppv5-vK_nDTf4SYbioGCWSuNGJtAqZBxweWpX-FDGiZKsF6pHaLL2UkZZJohRr_gy2iR-c1JIU=	gAAAAABpY7o055Ralefq8skZO3kdonk2Iz2IoLcI9VoYS2f2-KyJ-VQBDqcxJSoPYlOoL-y7F1qByxBDRKtsMbtiq2HiJLyYdRSTrqJSXYiMavxtObiirtIvGVdQyxVs_Qli-8ZNZ9cCcDxtLKYuJ20DotXwcl0iRmmIKBdy0vEth0ow3eugT7XEeWIwK0Foibn4ki1LfyGOvmvOGU-6-f4E6zWjd40lTg==	2026-06-06 15:45:28.358437+00	2026-06-06 14:45:29.360029+00	t	t	0	\N
291	291	gAAAAABqJDKJ16MSxd2pW5udu3A5hDSzT8qEqWQVkX5Mp1JbgNa8FQbxGfbgz6DB-oAas_Ltm27ccA9OrXeT7bLoUPb1w9G1lLSYSx6-Qgq6SlGcWs-YRw-KE7DeaSjhpR4OtTcX02R9iIVnduyCsLzTLez17sehSFKnP5a-o8sqzi_Se1xmXKNwI2pB-R9U6O4xVM3kEWwLe8RvQJW_q-MWGPLJduLbQqyzqF8jN4oi6hL3yzCT4JPPgNdsqhU7vaPYPPutgm70Aq9MYBlKLd1GcZ8I34QAphF_B-NXLR3YzUY85_FL2sdwMNztpwmLBYSD8RpdKHJFAY9I49M4h_sX0HafHkc9OU5dqemNpJ38fvPl51WREoL4wkHOsIONoipnN9KVXhlO44BEWpUrhOB5UUg-MwnEXIco6FBVeQT3CShLNni1tDo=	gAAAAABpwplhYnwkJcTghdO3kxh_Q_tPFsn2vgu3v1iBsyFpaCFW_z6jwX_o2uSYLNdMaRqYsjPvd1-TInU3eyX2cPKj88YFIQFuj2s-HCN6YGq_6UpXnYRDBVs5v2WWdxzqZhFv84UVr95z9H6vfUjSvSVJ3Up6eOq_Bi0lPrAUQCWvS_XhTkStIEaZtWEhlqDJikj_oh__Su6VXMZ_CU2_uml8aWfZ_Q==	2026-06-06 15:45:28.448346+00	2026-06-06 14:45:29.450197+00	t	t	0	\N
60	60	gAAAAABqJDKJZc8pGLYWBMsegMsPseyobu6XJgKuU7cr0Qj67JDc0jWb48Y5rcUON7HK-2bufN5tz9cni7QxHC_qDwl7sfCmGtHiD0VMMysN3aWEPkvbCnuPrJOPm5eUHCHeuwm8gg7pRM8e8UPFqdF5o9rd3D6ZIG_gPljnEoOAjXkIlDGMZa_U6JvKzI_srn8zBb9b2QyhLkLdp7RQTvLqtZwRDN-HLLdMX5EW8c880cNxb5zcNQfDm-IJ0VLqagnOQ435aIk9uK7Fzt-JHtusFzZ7lnD8WqZMvMF4KzyydUjR-I_Grv2fnAe7BTyHN4mBUjV1pCB7ByMlDzVdXZtYe2ZwaoWa5maO3mZROSEtBE0Z5I05lmR5hfWHfaGs7JNCAEG-bLMtNUa-41UxkN7mzrbmNq8VfD6HQ-JfnS6hDIxlJGyBWe8=	gAAAAABpM_z93OLmP-g8u05qRw6nLGYJvyeMgRSdEZRPZAFQ52ydLa_LY5wwUSheRwayjX8MjdefuGq-epZkNq5PR2Urtl1m74hFOeDiGRUIxbYb2TvSYNOA0H7OlS9uf7-AMXLlvs07K-s-G3LSL03aMS2KaXg3mBpXOosL8G791pa3VvVPPAOjAc_KmBAuJ_sRGGUgXcin-uRVBeieQVKA9p1WbYGj6g==	2026-06-06 15:45:28.526732+00	2026-06-06 14:45:29.528302+00	t	t	0	\N
130	130	gAAAAABqJDKJQS-WwbPPGAoclnS_uHYejzrtuI3WVJwLXQKBIYcvNkzWnCwEnWlYH3I-thXeECy1J3NqxZ3g-QJKk324Tj4nlqPgmJvUS4NACWRbbOwI-_QdtZQLU8MZjjaaCryTxEis8dpsuuhmU08jLXAZZ3ubxtO3nHyQaRAJsHcCKSQug_dr3Fh3zkibDoAK2i67Z8MdrJ1eIJcIpY0SQTmVaQX7ZVG-vK9sDIqzZ9Jiy-dihpA-0nlPBFVnP575GBMxpyr_sF0qCQs9nbtJtshtVPPOq2VP4fBkvPHt7WYoraqOrWYD_yBZwL_e84Kzx0hIEUUo7nMbUW7x4oFJ12m3sbCwwW79xZAAh89QWew0Ul6I2cCvwFzjbkTfSlgsRKZS4RaZzpGjGeCF5_c7RyYer2iW2Hi7WC3wVw8BCa6akr3qRZk=	gAAAAABpSddGoR3_z62laL0jr3ueiHjVwulJ9EARlC3MF0_0_E5NYt9Pi0pdc6Kw7oZYFtn7F4wyUf69f_62J0xoz8wENt3Vg3_Dvrho8NBKQtZtDrTW_LssPx1Sq7q8kQ7TtYhPZQxvPjLJCAuJpQK2u_VE_y4iT_sUDliuigsFzRAMEZP8ktywZM4LdjVTHjyOS5qCRnQXXmubeRwyxXPjAMw4e9hlWA==	2026-06-06 15:45:28.601276+00	2026-06-06 14:45:29.60279+00	t	t	0	2026-04-08 13:12:43.503316+00
138	138	gAAAAABqJDKJd9b6gOd6XgCZ5RuOCnQfrb5FbQhexQMsfmNbu5gTYkAyVFDHNrnBOM_7lg5Q1JA_2E0Fj2kS1WgknqoipFhnCYX6E_0HG5jRE5QejhjX_hKiEVhkJFIIJfqJqmPrr7VURHtTXeoN1uFs-5lVcP-R-a4CEiWZLVbufsyYp9mYuWd7n4tzPVgmjgbGL6RezEaMBSv8RykeiK5QUfKzIrdXsjQZfnyjYjKAo2MZAcH7jRf4HDPi9Z73Wce6nNoMOUOkOziZVUUT-lhKsuEhLKpzR2WwaVONYK_Z_vtabm-Vo6-oCXqMHiS127eLR0CEfHjdTmSMtITRYbPfjWtIptYeAzlJFBFUJxeBhQA3cdBbBxqnDYejAHWjUY9isTsJeZSX2nRxRRmetHIzSRrAEztRT0ORfwRAqhX1aOoGCbAvWUI=	gAAAAABpT7OvQWQp2G_aMhXiY36pxdNm82D1NZLOrYiDWp7TtP5PBa5We7PmETh8ALHG13WEIWyuSsEX0j-ae4sTErRTOX9zSySvwO_qeKfo5xFZT5KxB6MVlKmZKC6XEDzmEDLb45S3JXwLAxlO244uLUCvDKn5VnM8Y3UxrKFhQGfRWYDTWJxLyRlOP8rfw6DFmCAlVddK2JeSJGi5DxYivuNYnro2Tw==	2026-06-06 15:45:28.689196+00	2026-06-06 14:45:29.690545+00	t	t	0	\N
228	228	gAAAAABqJDKJOlybBR00T8sxu59S75eWvEz2ivf3FgIgRtLxV9_YFx_U-bmSoTziVvvx9HdFJTTgHVD9veHkQszGymi_mOhIc92eeFqGn6uSaJRHdjVNZF9gy435lFaWoFvkigFd1RFL3eRPKp0Oe8o82-NkTxGXoTrsnYKBj7FGa0xvVsV-_NQB83fgj9Mu5XSfFTWootbe1CaYwZ1fB86HA9IgKv2ZcSH5QZqgefXmSK19n5v3y-5V2Z3OvJedxCAF1StiKOMbR1IF5Ns8wXkZjoN5N63-MYb1Mw4YHiDZ0B-EMzERjJXTLcKNp2huUy0WBn7IWsn55c0R6J6iFLsTe1CFA7Z3ImvbzGuftVUcAtYZ6oCpLQtUxJvYQRQF_tahJ7kEq-bpz39Wp7STWvHKZMT1KByC5qshIBIAfw6qes6Pw-8RKRo=	gAAAAABpfhQboNUi5-QbLULboBtvWNIKa2OveQr6VIkL1-dQB9UJnJ6IhRfvUZknTZYkvT8u3bU-RGcAd3qSsFwRdiE89OvrZkgc9MqNLihdpFs4RETNhzVfH6q7_cZfWCkb9DUW3DAJNuLR9vg6-01IpJROwYRPS2P2Um0Lde5U-ehpsvvWjpoflx-1kGQIASkkWoES2lpxfNgM1eO-TWa8yTc5uDaxjg==	2026-06-06 15:45:28.82366+00	2026-06-06 14:45:29.824971+00	t	t	0	\N
229	229	gAAAAABqJDKJW3TvHlxys2WC7Oh3aTIX44xNEGIpqGOc6MYmDteI3_QcfKbiz2l67rqK7i0HWKpHxqQeE0WEjsUt0GmdKeI43Ae8DRwpM6mdLJnOarcE11_yTjirNIH95fwKnv6HGL666u08ljUmz72HTtTn79ugZVZzEgnnGDGZY_ylWZvmEwiZ2OUbLeiR-h6182nQHjcf-TGXuE2DGiJiOOr00BmNF33KYTlk5MGqRttfzTZs4TmN6jlEB3-CMVFC5zEbZdDiI9QKytOwGaBMOTy4jrHuYeo2lKMDTQHc1vXlJG9qAzPcc11WdoL4PQZ-pm4biVfw6p5z8-Q2_c8zvRWmOcUwnSTs8dZMVFMpBT4LGJZVy2Gk9S5MbK7pffBqrPKuIL7a3te8H3h0l-c2LOFsymmMcgg_TQ-Ry07-u2gLWxjQ7nU=	gAAAAABpf8eWFjRTg4piEHcQnadg75saz0tBOAlRf9sssfjen_BV2FjxEIMnrNZt5NlYsUiywpPy7vX_ebzeuvgFfd4H9-jZrN7Bd1u0xqZrp3v2_dH3FduHMvAQU6ZPpPxEXM7N3p4FKQ_BawJfAunR9oYyz2tEljeqdgxYX559iHWMplWKrVrxBDJFuY78TXDr20oDouECa87th8uinfWQ9frTK20ZwQ==	2026-06-06 15:45:28.899834+00	2026-06-06 14:45:29.902155+00	t	t	0	\N
154	154	gAAAAABqJDKJ7nzwxC2JWpKiJCp6CrrQo-ZV4dOaISGzO-UIYUl1lKOAv-KqKLmQpWX_QlhwVjUTr7stdtAZyj-3IwoHc_9rSEnkf_ZJqIz4VZ3OON7oT985wdahKePZCSsVkSFB4SGdXcMzSBh9HXQRzlYQUjDxTukm-Vs_V_pCPoB_mKn_72IyOV-fXW3ytKybZUdwIkSLDoo7obtWW54Jxo6ZrscFAtHSfADpYoRyi9_zJwE-q6qNjQvTXW_P0cv4PcJwSliLYebC2wBkW-7iCjNNWwHMUaUxG6A5jR36tHOG_KaaxOMzhbG3VJp-nVA9Q-m2mYsUmhOihPIakIshqLHDLRTBKjM649wlLQI_ArrRaJnKJuVu4LPQfG0pPqksv_JICgf1hg5an7lhXX-8rRDPArUZBMQsQWurvxc846aCjZpXDYk=	gAAAAABpV2A3rD0BIGoHgrZrFSCOd65IDQjguII2WFZE6DWOEyuCelQxBxy6s30kv_5v6tXeGEQvW0EgEsGOHyqdfSbD3v51L3cxkH6nydr7HUHiT0vaUo7vnsAMV0zt6rkv_VDFhyYwry7VjhCNTTwCIFK2mcGjYgnaehGPnfffgL65a7tj3BMnSq4Fvf8Pi9XvOCs2xDdtoQJ7crPF4uq8Vjuxsgr_AQ==	2026-06-06 15:45:28.978181+00	2026-06-06 14:45:29.98035+00	t	t	0	\N
201	201	gAAAAABqJDKKracjzV_e9hYfowTL53S4cYwj9FCPTrs4iv_PX-RWHbcZFo567dIUXQ51Hu7DscLCSMvDNYFzVphFI1CKZPoANtk1lLdyk3Gu2Gjg2J3QZ4OrxgVl-3kF08u5sK23AP87nf_oiokZ_zdQjqmY4Ei2TtHXdrTuHwbj7C0UOjPcIsugxRW_uV8ahFPhY8TmWhwmsvX9VqbdCc2P8OnJNFf1r0BIIhgXuxx6EkcmV3evZXk4x1Z5AbCSdJo9J6WRx9BDFu0Ks3Fk5Cb_JO6vnJKcnB1xU4ADbNmCmHzyxn23fwGIyyJIah7ktfXe9P1ZO3jwQm8_cu8Pw_2H3MYVhKYSJmEqFv8v8HZz5X50uHtXMta8KDBQe2kXFOTIcbm8ETbOIR8iGydSqrUAUznzGRaVhmKG-B8ZjCD4CQKt7bje-Pg=	gAAAAABpacGXI63yNVcY0ACGVoHX6wMfAhFra1YpkeJVbCDQep1fcGKtzS8fwinF4iUlFcr_j-4qsfTfYflByBCyxnVlge-m5BUHWfDm2s9z0FvE7gcFJAzsUxxE5VSpd_LbCEqOTUzysQEna8_hdb_SW2OLPAcM8hvDf5J-e0asw5XpbHDPUWel5wWcOC-5_WecBnuc9tWH0Dl5mfH2SZ0_gx1cFdvgYg==	2026-06-06 15:45:29.047892+00	2026-06-06 14:45:30.049422+00	t	t	0	\N
245	245	gAAAAABqJDKKbsKBIFiEUTalMnCpoIzR12VZhzLsny4QyEYt71VtVA-clMJ3yPrE0uUnFPfP3tfvmM0sCUJxnhhDMPvcwMGLdt6NegdeE7dNV-va1qLKE5XUA4tNuokq-zTgO1FefrPGqGxns9Y7s3CMurjwqH7wOxcCaxqetgdzqRD3hSU98UMtssIUvNRnAf-BYEryBik136-60CtA8mORWF7SDD-Cl_ql1nL_2bsDUY7pFjtz6pn06vxzHJ15u9UZR3BHpnApUWHJfQ7zG360LmsXk2l-W1wzACqExru0Kk49jnUS9VOAC7lExFn1BGDRY8pH8gF91b5G0YJrKmuUtRuo7sN5lG4cvtxpLJwVsjN6JpMM_dDlcp0W6bP4w0Beg_5jklNKAXpn9_39XU3njiCz8vG9lqpr9A4Uqk9dvbH4p3ApUwc=	gAAAAABpl2Rhgw_ykPk24bPd2mEzbGGvPLBt3rmA8mr4qEWHRpYpFBFt2XYwSzCf1SKvmZ6niXPfhP7HNK_tgZVnDWZh1lAyL0tlv4CwiBChW0UiZgGqiA-j1ONmZ8SRIM5lnLJzQ5DB4fssQ2Xtc5E_iyIX8pEVCef7jGYEC5IwF3bH5Zf4oESegevcrFeaZmTmqoQNRYkGVZR2fDNb30Bdicm74WAdUQ==	2026-06-06 15:45:29.126666+00	2026-06-06 14:45:30.128672+00	t	t	0	2026-04-10 18:18:01.581425+00
246	246	gAAAAABqJDKKIseCg15iq7qgtFtfjAE3kmvwV-2jCHLD5vKTvMarFZEXrxgRxV9fvUMMKmdmYyo6j5i95PwWc1rf5xn05Wy4l7zusM9sBXpVxw412SEGsSpDKunlQg3DssKA_Ww352fuQ3L1r0t8X3dl6VTfztlwE5Q8t4MNNYgHmtxMjmZFMNEiD_D2oLcy_GRHkh9Hqa6DZ2tL8O162xQnp2YvZlmEt-2IwPPAsaPNP171DFGTkkBhNum0-UBA8DwZcY1BS19v23E9CSrEoJJF6-LfsH6Wco6HBHnweNtytJ-eCPPqnrQCTowZVWI6q6iVXbm-Ieo6HEFj5meYcpvJ9b1XiLAPeFcRm9ssQGk2mrEFLiyRoAW9vHKn8Xoz-8U9PF_T-9kb8I8umE8yr3iuaTAerpne0Zoab7r8bFC8RZJORJr7PAk=	gAAAAABpl777iJKtiV0v2HyqaCdKboQSJUuuCCcwhI54lVZAjWrNRh0620WA4V-ePwS3J0LOWVUuEuvHwzA1bfw0N8usjCkjAvoo_27L3SsTWoResz2gWtGdxSfhxAQB7GXtFsMyaxWIN2Y8F2XwysUC1yZhWKMGVwH2rXtAHG1BYqoXM_hyHKZVUTb93UBVlxs7Bkm3-FyhbE5BH02qGbEzmvwpKbcWRg==	2026-06-06 15:45:29.208086+00	2026-06-06 14:45:30.209671+00	t	t	0	2026-03-03 13:32:17.692218+00
247	247	gAAAAABqJDKKcpGqGMqUEd1aL20PTbd-hXDixE7E7EPSUCRpCecyOsOs_ZZ93BDt4Bs8R8k1NIWHv6JBBSxQJ8cmWUoNS_eqR-5zdAgOmAqDnOvVU5JT3dGnG_j2JFy9ynDruTfTCy5CDdmYcNTUKa8ME8_C1cmOg9YXYzmk2IfJ52EeJvqSry2yZmSLONXQLM6PM1G7SsJXj2-Y84V1UOqnQh3cjuCfzgKhY8hTwmJyhOe-_licEjV472q_-igBuxSTm7HkbGhib5HRvq8sm3C7jyrcpX4hAR9wXtufFqioxfqzCrTRYgyS86qb0KTw_unRPlV-Mp83JC30w3TmGXqnJrzdIjBVD2Xy5K5BNFGnaYYs55EhEamnpSDnB4qucT7rPVwmHzdoESgCTInHv0GOw-t9mRxhcJSPC0VKu-n-K9bkX-_u8fA=	gAAAAABpmHqvXSYRdIMQTfjj8-L80jXKMeg3Fvyzwc3s0oM2eX4IVpoNtHqxV9xNYJiq8oD05E1mChUdTZaX9PiQY6N2yt5y7JlPbW5ihjI4DObJ4TJLrhlP2fu8KWrtsqFslGDuj5uU-iMiOMBBg78Boldz6iQ3gqrogeyjcRb0asRmSQ7Xnt8aiuSdSeTiUI-4_mhBMnpZ5rec6AHXiMB4LINS2G0yCg==	2026-06-06 15:45:29.289706+00	2026-06-06 14:45:30.291064+00	t	t	0	\N
144	144	gAAAAABqJDKKUke_gH4BI9fw_tgzYyRu04ROJNDFI0mhF5gTJbn246I1a8kEfzD8lLgXqbRTcp_ZN1p4uawYurDhmPPjRFfEW_3cMGvU_bDmXVqJVxbDUlYNVPIuEMckz4sGkhSG3Wv6jtmJcp9PWSNKOsedv6PvqKTZgX6hhKJ-vjN7mjsZ9uIFEnPyEtZcx3j6PUsZU5NxE6pxtX4OWGkPRM3rkq7k97o69CUBTyWeII-piJFV9SFPR--6sFRP4etaiqlFfCz1xBU2odLqs-urZTlnI0ommQJmtlb6KkwYzK8piWZorarwaVDQCAra39vl8fGx52bMPSYoxuRCpgkIGrQoKe_Gwei2d5cAYzxNa7Yz8FaPHZW7eNJD1p2A6TDvdxf6lZmQELTtgVj2PvjBifQ_C7z-lx6NdUPPzzGyS6vUdpJdMG8=	gAAAAABpUlAz24INBfIVAsrNO5dMBRGrmeWdZzjkRX_IxprDY2_lX3LyN0qkhcCk_5Xw78hia1V0m4_o6Bp7WdMDIWpvGH9cuBn4AZRwa2iuN7KYkiXlI5lcBej2XzL5OLvsCJnHPcqZScj53sEOAhUwkJoQvqOV_j5aOkYM73OX_gnPA2J0gko-sRL4x3aY-ekgdvbiXBh1KQHtUcZgK1MzZl9ZLp_yVg==	2026-06-06 15:45:29.356704+00	2026-06-06 14:45:30.357945+00	t	t	0	\N
156	156	gAAAAABqJDKK5OaDfmbj7uUm4Cvti-uzj3q52WNdsAhLy2c_KSRICGM0HH58xya1-RmXsov8Cg7CxU4HS3dVqC_UJnFYukMLIhLZqzl-nrFvvS_ZuhSaIA-kw6NnAUpyQ-0H0qTxjJEua4USgky5WlhUnt8f4gT7xilYds2KUUb13Kk3L5iN1062Hhqrn7OYd1Z3VRqg_P8ukZZ0oX_83ngZVTASzaLGl6UNt8Wfw7ijCSnDw9i3-YlRBIhz3-KFv1kzwXdi4xkeV5Bg3lqNBqCMbroUHXOxnBN18VsezxWohPIrs8GZpJEeis5vXQOcYs3xbjFFqoweRjomRPjnyrGSFyYj_M8m2QHWmSNelWWBY_BNBvCKz37EvQGW6dazi5g_VG83TVeaF3r01_pGakOwRW7VBZOOjMZjzvWTvDJ_a_yR6eoNbmc=	gAAAAABpV9lxbSN70ZIaNT71gayEe0zFwz32OWEvp5OFdhAmIxfJPz7Zs9uJrhz1GPu0-MVtVStfzPPDdgSQYV4TA_fLejQ9hFCLsKSvTFx4A9rHtcOmR57x2GgFfureWdMVR9LbNYOhIKu7F9H0lfb8g4uhqnWi_qxYA7mxFFy5CmjpaihMR5xFADjCXPwm6fUDiz5-wvqponNV7oUY7KmN_z-Ypkg4jw==	2026-06-06 15:45:29.426776+00	2026-06-06 14:45:30.428481+00	t	t	0	\N
162	162	gAAAAABqJDKKppv38-CGAMz_m-ircoN2o7km6OOpC6uZ_4sl2WZfRKXP53SwWntsDq346G-VcRj-lQzF-TS4Abd7DGZ63CdavJKIuG-M35zdXLfITjKsNVo6KzLS44K4Ep8893R962_JAvvFXshZN5tGv8Ow43UNzW1SQ-WP0NrhcRRwpzvA0uFrl-1_QD3KgsN28QKk12rkwHLoNjvBeYacOvj4AQEzexwn40Aw_GOxB1nbUS5-BWSLH7cMdXrQp2brXyHKYOF4naYP9hF_T6PHJvN0lr97XRE0rCa503tA4H7rBMA_zxZOPAEhbCuGORhVqSnwh2sb7XAy2PhW6hBM6HGM4u6_fsmwmUWEdGcTKtL0gc_udz6JTlhwtXqFyeUVUrA2UKl0i_pZTiGJOHc3H79Txhi5H7MNXnE84n3q-fcGttjhdu8=	gAAAAABpW3w1EApWOJHbwzJNhHd5EcgMs_4bgzQfPJh1UmIw8Bshbtj-4Fg8dfF7h8WOt3YiJ7p0wBZgjY1IU8Gxn9tfvqcBy9_dUSMk_14YHh4a7IXZ8DaQLA4Xt5fBfPmGoFL9baAXXMlaPPxHqRqOj5BEVKDXngtxS354DPT4R1MvfCI77CGM1pzV8VEdzfvpeAUHJC0cIfZIa4_tVe_VY20JulH-SQ==	2026-06-06 15:45:29.499863+00	2026-06-06 14:45:30.501617+00	t	t	0	2026-03-21 03:45:14.655222+00
280	280	gAAAAABp0h2pUEgWWzweI_svfNcOZq5lSirBSdqz58_geP-wug5B3mi_jnPbuJSteh3ixEjKRryVWW0iHfzbRsPBlUtBZFrGnfJV-zqx_ShApJGv7BeWAhtALIyfxv5_vkEIVEecFMhl--1P51ZjxMRFkSaJBik3X12Iz-gc2Ldky_CUIwP2LdoW4rIz5m5Zg2iZ_HlZhzY_wsSsUm2Pk9UMN0Ot4qqaepbW9y93fvZvhSVw11kkOflF0lTm2IiLlD6cvUP-8M-EsJPKdBv1kACrPibNQZYRe_Er-8RzrkCe_VDKK5bHSm3mavT5xNd3_o8WmVqZBWCZNXkNMjjQ_-sTK-trP-3xmfejm2n1iPu3EIinSEy5M3qs-NJD1gCpvTWTuge6oGxhhUuyxsyGdRC0xln_4jwKoQ==	gAAAAABpv_LKL0gdXaV2rdIuuns2aEzLA9iBINQI2-c7eluZE9IaBaRgq0g_t0wO20aBzC96XvB0uFqnNccQSJczcXfIlGTTXm7F1b4LTyFVFZZcIJp-qyH3Gk8WgsI07PdNTbamc5j0oScLKXkYHyopkou6oljCTQ1Hnm2Z_G6HQElVu1kqc24WiiUNhrSNCLAUA0D6TB8Dm1GzT_c35LS1h4MfOkkyLQ==	2026-04-05 09:30:32.401798+00	2026-04-05 08:30:33.406074+00	t	f	3	2026-04-05 10:05:03.450043+00
63	63	gAAAAABqJDKKUYiXOpzIQHbBkyd3506v87unswwN5oCMtn66DFxsdd6xfRb0q_NTgHbQcbCJg6tU-YEB8Ss1kDLXiLRTYPf8VPyeM6Hf2PhPW0eh7dX-07o8l_F2Ayk20x0wWBG0FDyIG_fB8hxCFaXRJcvLcsb3DxdpFuSmDQTCt9Z3cUr1qmOiEGDxp05jhenwhwzAVqgxRvP3pVvfEgo-hI8lPf21ANH_fqPVUdwhBOAVDG3woCQOhEFDs1QMvciRYHYykmgxIDYmGe54x-O7goJd_kc9CRjzmQHRXKYNq9MMI-mlw9vdwyVOK8Y4fxD15CjkBo9dHLQb5mv55jru0qIKPluhBHBBaFJiaXmeq6iuPzPzxi7uVxqOhfn2OE-NM8cCZKeVCHLCJaE_K-O_6-U5cHBrednjowy9t9Uolc7K74wkEP4=	gAAAAABpNDM8kY-sCIhHJ9mfEXMG91M0PAEkOLxFw2-zRnplDQrPN-XOXKVZyFKEJwXlP5obCvasu5nzJaFRP0Kf2YOa3EOhVUANJOBpas5B8or6qDYd-B5cjNUJAIsyDnBM-x8ZkK2717170fP4d877Vn7UyNejt308R6Aya5u5QNZyN78YlIct2sjOXRo8F6G-njZMRAMnAXWSeJ0MWEcT22ZZ4mLQFg==	2026-06-06 15:45:29.57363+00	2026-06-06 14:45:30.574895+00	t	t	0	2026-03-30 19:23:33.661224+00
139	139	gAAAAABqJDKKlzRZLShERq0QjRJrlwc-i0JLrXsk4Y5gVaAhohnpIeQsKnkbtRtv0Abc0gYKjYsYDKpc39bqKUGIRDHbSsuV8XxAKJJtnZsN_YUfnrn2wmstZC-TbAubvG-spXWDsuKMN7i46wMx7acZRuPJoGQtnPWnTXXGKFeeJdmjZ1VdVpfhdFSyhRbqpGir5RUSZQi6p2eoNKd_dq7nM14Elk02oAPTjzm4jHX0NBYXDZAgQRb0vuyQ5On7gqT2R-VgA6bz_OncbiOuiskpzTrPJ3KCO4yLQgoXH3hxy24j-Capk7AiTTjjWdcLuNx5xERWf5SPPmtVfQ90XWrW1xUxhlcUwVFBRt8fBfBjuOsFapq66Nc38AYWFuFqoTaezqZS57hthxOutr41BGSf12ch2jaHMTxRKP5a3aBUMAz4Jrq11Fk=	gAAAAABpT8fUW2f4sJ1MCB2ni9Ws3reSgeanO1wMOALNw4bEGTM_E2B98YVe5rwFnZIIIw_J8TPZQvDqLV4MgbYAFqTSBdOybQhw4xb63K_80TPX1ZBf5x4infMNRrctAd6eoT4UmBIqyC8DVPvSocy-97R7QbHlnqKE44ghdC79YhbxhJKWqcWVwdJcxjnPR1h8-ary1wf9PYmt1Fqc7RgPVQnCeWhazQ==	2026-06-06 15:45:29.652172+00	2026-06-06 14:45:30.654383+00	t	t	0	2026-02-24 09:05:37.140893+00
141	141	gAAAAABqJDKK3ONIdmGuqo7Uy5Yr7Hjv_KvKXBlgUafZS_kqtlFMAIfYOFJkUeExV9q_pxeH4EkFm_P9vEa-kGXoivE38_0MVeeJoK4-XNrerd7ROxnwJIi8_M-Ci_7jYavgKMcc-gUywpydxb6Z4ordcK4yHCWPeyDBRu796RppB1BJ_ld0D-YtKtLu57m4bHDO8AWx-G1YOH-wWWd1904cA82uKRsSFL_5dXbVYxyDDLBVJ1q-S3i3wZvcm78fz79KouTiN-5FnDzBNLffyVs90xy1vDiQtI-jzUlBYqjxr8JrWw1psI0UQy4gT80MzAu-x0t3xUarliWNp9wsyO_OXqnkD0fGA5_DM9hQ5EUibl8gOZDkiseFrm6iCIeBpPdjaG7pJ-Q8E1Wjc7DhNKALIn8IFDsEuWFRIgYE24YsG_k_0sC1c44=	gAAAAABpUVdatf8TNhLo2uBUKVxmgTwIeMQQMvW7hvfYT3mBIRYK7ja3h7ctIpUKmS_xlc4vpdz4YITcLdT36Yfu2JyHiB060ZrgMAGmRukjSvW2xUkQWMoe5v0B1aFpTxm58WC4XePnk91SesizdVOzYZtd07vxh35moHirqFESDJ5jQ3BNKcML_dBIMIuf_NwNGnlv6xpfqq54nFBEO9Ep_yVK9p9XqQ==	2026-06-06 15:45:29.735938+00	2026-06-06 14:45:30.737429+00	t	t	0	2026-05-22 12:29:26.021604+00
143	143	gAAAAABqJDKKIl2sIcaW-av9D9dyH4cDsMNQFC0pWsqBbTy0_0ZAbyg-XZXp2-6KEF4xq0_kV5Gxs3N_CjuXpl3qdyHFwp79B_EFGcB9fH1MrxDN-G6tQ_7Ia-B4Zg770t5JjFTiUdtts-h-NnEUz5xoLMImKni5-g4c6vntKjlgCjFV7oGzVfeU-e2wXnDXXp2Cs8Pjko7623F3gxISa3cuqFD6CjeVtUOj-xiFfEPR94Arg6AJGNTb-tnw-I2_IaN7A35TJLr8iR0SpyNRz0ZBUZO4PehQID486kPSAVGjIUuJepKoH5uGMDikuMuX0Dku7ALwt772zMEY7z3lFf0K_tWwg_wrEtsd1yluuFnJp_gIyYcvCRuNcflwzudw1ndLxwjD72Rke_Kxsm6jHvw8Gby19qKLSUW_STMxQUpej_sQ4ValEW4=	gAAAAABpUWkV1YkS2kxZb0gPGjbv6k1IBFwacMBtpahQrGl_hmIEOeaWldfX_q1NrYddULS0XOENxdco2ObiXaLgmQC7ZCyo9ehUkVJsx3UmUW0o1PqlJr2zV_3J2_d0lsvgFg-EUPmOsI61Tm2BgQus2tDWt64e1eZ5UWgUeFtWXmfyjyUZHHnXf7YRTjAkBGRl9G1mHzr4qmsNo3ba2tqWCUUFAYYV0Q==	2026-06-06 15:45:29.80879+00	2026-06-06 14:45:30.810129+00	t	t	0	2026-02-20 11:11:52.696725+00
180	180	gAAAAABqJDKKJSDPt_LUu0GY7tt46MH3sTnCU7Mb1TfnUO3z1tKnqhTI-OgkUUtn9VhDlhugCO_CmV62VnGqEoISmzKrdGCrPNwriw59RT9NQJ-3ERel5eBzwaYUhhE8kHl5V3GeZ-ifkCl8L9_gruAiYJce6yhW4KgPs2KmgBOxEaPXaOcAn1azTBApbaXqZCPEIQbZAgub008lAGv-EI8dl52bdsMOeie-NHDgWeNv5rBKqyokMk0xnzYCAPeutwAjQKDY4G82DIQ5QBboM2rWKqMqtmmYLaiDDjbm-m_J4ZJ0-sCV8sC8ZM4Pv3bzb51CGFISM-Peu4K4lCSvWzf0CS8Enhri_0Uauf0EfiuXPX3MEIGqFaqqx0IexjupXJpmj-gVtbFhgv1OfqMqFJ5A5WBzfo7XzEBKY6p7V3bX-zxIqahNnak=	gAAAAABpYsa7HAnBC3NedTCzRf28_5kpBD63PFiizb_PoLTKZqZRyRWMzbFkq8YtKx8zviw9v-O192S-AhjNUwUrKbAqwvPXGtesfun6hg3usXq3S5SqSkCxWNNBr5I53fPE1sLr28DuEq56JHEnqz8q8zuGhr954H4wraxnClqX0Kk_Z4bRHFKyFnKIfCAxj9Dj9HLhChEmcjJ47JqYDfya3zVpnrJrlw==	2026-06-06 15:45:29.881194+00	2026-06-06 14:45:30.882666+00	t	t	0	2026-03-08 16:04:57.105237+00
239	239	gAAAAABqJDKKCfKRC9rASJrV62fMqN7G8cuZZx2Mldm8_Z_7i2lB8JOFdbQAiZy6pRJ9VSmfyTgdwPXovezOpMxsHTMWC2CjQH90CGHvahzRcAJctfmFNnRr4anIdDOlj-K4a9O_rEn38-dEooM-Y7rroKYZvOEjZRmNa90rOOhUCLmfobn9SYe5pmDKIftZNvfn5Nquf3DI-Bayn-akF0x9Lv7pXqp5VbNyf5t8VLFHDlel-hwxUYjP0yH41fM9VgD2QEgm3SAI7ezHBTqQwE-I3Hev7yI_-lRnm44uG9lqeA8k-EOUVYbQWTYva5YNKN6LPwhNFC0G4ggHbLG3tdotq54DuMkd61pI1H2OaG5kGx36lUW-6HDx1iWNeu5dJ2vstINgSTsT73JqDBM2ao2a5F7EoI_S4DNukh1deF_6bmauK4wzHaE=	gAAAAABplKBSPt3dET6XdhvvtCqa3K-Smx_zlgqKKpmdFyvo6FI7uzUxNPVUt0G0thkRZ1lFN81EWrG1fJs2XoCbGlxTYzIH7CpV6bGUBI4UKOJifH2ZnFMfzr5A7EElmIQPSB4zaqgaQYASVz1CfPWJIWYhNCiSykYo76wU-ml0-AYeCEV3mSVdaRI6OIdFI61cIoRqdfFRGi__CNhmJlcNgjtJqK41UA==	2026-06-06 15:45:29.963353+00	2026-06-06 14:45:30.965517+00	t	t	0	\N
29	29	gAAAAABqJDKLUI6khqG7CEXE7iwxOZrmwh0gNdJgJ1Xw2FynsCHt2WGNFhcyps2Sl1RA7rgesuxPxeYA02guYPPpQP06azWlidJwFc0Rld78gTUKIOmGOXSSDmHcsSKhCrXNnIwvHknbluMASuYRi_t9RyfK8ntG2CvymPYCy2XCqZFjxjGMC_VeS7VwqEFwfX5qHEHj43mNUgI3ll1gX2Bkx6-FmVsy2xfNkSCH_NupNuTA4UNawIDKA3ibWRtGt4APSGG6wpLb5pGZ3GQEINdFJ8qv3xa24r4T-Np7qiIMrolsMlrPQm6nXiP2mNJXSCfO7Ka798CcAOauFSAZnw7ImM4K28l2Jl7YJE8zY821tqz-a3yDVLWBUO3iRtaJWpB4AVf92jotcvR3REXXgmhkPgTaYKwl4D17QGVHrjW6xE8S0oWbDZw=	gAAAAABpEy2P8co0Db4c-7QKrRwP5abDOOF_FwtSB_VSgS9Yj9SnSZ8CofIqPbWIqau3I9FqjfeyMLTt7Tc8OqO-gm6Vgw67w_aOyLwJsMx6TPlVZS_8fH8lqvycSeYN5e40BaWT29gLx3Qos3qVkYAnCfsbhFUxaZ2kdQkLKFyqxVQhurwVkWkKZLzjGnCe3_GcU8xQfyTKNeF-NVfsbWpnuUz4lyz96g==	2026-06-06 15:45:30.04625+00	2026-06-06 14:45:31.047577+00	t	t	0	2026-02-07 20:21:31.710225+00
49	49	gAAAAABqJDKLgc9QczHk2GFuxUxJZw_O30YEId6VLkksZLmCBmdlVd9sVuM-wwNZBnXNRjeGsRUGqDH5xfcVqH3bQRvM5FIJG3_sHXGqTjQbjCNOL4YKhwEOX71SG0QF8sZGlWG1_XNvoZrhUQwAY-AoGhLWCWi38D6Zuc4heWZYogICjPHS2g0DTHtJtq0fLzw0T2f2zv1kDcosyriHxJDc87y1qk5PgDZNB5qOlwXnZfXZri0cO0Pakta5pDOuh4B-8f894TzIHtC0wj8KivezVBBEVtTF_80Q3mk4rhVQDwr0RcwDGHoEvixtg5KW3DWDvClTjqCPBxTa04lL7oU6H7CCvd-UA5hE6A-9lo0aR4JBzMbXkr4PpZHvIl8NlrybPhR1vWZ7MIPUls1oEfKnlK1HRfhoExCcZRYZLUM-8Q0EsWCbH-s=	gAAAAABpL9n2mbrY06QFhD4sKzVYOqb3ynULy6C2MvX4Vv7tZds7VOHP7NHMjkoco46XfScu_1Jp8B14-KL7bt7lK_uLHTsnGZb9_Yn6CfWBoT312DPQdSJSUOYpbNjw2hrib91_UNVx6_Dt31XQr6KJx0q8FOBbqltqutCHkfbChKHX06PxvtI7JeiMJxZwTnarr-okPVEnbIkl35RTcmPvWgfrAIS8fg==	2026-06-06 15:45:30.11404+00	2026-06-06 14:45:31.115661+00	t	t	0	2025-12-29 13:14:17.68736+00
179	179	gAAAAABqJDKLWKFwl_t8YuntzgpNI-xcbEU9gBdm_zLP5RU-vA8p_uLFZQDrQ_BecOQ6NZHXHhgrlrhrnGmEg8w_qS-0C63RINZQHlNXtupzTP9WpIh8p_kqvqoYKgcXHofPiMKTaIvSjuB5FtPJH7_ewVqPGiyefE3m9lNwxmiugvLIzxOmxzo22r0FtoIFORFSz6gkX9WFbxIx1P6CBtQvorgjRCmVFpXeI7VeSYWbyJ5TejuZKgUogYB8JPCzj4GwfL7vkELRG3bVHjXSqisuXiw1D49zC3b-NxQRiRpJ2hR588Al1ZFOcLzeqfjtS8l5Kg4x5k2SUs1enn3i9zHT-KlCOBfX8oyWknS3u6MeTeZrMkpxXVey_LPYGim3s_MlHr0iter-5a3vIwTFv5w2LG9zEyXJhBU5uLcL_EpHdB_-9gDpVkU=	gAAAAABpYsZ30zzMb-5XQN8w4Jj8Z6pB-Za23MuNxqyzhPpb2x3jvvKKJtJXzhi-1gFeZdSuxa2CP5_UWALwQCGF1SrfqRUSLYa78alFrnMdI90_C6qMxMySmIyezbzAYTVOvSZRVLk9ecf3IqmZWLXqHp-jqZOkd05DxTYLNtri0AWhl2YDF2Ztk5_g9vN31MbU5T2Pf_Y7Q9z58yNwI_rEMfunN0aKwQ==	2026-06-06 15:45:30.201809+00	2026-06-06 14:45:31.203303+00	t	t	0	\N
181	181	gAAAAABqJDKLWD47_fbVbkpqcQwBjHEfgPYk27fFgRzGucc0wVRdV1nJCUN5EQMxRpz0CH2Ve_NEscRqwH3XrmbLofIv3Z__MMVMlL4dBg7k27iTCa23XRte5zXwDqgZ133PN-lLJsGEaYtqgyo-zvNpjLsMpgCC1GNot6w27rvK6BBzGYXv3HE_pkQCgreXxp-tiHVvQCvfqYHcETsPEh74R43rf1RfnNNDRj5r7ofqy9R3ZMT_EvB2gUjTF8iMFG6e5U_npaPIaoQc6DMKRERlgbite7SD8yEXz0ygGRlD-5hj7A7ckA-YhUK19q1TkZhZfihgsIgfjOb6XVo1HgtD5s32SYyeOwYli0IKlTffEOrKPRt9mkPhawY30gQLYAdQ65CcghXayAyCO9zjqTepT_F3oqAeNQiIDxXV_NiL3_JQVbDbV7Y=	gAAAAABpYtEYaykX0l2TXl9vbe1eq42wUei7zf4GQjux9BD9O-ZC0SREaU1qQQUGB0sRM1togVdQR2S2L2D8L3xKJvKN5U1dAUMt5ghvd5_u2eAh-FCCSB9-J77luWKVURiYOwUZrLRwfPJOD_iAMiuA1rffH36XOgsF90QY8mhaPMSMC5KDysNmHtqFGN68KgGNEU9bOzSZAan5scW4-KdtiVQm39BbQg==	2026-06-06 15:45:30.268841+00	2026-06-06 14:45:31.270084+00	t	t	0	\N
191	191	gAAAAABqJDKL7OHdVsGrFDzs0Mlr8_G0W0uvj7TwmKL2vFfK-oVy4bDSTGSL8wflBj-VWagsr6Xc2NC2K45XiOZiTkzIZB6UH6HdxToYOdq6P9THhacQ588GfOX_wiPnusmyepDF-Bbni0HtXT3jBolXRyvjgFm1MLo0KmP0ZZONzsYwa8Dl-n87FjOKDaFjti1cvK1YqtC3_U8KOkNNLFLQaKGeYeJCvfqp2vI0WrBfDb9yguDNx7R3o1acQMiEgAqjq3lU6_EgvCkIDFfoT6x03j36L-petZW2J1y0vAZ_eZgENp0ZQDLMEdvfT7Cl5LgsIOqKLeUwxlN5k7YklJF0lrUklmwcJ0_QYggnZxiFNjRAg8RxgOE5vyd5mD1DGGcHLjXqeB6mw0TzCFG71OQilfABLNfNrJ0xAmhqqGspYzWyYLE5-H8=	gAAAAABpZN9Buyx95hKiU2CW-oT0MGXRaxOAQ6sLrqmIep6bxfnESbSVbAJMUB5whayMB1GlCL_Cl9_2BUHpvFmbWmrTGjTnAH7Imw4pUpf1dTJ8t4Xk0S0UN-Gx3vmfk6SxxBTJrRIeKteYmjSIWOeW1rjkWHbel_sJx7UvA9gSmlN54htJHjzpW99r7Cpakj4ZQPqIS3yghpvFmomq5ui25Rb4SEAV_w==	2026-06-06 15:45:30.349325+00	2026-06-06 14:45:31.351134+00	t	t	0	\N
21	21	gAAAAABqJDKLyF4MgBREWgaxq0A2qEpEE4FBrABudm40lXaR1PpB3PpivXNgzjnutNgE063W0RvWbQ5R04PDvEAaTIPxMclLn1adtqu0-C2E_H4bqXfk7JqoyKzirmcAXs6bSk-WlVnrWgY4fLCkkDOqZ-m_F1fM0d5cb3Sx_WItDEkfC6-1jM2LQtskD9WdXX9g9uiBgkidOCho7cfAIYUJhNoXj4mmqtYz-XbgsUrUvDFqG5OQueYTENw-IZCO9JLfpIhVrUPvddM6IGe2Bv-GxUXAsJtLVIeDK5Q17axfsfhwbDSda4vz13wASye8AXoYrSCyni1ciSIfDQVmyNtxNuQtT2EykXm5CeBebvPc5d4tzO0cBfrFBxWhI2oBCDn0jFcu2uTAkMtbKmTWgNZFPK3WIo6mObYD2OkDJWFpp1SOlYcpH3M=	gAAAAABpEkYusFOFTXHHny9-pEqXFSbGIU1WZxooag9v9XcVUe8IBmdxBMZ_MP2zRYratO1-haj5lNwMmB4M7lqOwoGizHlLlGluKUN7gc3Ly4IvQNuoqBybCvcL9vYxUnNHf2ax1MN6vFzNsESwmmxy4ln7OTc0NtpE0tavsCaihdR22084reiGVuTMo4alDA7JOyygHba8eQBR0LBU_ACFsIqRTU4A_w==	2026-06-06 15:45:30.424393+00	2026-06-06 14:45:31.425565+00	t	t	0	2025-12-08 00:22:40.352762+00
23	23	gAAAAABqJDKLMAjwG4NiKc6TJyqFnJXp5Mqs7rapkUb6njJsvlYhPhDS3wJGOUtqD6HIYVY96AtvhsBBEYJcDtRaWQsNid3iMbIQ5PyrxCKPr2WgVhNYKQMV8eNy6USjLpeADmCXfrUI4pmNog7B7rEPqF4D_Z1ux7kkDjJfM79Urb3wdpNGVEAkWZ9gkvyXTLh4WFOLVqWYgj9bxdlmgeTVBlJlRUdgVgML9EeFDE-Z1fckvF680_aBf0Co0Y4iQIYoVRKgxzgcWXR7YEcZOvF0s_pJ9LdUVX2P9E0mY6s--I8tyIooKNCAuaRwpxKR95Vs4i3kiD3g905y1Yi1rmhLKN3z7HnxSJv1w49R_T8rDZTgI-SEtd6wnqFMwpmW5n11Pq_r2YuhOG-dg2je2mcSdf6402TJN_5lwm5FRpo3fANNlvwuMfY=	gAAAAABpEk_NtnJDVs1Ewgm4poDBhPREGIK3rfPLQ3yv3ZASonz-QJDkq7zvApMQ8PVg9xIP38knlPo2PCjWWD-0l-D3UnX6RXxpME89tPClabd0ZNyZMebJvbqzIIVOUY3ZUibC_Ur0hpEctaR5UyVoRMR7c8TfnsaIVJERqRoHa2Eyz1pJlRh-fAn-OYQKy5EiyvwX_RDJpImaThXnvVnDR-_iKlBJfw==	2026-06-06 15:45:30.493203+00	2026-06-06 14:45:31.49491+00	t	t	0	\N
27	27	gAAAAABqJDKLSmWwekRvnsdv0Fp5XBbXWn1KwmnIPR04JvIT58dCx-euq8dVsZGb7hdtIoKShFSJuZNJcigiiP4LWgFJn33unpJW6CKst10lwU3S4XfqKIPt_7-XVdjgEj0ywjdvpqZ-qxLTfse7EWXEH392zvkzFMGQGQpGUMtVKdIBS2uPMvCVRz7X2hFgHtoVOkzMoEgqhCBtDBeoPMFvBBz5RY2BUNhzukbACYUYJs-qMXQs_iypxT5_lihjPjJZZvKhJpsbk2jOy9ixKlNc2vlNE5iDXwzcWLEU5Vq9itHxuhyzihGwafV6kP2Wt9X1FDp5efWQVPurxbSk6lTa7cGGLhwmgPQLUBOxKcULjdZuc7pjppC5gB1HgAIQXmHiEbE-fuECysRfbH-hZDSQV-SyLtYfLGnB4dNPjDITLRKQ494Q_Dw=	gAAAAABpEwajdpCPC_DNSXb9KfdARN-hXgG0fS1lNlhqiwJM_-VC67Yn46EEblLl6LUmPTZ7vbs8vG7NcyJnDvVEiaoGp25sY5bSfdtaxvxbsk1rzRymW59Tt5eledxcH1k4R1OQEEjAvsNnklSRxlhe75wd78IVXih3_AcCiRxzRnM4wuN4caES2YOvi-NyuxSGWVe5py6fv_puagDFbSy38zPeAu0kqA==	2026-06-06 15:45:30.571201+00	2026-06-06 14:45:31.573144+00	t	t	0	2026-04-16 18:32:18.9752+00
142	142	gAAAAABp5cXRg-NkMihtYIah2jkp2gylsAJOzu_-MllY799_C4ABvzEGfZjtZjVcUgmpeShuk6pftj1hfT5EVfBGDaa2rIqfxLE7ctLxjVRBt7Uek784AtZ3Vp0-WUHuZl89mbs76enly3izHCZgo7PNR-WNzMRco_K3xvXOOpqoLV9Xb7_iEQbnm34_sq-1w14pvbQ_pAPmDOQy4PfoO651QX9qJNW5cnIl9ptPqjmDgLzq1bYBSjutQ27GegEpPDq6GEe7ypxlTWbp-CwFz74lu9fxbW48isWBAZuVDmgOJ73_DyXDaLuLANIW-krpmaqWiLP9vC2Ma70y3-2eF2XBVXTN-QwINwZ-VKayayczxwdbpMFfMcacvVeegDs2ipnf8FrfjPtv0cE0FgYjNhEfDnDraeofUz4eFHG7ArLSjEDfAVi4XBc=	gAAAAABpUVp_1pC3CBobsHf8UELGCSxy0ondUQVqS_W3tDHwTBbEuwDreStZlQdQG-oaQ43RDJB9tCGq5wT7dlTe3oYEHcQnK0QSGnu5K7lAANd4kd4bIuTPJwtQtUvRMNb1bRZfRy84y9zE5e6sT1NZ9pYsGpv0eXLoA3rxfPjCvklx5XZQpi0IuFUPXT74rxU-2J9I_tP4zZQTOqEcRnfq3r4zgUs7NQ==	2026-04-20 07:21:04.185827+00	2026-04-20 06:21:05.18913+00	t	f	3	2026-05-11 15:36:32.001763+00
12	12	gAAAAABqJDKLpwc25pQodw7zopjJTXtBz_vfQMRWCiDLH2TjnS5s3c1sJVcbHvwMLaYPQ2vL_LWKJKE4Ehzf7l-Auej_hwZ27HYI4XeGMawRv_veOdcfJt3EgwOBdiHyJLV_cIuBBEUwMS2BXGBcLCIsLGgpowqEAFRvQqW02Mu7vTu64CMqlWeVeUkZKjKg8C7bMOxkOHhZyEFqK27ZOU3jNqZ2FHRCw8TTyep1bhmbiEkPSFOAAZJvuMV8v-xahWAt1cV1-h0ipSdlmFmfJy61-oDtzhchTOUU4G8dc5iGLqbs0VLqW1uIfK07DuKVsBDeMOXrg3zzvk6WPD18b0qx6Yxy6OJgfWWJnrkqqXO1yJM4y0aBy0E-mJBXT2Mq1eyvtxWI7NwezZaNjHhaWsLx5bvldZxK8aVWJE5NDq0ZU1Qn2Y6tXvA=	gAAAAABpEQMAy-zOl2WAz7U-aRPkw5f1ToVjuNQKAwajQgw6uH0lwUO6t6SmE8abYQSGLa0pwvqWh3rHXVKF44fsX1R-Sb9KuDNDoBggtm4pCdLiDWLlxggqA_1gQly4E7hY6bESfZdkRACM0UbEqb3JSsK0Jm8zqEAyoYqD500JEyEKAiyaAcL4tKdNwA3Ek5dUCpVLBtquRBWjUh5ROTLYgim4FWeqsQ==	2026-06-06 15:45:30.640686+00	2026-06-06 14:45:31.641911+00	t	t	0	\N
46	46	gAAAAABqJDKLQV-ZjLvgWFz4WDodxV6IaaCtwH3DukKpdYyw7iJG5RVcIeUdIwGt3gNGOwKru9f9VCdNPtEft1ZGUOhXKTN01AB7QnDWFaD7gSk5LbbLA5sleO4R_bPhtcwlaH89O99HrHPollABT-0mcLe8H8Dy4Dugs5bIaYOGh3TVtXKlqHn73mn9rM0jb_X9G3nVN8qx4WjP3-JaN7IEOpmLfXhD-u3xzx4skMbL_illGazPe8C3CZE5u1ESOkETo7SC4g8DhAi1s24BNfaj_8YzAv7tS_6FAKRDBjlCj0R4sjgVmEilppeL8Bg4GqgeYC-wL8wohG3FXZ1yi_kscG-3KnPQ-jKU3gDB9MtsA-9ACZvmI_1AkCeCwSowwmLzy-0A6zg7gkMyZC3UYH3wBw2wpR5FJ4Q1qE64iJjPKnMmSZzEuL0=	gAAAAABpL2odNjIse8pAHJkgC4sn2M1hSdfAxxtExeACv4MdH6Jsb7zptGNreR_vaQYukVzpnXafERb3m7YLCCMG--O4hQ0W51WGq3Sq1AgTWrcL4FB3dEAchz_08Q0QJVQa40ESJvIwC9_sMEOd-AJBuLlADzANwaZhzzhwoRcLsZxeFIcqXWQQydkW75mxpBZABc_b07roDVUVYBDk1TBd7eQ713PvXw==	2026-06-06 15:45:30.71089+00	2026-06-06 14:45:31.712156+00	t	t	0	\N
101	101	gAAAAABqJDKLUmTUCLgLhjBSeWfRYJljL49-08SA_xS9CbG82PnJpd3X2Khw9ObERkX0NSc9YqdMelIqzFspjepFvZYQgDT4YTkQDUdd53aJjWpD7YhkkOwIp-mDEcXhOxvae3Kts8EvSBS-cdmNBvxaZV0m9P0eqhS1dnoOC6AqqPLQwlK_tjUihTgbkOEFgnD5jtJK6aHUroPmE8vNIUwbdeNJHN4Upclz1IONie4Or51Zdk5B1pl8PDiscOAxixZaQ-4cWk3W7IRUWanmi1lmaTPtx3A8QLGcmuFwvzpFoRnKrbsY8YwCcuF6HGOvIBMzysA7bA8XcEga2R_hSQ0bCM47_N3eD1AmXOVNkvEBHCKr9FwHjW19_6DkHnz-hpWpeASAtkOw-4MdRtrih5oJPKOIC2401wSO2vf-cjVGSk_8dcbSZGQ=	gAAAAABpOX2gDEV2Ypcoynmlk5y7ypFJCbBKZ8DrfIMM9OuQLj0o1_lLipXOzsEeMBInPK0YIHG_niQMrNM52K2HP9F35ESoaBwJO9pftUqc2-807N3o5PBj0OLO7Hr_rOn-F4ESoRJ0SQqErlhYKaQ4xR645cyKuXFgeRRmVxYW_tTf4KSHyCrhEETKV-nwZutgp-q-T3-wJtfnDo5PVAj2Ltyx4bSW1A==	2026-06-06 15:45:30.790009+00	2026-06-06 14:45:31.791743+00	t	t	0	2026-03-25 19:34:31.915654+00
117	117	gAAAAABqJDKLLbbUw0zNN_cza23EX2vhlNyVdmH9TDorjZUJagT8yx4vdlCI_5h14JIUewEeaq6Jhw65FTn8L5vQ_QDWMvheP1Zn0ivBL8zpJWqQxaQ6emUk2ZEczrksTaIQwBkTHhQgmxCaCRfSQdDCu1sbfRq-xiKciz4TS6AWT7-9sbgBfyBq8RBl85kqgT3zl_O-Tn4lyZNN2gvkv0FoPP5j4HWtR7VBeIQSzRcy0KCTUkfnG1rDDn9HWqHe6yK6Bw1nkS57cPICAvcWIssu0t0DwfFkP7MOUg5s6jz1w_MT84xQurzLtKmFbFyX44XoVGmUBv6wOhA9Y7gmdm2t7kYKLofKLUo11mBjKwMaO3lQ-WhQiNPnCZU89-Mka9aarLr23xCnvAPg5wO7HasJlh9Z88Jcw6SPKfWhEGwgp037r50Z15U=	gAAAAABpQpOGCGGbtBBRRwP40dhESCLxeV8KSf-RSyYCsmIffsNpO9lUun4V-uefV8yddFOW-AYYEgcoe88KU67cbBu5R0rmACFU_3kZEGY3rVAaoL3lvVloxFKPZ8On2W8Yzki53lfOzWs-jc1uHBgYxVagC7F9Kn19R521nnCPKgIYU4D3bSQ5tlfl8Q_JfirZI9q9h4iiwkUV4zUn1PD-yj7wxlkTCw==	2026-06-06 15:45:30.858511+00	2026-06-06 14:45:31.860235+00	t	t	0	\N
127	127	gAAAAABqJDKLt5DXHh6j2el-K0LtSQOjQBxq0NtwFQADy4E3BYLJoomozSwb2rdswNRHRS__g2aVxq9_OvITpjCuPmJD5ZEJKz2aFWTC5mTYtfljy5N63vZf8uiPEi3D61qM2ZIFwGk7fe8_6l-sRJLQ-spkaUWdD2noFr_bhHj0eyQIy1O6-WNS5LYrL3EXHvPK3m5AxCFJFnlu29dHAIVnNByntaFh01MEFci4BMEam3HNw4VVS7hqqR0MTKpCtMWVpamF3ysOLXZTpDrBh8ydhSYeJRL-G743_yeLH86ekMLzofoyUPEqN3aX42bp3LypTtk8WAsllGSHQ-bzSoxMBFLdEX5mwfUiTedAwzX7vZ9GwTxT5c4DwnwX9yZnJMHPSo29dNDEjpdmzm8fLt1KTOZr6MEkyMvGakkj3R0hnjE3cD8ndWY=	gAAAAABpSSPrtixbu2vj2I0gAYlGItOrMY8f4_QGGABBFb4f-XYyhPii9pNZEb_nVov7oy8JHKLdqAzySHL4w9d9JgDXD3POU0LmYXranBh4hYOk34KSYeSlV4tIWHm7l8aVZsaRM1ihCf3A5GDOOYo4rxFwRUEaMS_tehS7Z6_j2h77SAB-OOSOvR-Xa8aVKVVa6oHQ1W4RXGLh5oViRfNsIFtTDmBxdg==	2026-06-06 15:45:30.929737+00	2026-06-06 14:45:31.930873+00	t	t	0	\N
128	128	gAAAAABqJDKMqbDFuH1DEGi7bH2yYytneq32OUrU4OU4-5lJl5iciivjEghNTVHRxTvHkzCWRS-gVl3w-jRRPrG9tyBe1K6gPAec8PqIKM3DUiFIvRyJuLVaqW7Im9VBBJi4n_sRPqBVXIt9S4J7KeV-S4k13gqfFoHyKUmak806_lt9m5ZaKOa3M5jcDP1BkyTfDlBv__IW4UfRpESIBjO6bgyZY1IvPsyuVwCZqU4HlhPRSvOLQDQnqFfzzwgumUtPMQm8rZ6OUuH9AxnzAiHIZ9lxMZNh-yFs9MfpVQjKz_IN4xHYdHp_KN6GjDBgTp5xjQsRQqZfY6dw0vCuEdfvDbPXVEhuD5z3tuo3st7HI5YPZM5sMmyy6r7GHcWybuGOEbYDYtfSr0p3mHyEVmtRV9Q01h-CJ9yZtVr1-Ox9th0diFH-wC8=	gAAAAABpSSQyNgHjnZaCiepHMpNX4rxXGpEa6GZldBLx29crK4_oxIwKUvhcECPbitKHWTaTHn6ecod3SUJv2ZkzPhVNFAIETHL4qQ8AFauIr-WPpQFL_NxxdYL19I7EdSRpImIpEQranNq295sgjJLKbXM4uWURcl3SeyFHwc534BPDZSHcrfGtiGMTEdxS4xbYnRbd1bmRCWdbD2-8vfDwVU-_o5ounw==	2026-06-06 15:45:31.003623+00	2026-06-06 14:45:32.005747+00	t	t	0	\N
116	116	gAAAAABqJDKMpIAz_AqPxBT5HpM5EgpHy3r8n9kNQMps00IOMvkxegC7ssXOMRMNFXovMOFoOhnIQ75W-rokJiixMX74XILJZNmZn0Z49itVIzityw9GXP3TlNxpuOgW9nrJ23caGiKMjOsPnhbBnqC6H2SgjcIGs_WZpRz-2D3K4ZhHk7sAGz0NbPnikrqdV6X8WoqsWgNlC_Ud6keYrmdlfIfeyrna2EtCdyKrVGFsn1zJKbVZaSrpPdnAnwM8rrTeF1YrIs3Wfu8TVJEgL8T6_ZnD1LXdVTiXvrPwiO2_gd3KCEUFK01IfSnymX7R6m722muhDHZsCrTNfRcR6gvnNw66_pOlDm3iNx6zOjuGinImU26hJxmsG3G9klXGtz_eUKlppBlsObH2n-DVbRNtFDtTDyK8y-XX3lMU1CmuNtklUECb3sE=	gAAAAABpQoE3e0p5iCpEbvDTPJa-WlXD5V025CI2vqxJRpV8oCJjY6fnvwfm-OfGcXQgn4U5b193AftZovPemBiOsRCkCCaTS2UovcFERFJG_oeu-P01lxeL9GtXKKDPmi-JSN2cACWSgMFBEBQffdHOGA_L6jQGYBUtus8_WAiBqNrgTd3mzn_Q2by6TgLTVs--l3UpYNky5oqWkeCfqhsQ-atN-jHxEQ==	2026-06-06 15:45:31.072696+00	2026-06-06 14:45:32.073853+00	t	t	0	2026-03-05 09:09:45.274961+00
122	122	gAAAAABqJDKMx-hSKPFBdP3enwWLz2h-qRXBNhLWbBfy7Fl00hE-DIJAaXvTGTRwae_QgoSnmUASVEygHHDXgDsR9PDM9y1glY-Snagm8eUR7fqEgBxZ63ooJ5DovDyShxrbBMo78vyxu3ypZTwCouAO-dhAqh1lsCeUl52XsR8VPbSGr8PdXS2gxKFRL6SxY_TRec0GdWiPt7h_Ju4Ksi_NRIfOg1Wvd7k6jmnBLuxbxMhGhpT_hyWmZzNcZx0qowrQCY44QbEQSB5pE4sMmjZbJF8VadWMKlnUyiskZ2P5IlIUtnps6nVn3GEUZHV-ldLQYb9bWOuhpugoDdEjpoP5ghrguaAobb8SjI3Q8HiyXoLXtOjGBwv9GRuYvq1lJq1oM8wxl-DCK2K8Z6ZsBvB1n-RCSJ9JoVBt4Roid35ajcLAxYgZE8w=	gAAAAABpRwxTx0t2Y0Brhu0caZ3cRVqrwERm1s11nopc71qd0dWAlpstgDy7BpGcBf5Qjp-WBROIPKh_xo1_RKnGVmyoCSpJTE_SyGsgidTaKR8IYBjc97g1b9lWA88luOTkPNgmtKLBe3scGu90UQXkV_o12GxOxoA-yFJpUsvvfFqOoRbjtrqGtSZn4EEiR2At5wm1hefS_HJfLIQVZ7Jng83DIGbOkg==	2026-06-06 15:45:31.140552+00	2026-06-06 14:45:32.142331+00	t	t	0	\N
123	123	gAAAAABqJDKMLB5k7kblR1meW5HoXh3PpaU0TbXfjtbpcV4nHVvX8TNOmzBP-W8-3Ty2NOP_lhuO8G3byX__GjnVZse1l1NlNTL13ldVkS0TK0VxK95uhLb92rzhzRofGbnJC_uogIaPdB0m62fqkIR5ACdgkJmfB4N2BIuT024yDO-jtP3srmT8grvXDOrUPXs7hOr5DFmEFIfyeUX_rBoi8gou5psxZDX-EdCho4Of0W5DzevT65kjI6CodoRqerOOc5qtkokA1oFv2mru9jn9mwoQTPMg6MnoAGcK0jMA6ix9x67S_NsjDy2Ke0xjGP9EzXpsajb-J9Rz0HrRDIgwSQJyd-YRSuXPWBsxmn9y_E9AhAL_pivHpDWdLfURF0Mdm1DJ4wRjjok_Q1QdXXsRBC6QM7tnnHf63_--lvc_5ALZTGwA3vg=	gAAAAABpRw3HyBFTI8U_mWmgawpqCUWTk31qJwzEuLgibdinGUXCV5xFUt4EdbBL5AwrBKuhhduQYVzXqZMjVRzFk2rmeiCB1T5EkgcPZL3cGnB06LBld6revlSN9-g_dqh_-ZXvZNCm8ADfQaO4SoYDOKdLXilF9uMOekjCJJY2zoZWAzm-nnVZTLJ38yTESGOxpokrUGij59uKjm4xyk0iX0Q3vKE4_g==	2026-06-06 15:45:31.210213+00	2026-06-06 14:45:32.21147+00	t	t	0	2026-04-15 19:31:05.959455+00
124	124	gAAAAABqJDKMH77NnVFqrjz3_uHSZz_8redG_53BBxNERXL8uJLoE2nX6iJPJDthfgZehaJamaqg8pdDJhBBQJGcCtyTnKLtKfYlTOnGI-s4HchphMjl332v_KqgnSccQcNI_iUE17zbwkKZHQXFrLj7ohGBFdPigrb2-rUCRykkuMmmlc6kwkNpLct5hoIxwdlkMr2ftjdCI9AYMmg_3P3BnMQQqdvtAD-Ede7q2pbNMFA9_DiwE0eWeksfodrRoFFEsiDoCqwj7gOcmKUpD9_W5yvJr_SskuXtUMoQ4xrvN9o_B5kjWPx5_Y0SslWaLvEl6yRgoeu9LQMKSQ5P9XbGXo8oqU-JrQPHKhlMeHCwQLzjr0WnJAWls9hZJtwHWSfS0LD1_tXSVC1QV-VVveDyuVGsixe_Va0Rdqq4dHFpJL21w2rTl-w=	gAAAAABpRw9fEGbGOkwvONhQ-mJNQ9mFK3OtF-nkGN6WYl1vo1CaYu5PelRQNuJhHE3cNF9gFp3hK-w6u6k3blg-XhcRSI6CbU37kaSgT5M8ecnqQv62jTcV5FOfmg9cplh6pUFbKNPyN7vhKJOIVa1FOkbp6jbxtvPxyUo7sKNg3zLRZjRze0n_UyaG5EcVGVD5SCIOX03b36mKFzWT6rz1_3Im2gUVUA==	2026-06-06 15:45:31.279785+00	2026-06-06 14:45:32.281447+00	t	t	0	\N
200	200	gAAAAABqJDKMz217aVx1vlF2thXOTcqXvfqcZBqRtIzTF7x4XszX_O4UnfJBpnkjyH_boH2CY61CIoJKy5BF_9qc_a3fiqnbQVd_fryaT_5gKeIy2BEB1Ec4QRjXRaMqG5_bKccDFf9LLlJWynp8eYqUNZXBJi4Ct4vRuXpRSr-Mu56_C0Au1sfxOvTykKXMiq3k7OlM6Wu0K7PvOW2hfqsrF9-81L-AoOy5C7p0jmN7GAnaCh6sZN78fXsGYX8PZ1wPtUAhBnRfc3VGw2mBNtyhJJAc6uv1Olp3atWHbRtASTUIyloUTbcjAQ7zZikYO1sIWsRfLCjijXyt2ROKwgfEXRydFZba3AzC7_YNaz8EvnZr5vF7QnD05-xN3cZWkJVTQqLa2OpHLJWXi4ehfn1On5_-vHYrTLrxExrc50R_QM2uecj4z3w=	gAAAAABpab_VurwLTXS6e4evxPkC00zranweMCjXM6CVMWRADGTFJATtGkEEgLJufcdxb8DRtBu0C8Q65DnB4InDzuTMp_WdGCJuCJ7sUlKTK6cs_yyrKf7aIJIwKKn0xv04xidzvPRMwtz28AKXu4lEavCIDDgqp-pNB9ss1DGmVQEoWKQE-4sYmHkZQtzRxcdBiD9pUljwcbkQFlhJ-mtg0oRLbjMtPA==	2026-06-06 15:45:31.368302+00	2026-06-06 14:45:32.370154+00	t	t	0	\N
241	241	gAAAAABqJDKMT_pjcz1mzo9wJ1DtnohPLZ4hGtXu6HGpWyxWFOkuIrCpYFtVSn8nb71r4k75S2EsfS3Ox-euU_PTjFyNzpY8XxxtqWVs20Kl3ABzDuMdPuB-_3au2LjJHLlRUwXT-ETUPOnnTYuCzeFXDsGkBT0Dm-xLvccswWQDw3mY0txt80d3GV8fNffbGbA_LmZJyQXnYtFOZsusQh-AkKu-v5lzjTUxagsURUpFM6tjfBoR-5_O2OkPzbQmoy4AFkinwYMR_IFUwWpfk60tT69h__SZgH2MZbs3LSdgLwItFG6xIYiMxRe-g9-JwPMbmOjZvF_KfPK0DbCA7NxkXQUdUFkXo3-yKFVu61Hdx0alp01H9AVxkGyaMbxPt2Qzuf_gV3ZuCFfq3i-ne0MnBaoMq8ER9087T5ReapO8naveyFPnLuE=	gAAAAABpli6cehGxU4EBN4bVYR38fPcGTSeccqLfpWe6M0u3KczqaWESRD4vvG4RVUEd_i4KaJ8G35DADLDA9naAcecVBUYUbriL1ajCDodZJ0P8DFZDEMiowvhN7mdW264yBrspmpgfMNTY-Otbo3Lg66foRXawtYZWTr6OAeVUq6y-KEa1rBLoFtQG5eoDdnd1ev3b8HVG6k6aoWqOox0TN-kLo70Xew==	2026-06-06 15:45:31.447409+00	2026-06-06 14:45:32.44953+00	t	t	0	\N
250	250	gAAAAABqJDKMzUfRUFHAI59uPuLvq_5Ld_6tfeVDv-SwHT2Bm1COTJKxSTENU_9UslVSEnpAZqu2-Da621XYJqh60Hqpjaj2VlF7S8y-04v6gzIU1YXEKUToPHerRz5NawAQo_2DiNnqcThTuvQEoQJ8LQVPXAU9Z0HyjIIj1bI-tkn1fErVfMv3qaOO5ITVbFw-mIJUK0_TFFM4ffhGS4bka4qgnroAyta6rgBFSHfJdHhBZpxcrRxhz-vY7VhdikWKRRVWPmwE4EAK1fihl62ag0_csarIqovshbhcBmX_STq53YG69ZIB5kkoiYuRN2a4nM9QLYJncwqO0ruoycLg60Nqe2COWoYZ3ruAAHwR7xFlKah37v1kFZz8vb_G1CBLPZBqsHTWLvGWbOoTHen7LsMWPKVuvcHJPegPeePoVDzljFMCK-M=	gAAAAABpmhxBXd7FyJHwcWi8xmb2Vii4GBJ4sJSj9XYvToPQf6xjEFxW-3IhOAJd5yi0eiMbgqmGtLjs8Ta96DnLCaOhiryVOfgzQrIxD6mIaBiVLDsAD1uctREICE4m_eEi1DBE_kgXIRIQ8YszAgtVeDLm_4f4P2uuebHS8PmlKKgvO3vHLCSD151Bke1OZYPm5tKt53My_KLWqSLGmShcfblzJXyNKw==	2026-06-06 15:45:31.514799+00	2026-06-06 14:45:32.516317+00	t	t	0	2026-02-27 04:36:42.113614+00
133	133	gAAAAABqJDKM4HfZ3wpENDhGbX_CPNbqhuqLsy79bgdj6ZT5tXKVS8wjVZh0ktlsnWB8sKrExPXvjHnD1m9g6u8bLaTqUG-DG_ZhfzhVxAIB8a5Ae78XUTkOQ_QXmQjMaCMLvla8QoHajovYm5ChJLTjLogaOEvyxVP2YGgzJW1tC3h67_xSyeE0HZTix48wHQyQDms0EoLcU2SNGPetphJpvp8e3a16bqr9xmnVuCDpld0n3RCktKi2jqHCZueaoOjzVGXGMG69rETcLp3ri9CdoHMUmaX0Q7GXG8Bol0c5QmftB1M7UWQgRWrVyVbD1wWHdyviRjRcefo5yDgW5r9i9QdyuAQzjrMV0ZjF1UmainZFwmIcp-cgGVu1tRPCkVeGCWiPMIPc-1_SRBj6gYTHMiwTAEhiQMDzHzYK9xo81ubNwM9TvOw=	gAAAAABpS_faQXTqNZAXYvDFEy_cuUpdHUOdAW8hBoTKeEAYyaGZ2TWk56efpKk9n_4tnOXBs5HCsLwmmBEvRUaAbg_mr6FClbEg9GpJlZ3I2nVPUcFaNpNBNHz8anTn9MyjzfWTYkFYi0_ICWNL_p1iBkzcnAV5TNxzpcjfaHqS1Ta1RVTcTUpVED2RY4gV02dPcD3mxQbTqqw2TYcFVr0d8Jh4H5NCZw==	2026-06-06 15:45:31.605941+00	2026-06-06 14:45:32.608278+00	t	t	0	2026-03-02 17:18:41.389083+00
167	167	gAAAAABqJDKMm8VsbnVHG0N9l3_BrXZB0xJQVWUepHjA-RafQavHckXGFIxDn4POznJlcsO1qNSpTYRm9nr9SfanAv-PRw2w6qPjZ2Dzl1BxoO3e2D-qPrGt6JHI7nuUMkEKNmBlpC0rrMX4fbP1r3k1WC8T4yu4912bhh72pWi0HHLe0-G2DxCdzwpUnZxvHQ5WqhzmezRxD5904Y5_RqOJ70u5uEQKJnnZ3zs02uMfxY55Zt73vUkGn1Vu4_cy37sfXrxcO4vjYQ5Oal73M6ViRCZkFJub2BTk8lPVPSjstMUQ8HWOuCau2nIo58vfos9U3zYt641DGQGuMofavNRq54c4rGkJByLGUCMPuNhv0xwLNRPwLfeeQIrvfz2M-8i-4n9ZsgFGZ0CU7x3jl-YiF_viRlHwSzVCygWiNO-bXSo-F32mUpg=	gAAAAABpXPaS4f9L961tRHDroKxOm_8lvcM1lGIartYCimT5skDlGCgfl3XPzeyGDomi4gkVeK3lkAQpMJS9wN6pFUQM1n2D3uGSaZDK29Nvrc87BY4FS5A95nxzBpXVM3nNBNugPvFgtn9ElCVCw5EpXLHA1CW9XJ4G32n861Bs7imO-rpJNAUe54scfekUH97AIV3AxJLHgJ6qzldNC4xmg15C8LBEiA==	2026-06-06 15:45:31.674967+00	2026-06-06 14:45:32.676356+00	t	t	0	2026-02-06 06:59:45.733185+00
226	226	gAAAAABqJDKMRIe7x_ZI-sbHDQjPT3uGeeQAcHgzqWKe_LnzOuRvk28Oygjg1bq_VClewGX-KrRRhsIr1kwdb86Ac7ERW6SzJscIPB6xmL2OPdlG4L6s96RhWgvTaXjWWXETqJ_nmrvzO3RAw-kj2D115l-eclse2oYAkOJ4gaatNq-hFEToYQml7MNYEIhnYmfuxYcNimRF5G00kCS1pmQ84NfsB0NGveA_Z4PkF_iTelY9w2jv8wUsRTP8ujZK78U56hnDThwp_eKwpbaHWqJphubIgLY9jSTyCGDy-mT7Hy6s1_eZY-920zcHKv-dXOIITzCF6S1gLTtWkfRAfhNv8As3GEwxSxQFaICTcNHecE7dbzTC25a68c-b1HZAL256qDigFkph4-7zeL5NQgit4aSHwEHovYaxSENs35y9kyvW6_m83Ns=	gAAAAABpfhLzc4MQ_0giSLezVVoIA2vYKsq1fnXX-O5DFZZC9G7UZwn3BZ5SJXI6et_WAsRv4XQbpQPoFVipQyBK6twsyRMdHnUrnb1QUBhEhXPuJmwKkIIlxgQjNXHImjhHQygBxfd045kPVskX936D108F5eNU4aYTkF8AS8GKsQyo-0JyJdBIgbCCzTFuTG_BuCUDerxDleu4njb_KGD6zA0iUTZ0dA==	2026-06-06 15:45:31.748167+00	2026-06-06 14:45:32.749505+00	t	t	0	\N
227	227	gAAAAABqJDKSp2zqhq-_Aw4-Q0720GkQ05hCjqvOo3fAYLBqyGaKteIREUKxxZtu_NqXEWEbH8Yk_sa1k727on6fyyy-HF88oURA-GTeCNkn8vWUVrgZmH4cAj_TP2Bk0MCJur5QYslBicaC2UAr9L30sfTR48ur8r93IOI-db3Yy6UFmccJgIQ5R5K21wmDAlBdm99RtMKUc5Dv4rCtloXMHv4vcUXkriKp_FwMhcUuwYTD9n0dFOSiLX3ihQqPf0OwGv_zXpl879s23SC89n6WpJejYiY3VDk9ZhXWSyJljmvrZPS6o9G9SV9K_hrt-6O8S58qYQCpoWqmp4R_3Ldq1Alk9PxSUeT2wFXir5lKP1sTjxL3mgzdH0x77UtDB1uts4CXw_qFgEI4v12ou7ujhxlKBtnIuT1AvdDOgUGILOqumdIaqhY=	gAAAAABpfhM-43sMUcFyi-fTNzs-gdeFEjrAosI0PFivA8vqlQZBonK9Z5X2_53SqKIFL36WDkbutRwvtaL63L-xcXnw6D8eqfZHr4HzMRskzWD_wsc2vxk3-PKEc1pYe6DyxH2rGuGMWRuXTli_HA9zWhX6p-7xoitONfLGRW7z-sXREPIcOqvZNh8b7WYTp6T3_KlpiR7IQlHqgx7IPdMrgUODtWdOyg==	2026-06-06 15:45:37.118927+00	2026-06-06 14:45:38.12077+00	t	t	0	\N
266	266	gAAAAABqJDKSCAcq_hWHcPaI4F7hh6VuCG8_7YggwMu6GENTgt0qsvwpLcvIx6CYZl2pZzv38JtwhwaCDTGovY57FpBocZpzqDpP1DfT97_F7UlbXtnYnb1cEM9ATCgj7eSylYOae3ITQRhPLBeQYnaXkfC0_odcLEYkefNR-vnune1XPsLU8Flcin76BM2_uRmofI3csEYODKdYKN-BxN6GCDLWjS4ntc5cVqdC7Hu3gRhpzA_1D-qtYY-AQ5DiY6mq2-bJytU_kv5hzRecMa-7vLwrdQxvYnmYsWcwV2u5BxnKhdkTZ_c5Nc0TB6Vy7TfsCuw9_ZFqlq6k0hPn_iV6LwzjW5uQ-2Sdi8f8jARd0WAu_13G8e6u9DjZG37BbUmcbbISmaPh70JpZUOTnAp83yMHHu6yhQSv_Xbxpm30yp_M-SyAfjQ=	gAAAAABpswWLdMrSKpOBMdAg6_fSAfwflF0xL4sZxwERf3zqtwyUAdSAOceiiBh94ck2h-sG7-1Unjm2wI9okY5e9NzOEJRQnv5YkvHcqWUrs3gMKtrirzg_iljDj95ZyfU890ZyAhkj2FUxq4zkf0E6C253YHjRzBAGAyMmqRwx9Zh23EfRD-_Ibx_O9l_M-yj6Msj9xSsd1l7WRCQvB4z6bHuh_XUzgQ==	2026-06-06 15:45:37.191332+00	2026-06-06 14:45:38.192617+00	t	t	0	\N
269	269	gAAAAABqJDKSQfafsdyioyaSwWAImiQ6oKI67OBxXvIVlKXmXztKL0MeeXikJ_Yd1NZrmZF9food_leUOVckYp3_uuMvoSQz7qgf4go8A7J44EKTJPFgGkXiI_efwXAb3LAYEMnPd78fstzLpZMI6e1oq4gMD1vzInDGuKmkY0rD-sM2heFQdkyMuZlCeH9Zd1FQ4VCtVQpDmicB-D-FjbZy6nzSAns9IwkmH5ft32hKzIOSVTB8KZtbQlDgydH8mEX8Dh9WZVj1DwQwA8C8ACSFmxDDyOa0pgjiRiYubLUZCNIxaBXziKujznO8Oe2p_ZXyz95kF73Bz6YqBh-whnHExy8BusC9xQyhnNRKM5UwBcdjTkGlVTL2wWgqitINl0c1wpVd-HRzpMFIgc0aO6tvgNxtRsCwjUqS4b_TPzlf13qfNQ2K3W4=	gAAAAABpuZFvkSJcs4yN8UYodvYXCoudce-GV09E_9zHTkmSunTRH59pA0ZjJCucpbFtmSDgMcpvxIjgd_XXxVxu78ce-Lklny1CjOi1mdoScUPCMjwRidh8HJ6F79unsniY5uWw4AZIMTOJ8O9CruGndlWmw25PDKIB59eOneheSZ1Fh_KF10diIv2YitjY4WUtkGcoK6GGIU1-20b9RYrGduLbO3rFUw==	2026-06-06 15:45:37.286483+00	2026-06-06 14:45:38.287772+00	t	t	0	\N
286	286	gAAAAABqJDKSS8CjoVuGNGzo6JUukYV17Tv_6b_RVjeSrNTeJkv1dw_vb5vbqoqUHKB3d9Lnk0Wl21zalbjYL69Z324d0QDhcolMSI4sw6X7R9iWMxofWhVOadPsz4UDjX3PU3pzophkYEmyMod6PVlFfYwXDXQXXZ7EuJps7fNe09m0NnyyEYkCO7S4gpvFl6M3jr-VZ-Ut61uwu1bQYkUuwrbuJw2ZvWFkmH-oM5VXaJw4bMaE5AeEJDH80tkoJQ3XgNBFXU_UyASr6L6BgxtQ_9qFPn23TRNVAQw89h1thnuppeflOc9AR2o6XaawVfdwggoX0nujpOhtehZK5YmsGuqkfEblx52tMrGeqdR2d7WqC9yjwm0bzThXgpvBHnzUv_BtRsLwC8IDooETsKM0fhx5rS6kGSR2E2gRGWoJexWhsJ-XU_U=	gAAAAABpwGz8RCqIRvBiKUlQglJT-qy4bYU2Iip10AnghgN1iuP6c51NiVFT91IC4TzrznEqsNylmzIXWSFJNFoIN2Kinshoysd60P1HQ7LXVrG6jvMuBOioxJj0Ly9OcOUyZu0RyD05p7LPKNy2brGuhLZxckD0xJ_Q2DGo_4xZchKVXbnbPdIETMB1kx1cY37yhR1lsYD1QSFFIgYEEFS95z_vau72fA==	2026-06-06 15:45:37.355192+00	2026-06-06 14:45:38.356575+00	t	t	0	\N
172	172	gAAAAABqJDKSMa2nh5AJguZUvQWRNtrnfiQxhfUhRzlDiYPqE7m-LWTG4dvsnvpkJGqA1qXQ2Om9jWsqvKP0uqRvxDvyAKwXbPsgEs8ObMNf4cy0V3kdM0hueSpSZYw_1f3SlqL23lTLaIi7jvaMgui0qSTJro1TNU8zU9rG2A-qP3AdsXuJEbaEnfvK2N0EPnV027v6eY9eRq9wP7jt3j4pXB3vRdzK-M0Q5LFdU9hWUueXbeP1ZdepKItJL7u-H9LWuVl3UM3jhfBvdFKRCS2VBwyR8pDxtTJu3-Or72LUEaYxJmxxT8lTnvj1lI_-l-dktvgfb7NLk5umPJfpceHIHruCYCZOTm183V5KByT4pmkDtZ41KFXOr790zgwjHzMPeJ2uNuNn-MIk9k-6PcxMB9UuDHn7O7eZ-9HprNluvACqdgAo124=	gAAAAABpYVDIbFGD_Kzbx5F3NTbbIh0CcHWChXNX_epCKFkl1BhfnVHPrasQ1lCnZuT8EtWpZPXo8hqdbCHMzjLX04JdhjejOb9v-LoFeULTMXVSlXG8osMHswhOsPC-Quvlwn9JCxG5LDkaKP6hdRpyis97rfXTovf2fM1reAUhNFGYFSAEug-ZS-vb3ci0H3JHJpyUHID6EBjiWCwg6swb-aPhDslWpQ==	2026-06-06 15:45:37.428279+00	2026-06-06 14:45:38.429542+00	t	t	0	2026-04-15 16:21:33.576884+00
198	198	gAAAAABqJDKSK98Es57vXoA0pL1jETmNXcZzlVrrsjFO0JkhvqmxHT9T8yPdDKnJgaUw6aROpfeSsvmhbxgDF6kvD1mQ0EVQJAkkbWaIKdvTDY7BHXrSOSW_dKfFr9R4JlAksDl5M8jhl43ZCMdBQ0jiHN3klMXLYtGklrinbzQ279uH9gdJ8w0cC56zzOH97DDEKj6OYbJkhUTGaDib12bszAC1lTWQJWhwAud-x5RaEOoV9_ey3nj_EQlpO3fy7xySVtZn7BZDWy5iqW2Ek8vT9c5h5TZNblC5HoNHxGtcPbF1FBfKO-HVs1hax_UbwN9WPjh0HCPMj3DOGCoLayBNTzE9bDsmE1fmUOflRZ2NtmE3oBcr5OAwcf8fFxfJ2Gu4r7e2mZmBwKL2VWd9LnbUe2qYvW2HOQRuOtuMFoSwWHHUgpU6Zzk=	gAAAAABpZ3b6pL2Qu86JUif7gudfzLhdpUCSxb4ADMqxng0vpUzFHWC6JSWI-76e5M9BeE4333-V9qH3euY1ufBLbtbjvS9Kk1Ji6Ju6rdLkSdAV-5AymtGUpinJFVTQkO9Bpo3gEE3UoToczVobdHCC2ksrnmSeDQEfG6w9GRFOnJA61hEnDtgsY20ZEU0RAR7WmqGOimgFrMwHTe4ssWtht-FZ4L_Qjg==	2026-06-06 15:45:37.508979+00	2026-06-06 14:45:38.510635+00	t	t	0	\N
223	223	gAAAAABqJDKScyzZowD-HXdf8CnhDrwJP5LRP25HtZS6P2XOj3vfyfXDbV3hYaQonFHsy2syRYUqniSI7Ly69vuUWA5ToXiEC5fBZ4cemvRE-ZdvF2nrc6fjNAQ3bKGYn8QKOMU_EpOsQYOhF6Bc6RtQftq3xMv-zSN4yJ87x9tYoH7OGk_eW6qtRELCNVIwnQ6iSrYqWuVFNkPd2tuESws2q6-s2y7cuDAd0o9XrRL0SbEfmf4D4fd7s9vstRxhnRTR0BC5ftPB06rHMyhZfBbPEtIRxcjlXHikN1BVUMWaH9WD3vqSAW8i__yhE_Mi07IVgtX1mTzuMNltnF2yf6iq9QDtPKdAC8uz8RS89CLPMYmP4u4Hq0dxGz2P4Z7lecwbPyVlx7yWDF2u45NTrr0tgxyrO9FaPrnlUIUVk3B7rSuLnfX3cDY=	gAAAAABpezm09A_sWQpk9HV5z5KiMxXlq0ENLkpBKlWSmhaMqAF3KRzaHnFd33tSEFZQISznB9bcRjelmdWp8pg5ELY8_vq7bOnA-aPYkKyhzChl-saXEiw8boMcOMSBDN8vLtnV0uYA-0op364xdlypSTqMon2vb5ncynxqLknXjWyKjbkvHtNogS5xOSRAVWl2b3uxmB7_0FpdMn1e_C8xFAgHeQi46g==	2026-06-06 15:45:37.589633+00	2026-06-06 14:45:38.592002+00	t	t	0	2026-03-08 17:07:25.124894+00
230	230	gAAAAABqJDKSKRpZFHVplO0icubIAggMYQ7zBJM9xGFRmFAlG5-OUyY5mD10Lt2hz3V5EY1qcJdBEisEN-tOEn1Y1xKASvqYnXlkEHzeqlAbyPMcS9_ocM3-eq-IjIyp8AkTeXI2ATNr7pBo8geYF-PBBDHl4eJ26LCPFLyb_810gDnxn3x-gZSEueO3bSFoRl4_46zk_-HmLhXg7Yp77Iesp5QnRojPBE3zi1ELNy4Fs2Kj64txxAmcSO_j-vp1BjvJS_oPAzio6EDJfYD4IAJyaFET5vPLwEIfdGzxMLXqBIQfV_jTYsJGkARyB8jmu1Y7i5Rb2W1T8zfAG4HWpb-axxqnxPLWYhTD4KtHiHkbZEJoq5e4MnhlguVE0lQf1aTj7RIiHxeTLwtt0Z8ZeA0EoduKVjHh1Hl7wQ4HadGBk90ANlp60Ak=	gAAAAABpf8k32uhVwt_TZDihKCOzW4ToPHDXKfzNS7LrYkIZTjBJMQuPbchrAnmzkYSoRylOncVH3yzmR_C_ErIT_2lk9OsLPmQIk_k_f0-zGvgHx8RLZJMzLv9MjBtg2i4Tq0ci5z5gHoyqNbbswmIKNoxu_h1mtA8yZNewtAjhLXGxwOV3LRn3SgHWia1P4DQ_q0dsUNnTRymyc_U-ARuEEzLYaPHoKQ==	2026-06-06 15:45:37.657351+00	2026-06-06 14:45:38.659562+00	t	t	0	\N
231	231	gAAAAABqJDKS--NfsEOzKAoDQtxUPxcjCNc9Xq0xbTYB9v_EH6UKG0a6dmCXMk5Q9IzrmBDLcP9XjsXPpTPxvFvNFZvneQSKLyoAx8DvmTIe1DL3LEXB9cU9WM5c7jzzokgI4dWuYEY-UNhEjaSQiIFwZ23xDwtvHoonsDNHoGlcI-PiOiKep2yE65dqt3mKo37jZDNE4adPH4SdbypsoqUBgn-Vo5PVHiGi5CHyrp1Hf6bEKBl2ga5ic6pC4Yf9SLrW2Ut6p5zu_u-APziVkJTaptjJZ2vsB2mOInqRRjbGqxK89blZOhvonGRoaTzAv8inbMQOSbGMXRrpMWLilufBFDrytLzHKHE06MJl6pC9voiMUL7__N7D4CItSlt9dmjIjWvSBxWmNmQJumzkp8v0ImRGIdNHv81SEvfCEOjw9KiQHZhQNMg=	gAAAAABpgisxAkNO1Bf-mplx812wo1vzE2N1agA5c6amNsDZtQ5cRECNMkNz58ym2uiqroRXeGdemJbfQ4DtiWG4GoyhSmkH1o01MptDPf3XZa2ESwNYyIYIUUdTGtW1TqBR9NV7kYz7HeJNQuwNfkrSogKhWIWMvMFKBHXrKfoIxAFgM1TMHYZIWTHgB0EJpb6OCGDCP07d-5vCns2Yia73mUUDvJwvHQ==	2026-06-06 15:45:37.726342+00	2026-06-06 14:45:38.728403+00	t	t	0	\N
161	161	gAAAAABqJDKSTzxEB12qYbGVY_NMBYsPcghIvkVkayGXh6fZpP7o3tX3FKCZzFhuZbxKPoHv4-MO93IaX0mbljToSfFpxU-WU-m2sg4jrYgWB6pgmDrbwifk_akKPDEB5LceIimbdv8fSIL2G3V8QolkNnwIWah6In-Ltkqa9XJ4m0NmrpwnXE7-erF5eWeCSYOBkS0kHYKRv_6-_NoP9esveGUZwVNd0h6bSgGYPuSuqhgao1Y2GEEbZbbtpnJN7djFsiA5yo-aTIQzDW02LvT7D2i5mc4Zydm9m9_KWOE8pbSMKLEvdTDM3KfsFdvb-C9yQ7xuE1DUZC6oJevXUdGY86ZjVCFVKDlOIRDrDV2G6qCDm5YAdDF0_UyxHSjo-bAlngGfRO8iU0fgpwu0Www5qfOnDhZHuK4vnU0TRlcC8rtCOucxe6s=	gAAAAABpW3WqeFp41Yke2bTJ28R-mS8ZKNXTwigG5t0zmi-UCRbbEyNWEGmt1fHV7Jh208AZeh4Ijv4KjzOQLQJU9krZNsxEQJZ4EgRVhhxOU1Ba9jNgCKuYtvx7kt3nR_lwPDhAruxWJnUiUYI3xGoeYhF0qCGeId6QnSyQPY91b8s86oWkTyN0k6J5TKdzeYaQyuAETFmOBPPAFoqWfgoJRZP69gLqsA==	2026-06-06 15:45:37.797798+00	2026-06-06 14:45:38.799765+00	t	t	0	2026-02-22 16:06:17.623111+00
163	163	gAAAAABqJDKSN_2gbBjdMjQnCCKW_pgsTflsJU2BPviN1GerRWxlwFGBOCqR8NNzewytuXewgy5zEpbP8rBtW6WmDytwmwxqdLHNC7Um14xrra-fyioZZw_1SkrkLJ06PRXmcwRKEZMivCfH_Bg4ORXm4qJPsdLUUV8-5CyLzeDFVsobAL4Fp3im6yZvXWOK6NvlxEBJFr3ZAJ0fIzTRyrxwxBta_dZxj10JmmWmETKmx61kULEOHv1WUS1vWdPUefa-bB532ZUDx2c110X7g9EzGCEHad7mtOob3G05RvUM9yEY7OvcNhrRWpYkbGBU8FMdXEqzOHslOSGajuOHnd2Qm1J0R25IiHqOM2nZdSpduI1_B7VGyHkdnjhecr7mXUkTutAcRpDON7EGrtvB3_QbAO2HfiJobMdB2YbIFHNDL0HL-6AdzZ8=	gAAAAABpW9OpmOWjMgMDgGrFiI6w3aCGAbMc920L4GoHb9b8L7f3NIMj0wHyUxQLsq7wbz6NCE0nYPqo0-IMi2EygZRK3Ry6kv1kCN1feD18rM9s0RAfQLR0_QtxmiyWsNxr0pvalEdr19bGYRKp2EvdOqYH2wpSH0ER-vMryb2TqqFUTO7JTnUBdllhp4jxuVYmkwySg4IgC2tdxMr9Ib764f2oZHmeeg==	2026-06-06 15:45:37.868047+00	2026-06-06 14:45:38.869925+00	t	t	0	\N
224	224	gAAAAABqJDKSunZpDZT6uYm5smHzYr-jSn6H5LT8hqYb5aCCOq1adoQJ9ghxRWeHrGyPVa7WnGNubEg6NA1VkVZcP4I7Ndur2MmrWuKmiGvB-rrX1iztIh5d1H_JkflMmzo82iM3NbCFyTwAXe-vp7c3opKFW78VITvPgfQD38i3gkewW5ZSBrZSOZAcCce6bGxtTIG-7-YTyeebVIcKsZM_U3DyBTNio3JrSBIlZ5bbeD8ZbmVzZz_oQp_vgQgfV1rpRO2lgUlNBa_YJndqtta3ue9KzOdJcNs1x-lEmvre9UpgL-CEy_s3goDPTSXmtYh5bspqmtkKlAAP25mc8IgOcvPt2KHg4Z6jac-Zne3sSByWnMC2XeS9-2n2F9yIjr83XvjhCmcUkb11-6OO0uVtZePLAYu8E6X2geOkQqngccuAJ3vRmH4=	gAAAAABpfOcIDxuu4zAKbHSUqsNK26ArybVCEqFVqHCY3y6jLPZj-1zFwu8JlH-SZhLeOG7aLCGe3oT1MZpw6Ry0NMxrUQENgzN29x95P_TYL_aIi8A5viw7IbQcQHg9PMPj_EPwyDB9M2wK2_hSg3uOIeMentoI5NAaPLrQnTWlRvAgOAS8qydq6gxRcfhQ76YyOGryXFeyfls5Jx71YZgaKTFu78lLhg==	2026-06-06 15:45:37.947626+00	2026-06-06 14:45:38.949149+00	t	t	0	\N
233	233	gAAAAABqJDKTD4yu7ZWIKebhldwyTybvN8EDt1rYIGCqqs3Uqmuk7O_zqMXH59HayF7cDDxB-GYxSj2SBwrfM4m8UVfof4q4otmLQLxEBJqXfg_Khr9_Tzfjw13WfdhrmYya6F2k_mMamwplklixf36d3z7CY-FBD0a7ZzJ1effw-TIDUoI7hcinycCTfjtRXIXJRdcDOSjo_tiORUMT1XcxZeu2DPvz-eTs0d8pGLIU2wrP-IaJDRb1FyFE-bwqR2P7ffTBT163pKhejvfQcQurEstTSdKt5ib-vYNPlQWM-0onsLRfslSxsflnrOqsFJvxkuIXG41cjCgtrRbipTcw8pIcx-7otScP6uKFpPXOoEdn25CMHqnJOhI_VgY0xZ5WMNkosiSK7yBokER-6g3PhTd-LoEqg1wHoY0grZqbJHJKMp9-UB0=	gAAAAABphgSrW34oQl5qH5-HY7ZTvKaHgU6pdv-X4Md9z9evS9e48hftJW2MIfL6815KVkjbWXSopKYR4-0WtRuEbVhCl-WLU8MJyrEMpp1GyVi9dkRoK4gJLcrB681_fCpwvIFzgQ2CtLCJ9vvBYAO9S4WWDPei53nUsq8f99uDr9nE6haDzNDnoWOAtOiguhzuNo4TbkWo5MdH9Imgi74bGa_avzekow==	2026-06-06 15:45:38.021198+00	2026-06-06 14:45:39.023107+00	t	t	0	\N
234	234	gAAAAABqJDKTOYsyLgWeYam8EjV-lNTEcpfK9xqnZaEJnFG9693oer0AIdz3tEdX-n3GtMlbJloJK_AtyaCskMEgHGO7nSI7tVPYC0NJEzWgqA8dIRW6a9lKliX8Z7EaUXJQrAvt14egMorWE8sNc-20lyMB48-m847dE5a2Ck0tMLmson9EduHzf-6COVuizzswxLC1_adav4iCIpWMd3qGAkESO9YmVcCQNAbU8cpiRRocOkCPsnRKvVFDghhPDxkI1WP127rPDNo8qtjPEks8KdVr6eCFwm9OdcrAQHR9rat-RDa3C6vcHZSGIj_YUkZE2UHA9-OGpCy8R1lr2LTPbVVtZznEcOl--clvs5XEAaMfTAwzamXGhTy8QuS5poB3PgdTmXcXJkQoSsur7-EEWNuEHI0HVghIiQrrTMDuItvckJcn_tU=	gAAAAABphjAUPNnRdLya4gxUPb5RPqW9nrooOtP7mTA5o0zJAFgKJuWpBtjpQIFBVoxn5ZV9U1x0czdrbjvw40GNZsvRwoIrwVb0GKSzIPAGdjCMaRDCf8rpWrfBhZ8A9xOo49N0-aLcH4gQ-Uiu10LmWJ1Q0OFma6N79aRBxc65JM8e3SbC_4DijQBt9Ch5JsX_K1ltU5mrctl6a8WFeuDuoIZsrjrKkA==	2026-06-06 15:45:38.095474+00	2026-06-06 14:45:39.096746+00	t	t	0	\N
165	165	gAAAAABqJDKTu2IYF0YqX2A1ZymEKLWxyp3HYZYIMDpG9QaG4P0FmVCrH_RBOd6xuNhoShIxYmR7Apz_iS3dUPJR6nS3Wcuj6OmYD1e44KeU9iRUcy4WSitMWvs5bdrgyc208V0iIuQnxYY2Y13e8eJAUFRUKZ0tvPLtYHb1LFrRCSZNGWm0Vc_UAe6-wQm02zE1i23os50hYa7FisGhdou4fUIhQOLZ2-iAkQtUa1qraaLMouhg8eMJHe8BgF3G0IFxhNgwWMPqBuPcNiwtT6iiiGl_IxFzpIroE_Qyfdz1zXDU_xoEIBEZtpymz3W9IpTDrJxDOgFlEF1d-U-2VidM_x_wxMNbGv0tVsD9sWr3YjYAfvGMgAylq0curyG00bmZfw4FEsFd8_NANT65wBA0TYMvHovndwcDiqDa9K1211oMXv6vlaI=	gAAAAABpW946Vm_d2GGXT2sCprPcss_1R8DnNJsFzoCQWKP-DrZi2oBSxX4DZhfaXqFRaHpkNo071IGtWtH67tzZQYfE1sCDCY2784JgXi5nUaunuuxTiChNdzq0Vb-OoVBRspqeliwoSpZ4QZpb1U-qUbwfRJ0PGuyGu4Exw2NI4uYXa72fNkLGVExpiYtR7A6aRpnL1SDchkpQ3AJbYNEufLOgaHJrZw==	2026-06-06 15:45:38.173963+00	2026-06-06 14:45:39.175845+00	t	t	0	\N
178	178	gAAAAABqJDKTwMAPmVGe4F0LbgkrFCfkz4xCpcic7J-uY8J09hil9dY7sOBE6QxiAi33eGziUXgDXrFnmqAtCqeSwSX5ohp6us_9GvX5ycOzeuZ4_nUgquFQZsxgFDY0jxJQ-6HBhmCkVTkqRUoB3sQiX6oKit41Ge8mJLkfFGKf_o_wCgXteDjfFtiBY6u5BsTkVf7Hnd-6PkmMwvME0z3GGSh9j1dUKyijWJkKPVQW28nnmTL_nC8Bkd-Pbiz4ogbuJ21k_bfAcNL57nNJgvEIKn_O2zDsEQ4jufbnIn0Kw4GjAQecX4nMUMBOumCj6CACg_b0TK4atyAV8j_V0aUJQMSd6zSWoJH9HD16mJ6lvYwHF2N_JrANsLOnXViTEyDW5UpBUUDSJwjfNf76xYhhrLAHcftxSyZE0XIbz6OzWcTZK8dZbAA=	gAAAAABpYo-2eWe7pFqzO7J-75pBpNf0bwoZw_M0C291r1f7THZcU8AEXOXZbvEt1d07PtWUh_ITw9aj9Ft1Y1cm9sY-nlUC8ghlPP3JjW_L5CpcakaxjwRavMrhbN7avRP-7udQ0G2C6whTgjfhd1dJBkl2UZOFPl2k7aBTUbjSeHr6XddTXzBtmzwVwWccJhBxWfe7q8D0VCvWOWNvVPLrOUOgka2UNw==	2026-06-06 15:45:38.249058+00	2026-06-06 14:45:39.251349+00	t	t	0	\N
186	186	gAAAAABqJDKT8Quc5zGahaT9TQcMF47cxUCl8DWKzgrIxhN2qLDsVY0urLzS9NvovmjYtNfq4DSIsOEJRmFCDr6sWAO12S4w6gbk-TDSy9iRCJhFfaRfxtKp-Ql0UdDNcy3XNw86nhu0uFN83SxlTrZCJNQG5NHgq-AVRJs8tw-9KgVLvEcPxE-G-E5IVaJs6JXtDJt7gyBex7gKpc1P5Uh2o0YXXmcV8HmOpzQDQl93M6_IfaLpMN-tOCm9jyKpKuAJXZWOSaHl0WkUIQiTI_OZXZNZuXf0GgiEZhK4dThnEXnEGNiyhGk9OQcrJmetlItfOwvTzCoZAkEcelEd8j_KOJrzIXeESf5WsOhdn1Jr-Z91nei2mobUpEe7VI05ZOA2Vjx13tiBcDKWCzAxtUnA3DJYCFSKmiRduwEL3hOWryvD7pQPQDQ=	gAAAAABpZCKRazGY9zVyKbFJ7axejErFATV6OUIz7KQzca6sIKKg01zw0rd96chMEGgDB_xjbIE5zDR6Xo5Sdh8QPs0Vqjv9xGf0z0iOnnW9_KyfCZUldffusp8YqucbHr8XDibG5i_X4E7DQZGuKgNeIA8RtF0k2idLKIlgewvdJfe-f0-PyrNDMgCXmtpeeWoJ355zUzXGHqHuu5uLSBaxAvqQ6LDhKA==	2026-06-06 15:45:38.317641+00	2026-06-06 14:45:39.318867+00	t	t	0	2026-02-04 11:00:51.717037+00
187	187	gAAAAABqJDKT9tGSiTANjxy4n41Q9Lm1atJWPvHafCReuTbbwL_0clYkI4meee2ZIgPcl0verrjqtGMwvKJzQ6G1NXHltSUWh1I7kf1aR-ZidVoC2kc2w-o5O-tI3O8prmLpjTp1WJYfUTJpgGkE1eMZpB4h1keFwq7I3gURvmJ8stdDsI-kLvkLJKvyKnPgz6FplR-C1HqkYK1xt6_qAdHhmDPVB5UBvxzbu1PHq80NQB_SBEbhT5PhMnwYofvkIkiu2luRm_lvt5ZpbYvOwZ05xWZ2jcjehtCotUCBKSiYx311YCS2ZvgKDQ3IcDmQeCXppausUgoEZrpmv4HiVK28qXqsYD60718fxxUBU5tSuwgjArs1gClPGQOzUZn0gdBpVMll0jvpfDCgWir6aFZBJmdMd6VhDKMYGV-799dPT0sxBsz1WmU=	gAAAAABpZDDI4Jha063s8ErLTjS7KQy-8yPBRs83-KEs0bu0q4_Q4_yUNa72HtjbIMBjxWH4shTvn6dhz9-pWVzPyhBsUifcOmlenOXwatRTPPhk25qJYGs_kuS9PjxleyTZC-K_mpMfe3F7esTSVL-EZnoUzjcfok6h8ncHEhtZ8oPjFLCmfGvfsZfHnCi26xJA7K6zyfgm5nfp18SlryGhU78TYnSc1A==	2026-06-06 15:45:38.398712+00	2026-06-06 14:45:39.400575+00	t	t	0	2026-04-11 08:26:12.117027+00
197	197	gAAAAABqJDKTlvxbqkXYu4Xli-seZtX3lhWuZTNrqozBsRptALMWt60hgdwrxyZf0J6EPyH73LpizRHowyRy7dIIGPEwZKsVopTIYWzPFXGOsRFOD1qhjPbtGJBH40h6LFLp-Ig5wUTGszn4mP1FXS41VHX9fYnj7Yztbl87e-mj9y_uw3_mi6uyxBBe-v0MHiaxITgpVs7enUfvweOgU9MCM1QFSeFrl9NdGMZ_AH6OO3dwB2_D_8GaGnfB_zRnwud33MnexweIFJLaPqOP79ZyUM-sWQB9r-sZIZI9xmihd_O9xDa0C3bO7FveN0fvmcqEMbJftKO45GqDwlh5L6V5oqJsCVtBNjnJJbtrewxiv4QJ1QVghsAKsLrvxBzGux0_QaRxnrecyR2XPkc3oyuC4OpTak1QgduMdznJK1s6xDsLqaQn9Ts=	gAAAAABpZjdUmpMmZfczwU1CAHOGKIKeQ4CHGqr-DInzhcfEkyBGnNfJq3HxB7ttfDhI01B-0vGTVOaE6OFClIUCvZYsiuuzO_gYLHmEtS4HN1IuUCXfiropDbwbWjyqx8KhqCOJTfx1My1fScBtlSZcHqYlIuFd409iwBXKMrCkKsYRPO5z44hnWHyjVqquOrveLPDDpfzaDMR5RK2iukbRcuRt3nNExw==	2026-06-06 15:45:38.468611+00	2026-06-06 14:45:39.470191+00	t	t	0	\N
15	15	gAAAAABqJDKT4RhFCRxbsQY_f3pObw2uijsj5R5-ZqKOfqq_FG2yOE7DEVfUXbjLDUW2USI8-bCiO-zsYWwgtODQkTfn0rzSXMsLFO3CJQIZsFETPIfHMmsZr7nDBN283LuxNtWtbaT5DIFGofPcO2GTmHybJ7oC8CbpX5_3JdrhBoMU6TdGKA_mMQnLuZXTQhu7oVPXj4RIGnH0frQESh5LybORL24S9dnNaPYXTRmAjzLNaUd6yv3P9FnFYuYmZhgMnuv9hj-d0_aDLogBMlAAcrHQWCzQXFP2qoO81KUkDaUmi4Yr87e0pbHDqi0XAhi1tCUwEVeeRaX9k3mlx9jXA_ZvLhm8OEBsgeH1MH7COM78COALmDyeYgffjiscWksRLVhKPoPdYR8nIpT3HGqw_Ny8y04HAVCHxfrhnGrugjKcZmRHJOw=	gAAAAABpEQlrYbDj2J71WBogEh-A2_QYqLTu_7JCg0ftTj_Xtp-XZuvV8KliMlLCubMZnEUHI2BdO00Olg81zT4ntDJZyV-LbVcwsCDyMRuv4fNi3rH30E0PeVy_c3BnRC_1_1Tvo_qMUISd0DPnOESmKTx8fQqmUf3YgxfmYuDaqil_GbpUtztv8MHIELF9c09aTcvoVTm0paesV8SIXwLqy1MftV7wdA==	2026-06-06 15:45:38.548155+00	2026-06-06 14:45:39.550336+00	t	t	0	2026-01-27 13:19:01.142747+00
34	34	gAAAAABqJDKTm3uMUXDy1_xK631SpkGU-hgHHSj0JigwmkZPRimJEf19D22yRIItKrU9w1APcsgc-dNArkLAYQg1d8teoIMstMe4Ea2R_DGK8tU4whKGbzC5QjTbtBo9wkV_X7cX-npsGPrAgL4yFe3dvUGz9Gab1RAAZpxQcY0Rdgg_pV4ThOZenUFPw6tLn_Ghw3sDAjxo7PI-URg8SFBHjTLjaM15cKv98YgzagHrlWEHQevlkoxNO24_xMHwOUayc2JjvgkimYYWmkOLmxrExQW57Fj7h64SAyKiSYZNZ7NRBoY3O--V-C-c0eOcaF0wucfrxEMZ6BkO_EeMrMGb4DwV5w8pHD9ZsaPyftrbhtqj5iGLjW5qLS9Pf4qZ5dnFCUPxrI8kLh9-u6-QYD2uWCpQ2sTLelfadV6VcXUQXE0YUI4AGU4=	gAAAAABpE1OMnkxW_WG3Jh5eCCOvCuhKP0Weg1EDD5q_zQpzcgDT2s9eRgdFX9dv3fGAssX5MRJ_Zbsal3r-9EFJ71uKkrwIDtwCR8ELKUDczxuTVZ9ir121tP4Z-fFxyTc1R22CyHQ-69O72TebVsKIvMtO6EM56-twOuGHI_LM1ZBqXYHd55I3rcxZkkicGY0HjCO3UKFnmJ7U2FplEUisQocmorPO0A==	2026-06-06 15:45:38.628294+00	2026-06-06 14:45:39.629885+00	t	t	0	2026-01-28 11:03:08.370444+00
43	43	gAAAAABqJDKTFgNvgH9XgxnVPfxfxxagT44FnHqNIQKorIpn74iPMcrZj76w9C2vZirxG4Xp7LIhtJf0aQQw8nVpx8bckiVol4vybkQlonVXQ0JIrR0z9iEPJ-J9sOQt5C_8Ydi0bfCm2e9nI4_JLBIbAbuTBJelt6qZRoVRNUvQCGEQoq06Knz0OJvqeF3dCXZ_Xa2CYLLTw4fhnBJlWmHhA5a4M42eMULQWzckZF4elhEDRl7l7RJ0FNZ9nXC3Vmedl28WbpR9S_6S7XrHOg5tC_j0GtuvPbiC--eODrUngutbwuHKeFJwjK-kef0A4zwf26snbyXfcLRDXUnD3jefMOh7LOP_656XIYOY5_zh8gqM4uAlJwYWY_CHZLmIaUJsLwtHMazn7qG29l0Rtembwrs9-KyWxv_NRTeoyRopsgAFbziBLng=	gAAAAABpLEy2aHIMjpuV-jErxSSvRuMUYHFud5D5neiJn6C2Cn9AUembkNqqnFMR9bCP9ZaFrIrNQZbds2vjq_BPnauSalRAmT0AG1N8xd2oiwxGbS6P47S6EhrvOlpjx8MwkHDhbqXACXXzZK9LZrQP4Msue9B-fGB9fSQXwmtMRLodilQ4r_iVcLSwOM2CfldPJ9XWnLhPCqEb3nVX0s69g3DFLB99EQ==	2026-06-06 15:45:38.705074+00	2026-06-06 14:45:39.706387+00	t	t	0	2026-01-21 16:52:16.643902+00
57	57	gAAAAABqJDKThI4wBYoivtOlTS6zuIsQNaUtha7m_EFNvxcKc3Yzf5ArbvHPWupcf57FjmNS8i3U5S2T5G2tEdgruTlrANkVQLhCk7htA1MII1P2Vj1luNloA28n4ou94ktKBjXvrTkmnj3T_YlWQUXAGIRnSmEumVQEjkNS_GhCy5YxdfTOovx_NY-k4BYeqDWb73Q8wylySeaVzDlytgX5yXQran2wHMFrwf5rt-SBYPjkKKlL7FSShou59Bg9cHHtwHik66L7xwPHclJ53q9qSK2SsJQFRahCRmuXoOwOaNt26SGdxk_8ovuusBxt7K-85pgOlG5LlJ94cviWuXpnd3EwKJ3djXuqXPIW2jNmzI-af7PUj96C6EzyfrV2rM9OWa3VUEOIwlP7_NiLJs-nbNjeL0IhLAOgfuVz-ULkJSNorbwTAWs=	gAAAAABpMu-Kj9TX0gdKXo-WkZsr0g46Sjq3AYddJxbIworABDfTJIqJ3g7mb2RSh1Jq8IPRK2aCPtjhEVOHdSouPHcDVhA6zo3DeymYhXanBIwOj5wzXpKdj-eNnAtpq-9R-qOQB2A5aEti-ElQB6SMWQD5bbfQhxLHfIuAkmmejP3g_M1h06-PmUYRKdwkSmfF0C1gOy4bu8cBalukl2JsgEvrcLERbg==	2026-06-06 15:45:38.783103+00	2026-06-06 14:45:39.784841+00	t	t	0	\N
225	225	gAAAAABqJDKTFeVQfKQ8MU0eGpnMj6RmASvj_-cJmMHBfEN4wEml63ytTApHqsm5UIRjZgioYOI4PiT1xVlyN6xBTt3MFLqiXz-h_azJYxPYB4jq5vKi_-ytGvvYBRGEyBtmTsHobhLo5AZuZSOo3knfmZZ7D1TurwuOJc9DYlf4oAQIuGOOVyGL74iAd6w5EoqmTpa0IjNGnEbhEwPw_Vj54HqO7UckqJdCWA_unmk74BmPjZKMnYewZ6nWzvJqVHEcEvy7I42ITU89MEgx9KciymX3sMicFeZgAEbGu1FZMSbjKnybBAEmcrCvGOjec9KDKt8GaTfZzaQWxNy2Tiio5QjvaLCBfHhFhlBcKVjrSKwvbz7-4Pee03vaUrYlSGS6DR0fP1o8SBWR-H9g44vgzLsmd1T006yljjOMD-4oV3WA3vhKNlE=	gAAAAABpfSop3hhVd3UGNc7lqR6n1cNo89K2YTdML6oAIPLOSUWtdYejzHP6dGLj9ix28xI1V5BpuqtNtW2QTVvI6W5yUar283MBhlnAdW7odcTAfyxP-QmjJB0dpR6rUI9DsR7xJ0YpG4BKsHsHly2waJ0YQkou_RSRo_BB4V84bqOUBJY_XHefjBkE0ppjEK1XCzJu1PJ9-SJuB_jh9va1tBCOuMPS_g==	2026-06-06 15:45:38.861569+00	2026-06-06 14:45:39.863203+00	t	t	0	2026-04-17 06:00:11.330081+00
82	82	gAAAAABqJDKTzAMPlNGC_Zen6n2H7mYfrx-0bsCD4SErnc-MDMv3FR7Q_sjfJKXkiYPUFmjMuveywDsRohYukrhYze10qPfqGPh-JpSPbeBEa1byBnerwo8Z54kTkoxqn2WgeO1gBJJRgPAHBClWNF_GTOTi1j2DzWLx5giIaT11kvFpBbhLihgg7r2I9KxWJBJvJ0NE_BnqSOFme5TuXWL9RE6n3zTz5Jc0RHcVkEr8M7PayYPqBRpc5pjodEz9DBuXEAHkjnd1BwN9kT7sNTOna0fOtrvbw3Pp0t_vPxa8qJyhec_d5pkcZ0FXa7aMytJ82T0QLVrQGQuSSUAsWbKRFbruSH69zoDBC9O06HhBvnz97tk8J2NzGQG00wLBOmIjeSkkCS9btufhK6RRVdwNlTPquhh4oQlq_x625EXM0gSUJBQUTlo=	gAAAAABpNfUhbEsXS5D84xFrldYZGX4su9bm399nzlmaGjz8QlV1k2B0fDZ2xx1q5k1vaMQRhpGXQDqHIhDO1yrCHqGnNNAqlu5wRsdV9VREbPckPNCkWzeOJXMMFHTMCGF_PzTnDvnhAItG2jagP13oEMB4c1IRNl5MFxO1Q1dTP-M3HvSzlztdhA3SKf1SalSI-sayQ-got2yGx9Hss_JAMnmSWcRg5Q==	2026-06-06 15:45:38.931137+00	2026-06-06 14:45:39.934679+00	t	t	0	\N
86	86	gAAAAABqJDKUttuAOhibOQ_Zc9a_babo7yDFO5OfkG71KDCh_8BtCybn74T_7UydY2iA1yg7AgAFXa5_oWSdGHQN_3cFZKn-tkTk1SPI1XAvzrb_oCVvYoOmA9OYo7Kj7rylzr4QAhdBFQMN0YW6hIMW40fQNA1zQh2Ag23oWaJggyLldV9SWk_wt2IcNo7_xmSI12kmkYMNOJQ-ipdVBFHTxDK7osT48GabqpIns2mnB3HQFyt46syPjia-4qI31l4noZ_e7yep8791QMoU5sQE6Lu_r3nN3sJxHBR1dEhh9ijwi0KsCdXXxa4mk_2JBFDQbt-OXn8tiEsOTiL3LNDhAS7egbjHyke0bOI28LHXX6CDuSAhB94abmlNQUj-RX6yX2Nahwt-X9W5fpYR5mFmf6_C19X2yxZyALFfMCl0xLewYLXOGRA=	gAAAAABpNgXGLWiysFr1laCSMvzoWV8Tsfh2xmvNuNuN2TcDy7tRDFddK294LDqPRrBZaloI1_Q-zxOf2E-nZcYCXT0ZbLOuM3C7JMFHooHilpyc2ZxxL9y7VGoBB11JnUrMwQt-tjCpjk4pRDzyYDgUduXYXCxSHBKTRpzFzlFdc_GSxpR-AA2PKc2jTRQowSr9SKIvHpVXAK57uWQ4gfW4oCEWtQACIg==	2026-06-06 15:45:39.012184+00	2026-06-06 14:45:40.013462+00	t	t	0	\N
129	129	gAAAAABqJDKUoD5kXO73VQrBVaycbgS0m5-nBqerO9gQwIsHuOopqDDXWNwMmB2oS9HRpeU-KkA9PAX9AdeKqxKd9ax8veNSJ3KTTRiODPpok3mnwvoRxeMblT-3NN8k3-88t7zcxvOugq-3gQBScq3FP1UmsNDZ-vv47yKry-qK9sTS-DhLQjZfA7YiOQNNsZOJ652WFnUZWtyGpfkjUAmg3n9ndzS5wRsNtYNpDO2WAYsBxFoImdCj5QCQxefbjRBkhkcbRzx1NeCPCu9DKwTz-ieRpvVj9Dfj-oFDEOixh1kKnm1FmxLKrvriXH4MXZQZ3anRa9KHOJ6WthFiGYfpfdPNt2YyD4jKColNObTmMo5TjNSR5C1Dj-bQmFNMIc12gZw8fr_Us_YzPWAQbr5yJLego_PUbEVrsvQg8AAnWbdaGT2CBms=	gAAAAABpSSRv9QNAUPdeaxyIFeF_E73l4bt40DGEC7RzG3wphyi3ht4af57Q74GisdRDS3bXAGhz1xELcY3gTnehTCPzPQrt6j1MBu8OeKPSJVlIvbl5hF_Q3qNIKWOt3dg3fzU32ym1qjCEpHLjS5OmP7K6GpjoTSWXh4rujSYK8xf9gobI_VaQva3SwFRWTCDo5KygnaVNBNy49MzXK0qq56EkFntrlA==	2026-06-06 15:45:39.095272+00	2026-06-06 14:45:40.096868+00	t	t	0	\N
183	183	gAAAAABqJDKU1a3YPgai70-F1GuDZuuXRx_GD-VuahgjDVht8aCOLEnXvu-78EN4qewtw8lyJVQt9XiEEs0ExI_CFhA5z2W4eQtjjIM9U6UezndKbBmvwXTbcm0Ao8Y-bj-ZnJZSnwnss2yRI_hHIAWS4rIMvEcnX42Hb9dpoVGG_eOGNPiqo1dP_5d1L-mFZLgsGn6E_OgWVdkpF4wjBO9ckB3t0mFT1kf1dW4-A4IVi7llaTHXvr65OGIydkiycp5ibqB4o9oZQeZrsnm7NRHQvRQP0Oj56YYFgzcZhXO5-MHhJJljUTcZBRYt-rZzo5yWEoT6uJD7bFyTdNW1qAWnpV5g1Xfzg0YwlnHi2WRR1hEJgTE-J3BVgRPGq5Q1PjPkKbJE2k6XtKK-EXVdEHihFzVeo0Vjvoi5TpB3fmtxMq3hgt6YYkk=	gAAAAABpY7nDuc30CETItp9dzmfFNaJgAC5nNogkNrlUVZvtpxTvzaV1Z1FAbygJyHAZAr4TXFWZjBUASM_4bwpJ_t9JTzBiu6KoMQZXeVQsAgQV8y6IkjOcaU1v1AovTPEYNXMUS8xBdllrTkwfQdWpXz80W4hh5JYw8Fi18WFNahJSfo6BVE9VA8fPVomSN-BOy8d5mKcIsYG8EqD3aPetc7BAglUTLg==	2026-06-06 15:45:39.170072+00	2026-06-06 14:45:40.171555+00	t	t	0	\N
235	235	gAAAAABqJDKU7hlWMJAaca2dSbxMSX-lL7elE0WpzIWhMq6baOzzLcrx6-2eqEM1esUYz3istpltzEmJ38k2KZvwEcXhDyQxRECqoGP0eSxwb02ExhUhOZkD_uGphq0BGZ7dSil9atEjbATk_L-B9HW95P_kSGTTKyMxAQPbemTX_nyXBJxaJiVOT4gzLbpRdqUuxOmd99bSnCpMtx8TUceD94DKO17cY8ZmQvoymaeGdA59Pgv0hRHnbgRf2zB8tjuK0qzNztgUm3pR7ry3snSAKP7-HcZhFIM1v1tkQtpA0lE2rf_X3pVevo8rH0vj20NyXbKhXbw3NIhKQ75Ghlpnym2K-vpbn01y8NC1zFivdYOUTYB-CxWAqZw845fR12l0lzFNk_cst5Nas7KjqC7P3tncWatTH2U_NIcsumeRze2hEKlJqIM=	gAAAAABpigaueXEoSERpOubeuhVnQQ9sea2cpGgcP8dUtGhocWFW-dKdmu39tGQxA-8fGKOhhditNAZGaFC2HDj6ff_3EthJYuosy2FQN-egnaSzF72_XK8434r6bv64Z9LZRKpPbq2A35uzF65NKsxN7PbbKYeCjEwF0ZekIkndCmKb0o_RYoPMrtlmoVw6Nvxee9vwwIdLipcWFgi4AcuNy9tyRQEILQ==	2026-06-06 15:45:39.253279+00	2026-06-06 14:45:40.255552+00	t	t	0	\N
88	88	gAAAAABqJDKU9ZWVGyZNZWUWUow8WTovgCZ5Z6pKgGUUUcyuc6l3NFJzS4cbMBUSLXwQHxvBEUwBKm2fPgn83DZ01MTTuu7EhNkGTcZk1alToFeQ6F5lX0e9svyqxqc2K5Vpw16LSWUJsF_ES4lns32OmyILGivZucaQVbtRjOMTBqYZppBO_uzvlySCCPxNoaCFME4Yesi-FBPfuLnNPfb6kTNoP77sizJcMhlaTn-zKEoa4UOGMovpx1Q2-t5fE8BgfGCvVBZL3d1NmfJgMG2yuBh3PzC6kgcjCoeZcp4CDHkLxL-TkmrSHJIdHuY7dBVhAgKVE2BPxBbIw_0T0XEZiT_mYIpRbs8M8v-nqNh3KyMwweZEfzW-KN22v5tAhHqRIrmgmwSuAtvZsnrbe_dWq4cVvp4u_ZAI3d5I8HdhzgGOOgBROG8=	gAAAAABpNg4tVHi53-VDuCHtJS-d4xAVGnn4dmon1s5TROkpOoXDe4relypwbxBfk4JOyykkYDZfTlTj9Cs1YOakUyBOt6VBw8GOB3ULeLZZEUFT7f9MJYOog-8br51wkVhjBeyfHDeWFEgFuLXZ3dTMzvXlbbovCDlT79lpT5EG_WVxgWkiYetq62tXs9eTgC1mTYINXW8mI0K_QhFyyojOKJXkZZr2Pg==	2026-06-06 15:45:39.334429+00	2026-06-06 14:45:40.33649+00	t	t	0	\N
91	91	gAAAAABqJDKUCSeKhonkY_iuPMBo_8ax4YQoSA-ZmBAxVKX8a2wLvGZXBdfBFSJbvJ4UeaMx2KFSNpS99eHQY2wyCMROoP7jevwLKiBPb4yXphTJ6ap2YBGFNd1SB7cy5GRALujlrVqfqYgz9n-B621Q6N7gMqYtRphHdZkhLuS--K2Ud6iqjdoesOc6Gq3Br737tsdhFP1wabmXDnSNjhGJ4FQ1UTKILkKRr8gL0WC6ebgkZYmqQzWXHpDhYHQaKIQDuaSzVV3aLu5EOIGIHrTOINes-wjHfztr3hEa4VZQMFUQoudR3KEPnrnIYE06IQM7Q5CKI9RWOT_lX-YbUxyjb_2DofV7GnR-thubmw1-FrfJWNmhVHNEJH_W2U_xjP-hqzt8yN9TJrGhzTWVDdDrH2qzHzdLNtpUqbYmCFSj2OClY0dhsLQ=	gAAAAABpNyA7bE2-eSV4tU4cZqBnLlVMieV4qVWKGijUF27qF70xlQU3XphLjEZFgkzQJTxahfQ3ye-fEJmyOSz_tM02FM9ghVcp5UxAt12AxQvwqaxZPX-89Dd9UjNYMVD6FGgxuoJnCjOoIhSveHVo4weFDAgdTQDLutXsZAIzRGqrEFKplajFTmvOpLj23XlkPtbS6LLHJvC6_ym4tUwCEKnSZIS_Lw==	2026-06-06 15:45:39.428303+00	2026-06-06 14:45:40.430113+00	t	t	0	\N
92	92	gAAAAABqJDKUYsIxxOqlqJTU89fg_AT1ZouvDZH31joBoHlJgfUD-kfa1ClmwDNCNMZbSmPA3BCOaAxW_y-p3LttJ7J5cs7E2oOHbJ6JrGuyBR-BJuOqN2c3R_lMRFKw7Ir4pT9sRRLlDzF9Dei2Yqh46rgo7LCiXcqpgLHwnyCqejgJP7U9lYlqAAQLD3e0F1kZxuuBdc4F3QCCpqdz3NTa2LRrfC6SP2pgo4hxl6fGmvqWJtEtSSWHq5ydEIvopWIKV0olaIQAGddq2Kx70-B4fsbNXTwZtllvco_SF7mCwRs4fniunV2nD_jh3MBbwAp6ZppnAyB4DPmHgio1M-8vn4IJztypflprSFIIMenmYeI_xBmCe19uHXOuV74p-SnuyX1wGJPV4tQaJtb2VQg0O12FluSQsHv6tOBv63gSt-A0h7MlV0g=	gAAAAABpOBt7S1oAOL9xcaSxM5iIZLK3sx8x2GHyJnBXwseulxc6PlXUP9nlOFSMdoWpXuF98LNX716ifLJneHSjLovri_AE8nvoSYVEJTIHGV3hmJ6F6uUTKFsI0Ij3_S8qNXBRB_Lxydm8m1iIXNMuFiqYWOXVS8xnhGoWBjXlvuTw9UL8jTeG5y-i2bmEKCIJnGWuvAl99e0lW1UblKoQ6mt5hYurng==	2026-06-06 15:45:39.49932+00	2026-06-06 14:45:40.500729+00	t	t	0	\N
93	93	gAAAAABqJDKU_6mP_klEadQSbkJ9oMCiE56-8fNIV-a35KdFUwpM2469arDklRcez2guV2NBjbU_ZbE9SFXYyMwlE-w495jZ3Tr9GgPkwpaC62zXNHRXh90VghJxk67XWncHNU9ZFwFfGl3GxwU2vm2Nf-Gu4JH3ZY3DcVrFvWjMtwlW20AdyXQtiIMAVQaI0Hn52GwBPpm9hCaqp1Q5DVUhh2d16sPxwCbGchnsCrsmSwRzhugVe10Rub06Cutuuf1oDrHnzY_llmhwkiSoSyX8u9Bc3vitA-YG78nF4KaWBW5vaEjnZN06__NzkGH7LctJMzkHVkZh3Isj-OWrHWvqpgo1BF3N27Xrv2xFWujsug10ZFicLbRnLASKTpvnWLaZivY31fytjmYRRZkrnH-49-9Z74VOzkDeydpychuUOA1j-F1QXP4=	gAAAAABpOBu0i-H2LjF9BoZYXrMeXE52_mwapBRpDknNPJGa3PmSSwbpkbP5HumSbLzJqrCVVlCGTsCcfwbc0-AJ0r6Boba7k9CmXjWrqFK4LUjQ221zwjpWQLl-AcOpq9iqeQPCUmjVLz8ePLSkfizxatGNuKB7zW4hesW0m7IV7s1ug-DaB490kDLuRsDUTLGYjZRwZ1vOMZI3CiViwHTQb2PrRqd7yQ==	2026-06-06 15:45:39.571577+00	2026-06-06 14:45:40.574441+00	t	t	0	\N
99	99	gAAAAABqJDKU_1q3M-J-Vv1xfZJu7oQO6odwfDL6LrWBGrfa34HMqRnjQqaHSQKtcYThD9IBdwSO38ybgy9JKvlHP3pjDphBLFKtJ6hTA0OYcK2Z0anozmZIkGfLFqYnejfRhzxFswStGdMNdhZEJwqNDAEz9nr9A3rrHAucqTo7eMo4eIypDaVv2D0MI-PP_ZtslhYN0x4EXRlJfdNEDvF0driYsng5qnK88BcrXVj-ECXuo58xiWloeAcknYrRn4lFezKp2dRv4QKnRNMUWJWhQ9gSHfRy5JuhqieQsq55mw59phXq9l6UpqSCPYYrkDLJKgGnQcI2s0MHbAzZL-9pD8fkhQEJtenOcwKAINbdMVQenDv4TCOcaJM6zeeJAhP2umKQpIVOi8p-EayDINfRyr3PDjVkzIRXqUqDK4BMKq_k0e76ki0=	gAAAAABpOIsBBmUwo3OWihOqlQbUTCX4u9VybaUBoDIgAuzgZjSFxwKWn8lD64dx2zKfyzhcIHdWqYex-SGVGJturlK7PHyJfBkojKWcOnHHAPbwq-pUi48PVLoWtH6oJCZ7N7nsdSJlMLv4LPyU4aidPjgQxGGXDUZ-wEDcDNxkQP5LCzR4vK2cCQldJi-At88UNaR2ISVL49YEWUWXNnvbZJwd2VoTRg==	2026-06-06 15:45:39.64114+00	2026-06-06 14:45:40.642939+00	t	t	0	\N
102	102	gAAAAABqJDKUkIb6ziPuFLwuIfWw4e06ZsQ93qdxf7LEUIZxhSbBStGhz723xP29d2_pylFYsTl5oD7tKmMmzJClUnGwzmt5C-gjx0zhYJBiUuVaNQNnqcE_U-30mlsRtdCZ2lOtVEjDS_HDi1AuKesvUWiyzIlqMhlOFn3zAzwEhQfWQVP1IB1FiyIQwQMeGdnFbBUBMBOoBFh59InLjoN-rDe20_a1-7zlGeBeEx1_7XZdvOnP2ibQgtzFNNFtRGHeysDDIKO9bAgIvVYO-6Rx62Ha0xb7jj5wL6lTLWyPjDtfozDuBYy_mG5hau-ZHQNMRuCDyunATLnuNSOOnR6w4XEpwqUTTW-3po7wZ4BGhVI6xhVFaKQVUHELfVpwfqX_GM31TyY8rr2nbgWUiK8hLhwW7GVSIyLrGJ5v0HmEavazh70kjg4=	gAAAAABpOYU8i_qjpupTXj94sXCamJEOoWW1w1Q1HYFELCakRpUEJYc28YMRu3UGCz5kM0g5oMtjRVNUHfTxHVj-xd9CoqfOQZ6s-tYipS3TBhjxPQtbQKnO2zyOOZhDdWO8huD01Myn0iCjBHaot9N91oqwC_xRpUPcVBaPGdIXsnv8z9I66eYFAVmWMAy9Iph4zfVAj3pMhnAELrmsGVZbsd9OK7D9Tg==	2026-06-06 15:45:39.714795+00	2026-06-06 14:45:40.716483+00	t	t	0	2026-04-11 12:04:58.299139+00
103	103	gAAAAABqJDKU__qMhBgY1uCbd9xouhaLSQ45Zy37kGqX3WEim822K5xQoKSpX2GNbAhvyVHPU0h-2cCe0U6OPovBAJqoPXaVaOAs6MAhopXcoaeJnmQl9Oe-akCR8EMD6gIXfWnE483UXUhjFycGPDyBGKsqitV81KoG-HCXfNOmnJTTCElp8BPM0hqrlcIAaGu-r_7OKImei2_Dotrsut6nurxJgl_sVLLB2cRl9_zMf84nIjBJjM_Vn1TN-h5kNQk3hos3Q3VyMPDwOeM19WwFlpOT_rJ5rLlLCYMnBiMUqBScCL-TG-bJV7-IEUD6H4d4UWwXyHUGRulWefHZhTj6gE8GRS9-UiseoF0CBgrmjuy-E5lZTPD8P4MGwZbgkyFfv4JGynYOiEzjwEPUWJl35e6H-9IsXlL0D10GHNFPAHRnDSapWNc=	gAAAAABpOaxwskhpEkO0WPD8dEaz_YHaOr-0W4AY7VbFOMo1wVSuzOKl0aff-C9tpA2Ffu8Pdwa6SHHaMeVBekQwCg9Clc6x1RbJv2WLN7O_4gjGpflhJjTv_7LplKLJrKn9gvLl_Tm3wj5e6KIMiTJ2x-xaStOYHIdbhyIP2qLj_4wm2qSRTvcIw0sbuYLRlRIXs82-kMhs1ttdPSMXWcKGkhnDNBN2Ng==	2026-06-06 15:45:39.782994+00	2026-06-06 14:45:40.785067+00	t	t	0	\N
104	104	gAAAAABqJDKU4jOiH84XDwW-L40GhKzA4iYqNZi6EWPjCAbKr_KG-2bkk2ycZwSJJQCjUkvoM3AD2-r0LUxJahyK8qTa1rxlIION_Yoz43gqjB0as7l6A9w_V8_TFxvya3TZsZW_QzIPYmUPI_MjyrJ9LMdYGQubLogEvjyuMBhkyWbs_TCnP6YLAtzBSuTdRYqofRQWjWZI6mB7TampZ0v_kzZzYjnLkGwkIlH3lXoLmsKj2NPd9vnV3jRyeRx8oOI9_gQQ_9ihC6Su5yRXLjiIiTlitVHVnBeWsRGa2tZRHiMPfDuokQOj8A8qOo7VrBLvit-OiCTiCHHjAJC-b3VqGVxUsRDVf_-nmUnrtHgYelYpku1grzqF70zK851omToEd_IXGzSw6i4920yqY84YqH8fOIt3bXkZNiuVOAAEKI4IJ60z6FI=	gAAAAABpOuvXn0hhU3IAZfaOOKzKgt1qsuf6HAqN3KfzxijTFTAs4lgEOBRGbHa76jKvssXNr8fQOwLrJkc6F8aoOrh3ImcOkTI8m0u6wUPB9zRQmaHeonWSpj_hXks99YOMljFdQ8JIww8EfryegHkVTsJ3otqEblAIXY6gxkf-nmlYhINzI_6gFsYOSbyQCotz2taI5Rm3Ihgaj6PB_Wkvk8Lv_olE0Q==	2026-06-06 15:45:39.857112+00	2026-06-06 14:45:40.858809+00	t	t	0	\N
105	105	gAAAAABqJDKUJLIfC0Ps5lziXnG4me8oJLRKhJhVXv-IZVFmJW9uo8nSuspfvwHODnMMIiZGJXWjAyW5Evfqb7GDCystAH6K8auJQsUNr-R8aW3TC5ioMoD8FXUsWzpw7xO4QYjUaIRUTkXFgLtDgRz-RMOLVvcWoFqcijqEcrgZUL2e3zzIjg3fLyLhmthtPp6xMNd8BcZ7DUx8ak4bF6Qko3a1AqVqhr09Uk6zqcQ6CtKRTVTTDb8SqkxsiPaKMGhHxw06ikFO0KX8xa7-i7H5WQKSG3q2j4SlYNLY4GfGfstosYZzTo-WL3LzZkVc8uuTONaxsSqQECwJtvKFNzvaQf_KPssRfRgoJJxioyiQ2ITO761_U9Y9EDcbpQS2R18_lPmmUROC3MCCAef2vhjCp_iubk3jydlOHVLU-TG4LwNcyPVETG0=	gAAAAABpO-IE04hWnnbauk1O_O3s84xnFZTHO-WsEGDT3BWXdxceB0O3JmnmuUdAH5hYIzfM-M6o35ZD-i-ebHThH0pWS0mjt5fsL2Bztqg5PRKV-K6-RIoEr_I_rtccc29LaUfZUk4wd006AKfpEtirx0x0BzCj_pISw8VFnD5jhpzkCxgjx3NzQqIiREhAKrju77CeQACSq-StNAWAEug4R6cAmsrhAg==	2026-06-06 15:45:39.925688+00	2026-06-06 14:45:40.927469+00	t	t	0	\N
111	111	gAAAAABqJDKVaatXJRdUxoIJIVlFNOwFSOgmxI9LPA7D-ddH-KqRxZgfqQKgT4XAMlRpF8BYCzlyPoNanZQHxNXQzyEVg9ggK0_nz_YIJ-0xPfz9YAU1LOL8mDMQZytAwc4ABrmF_q50Ro-NO7V4B28BnX6v3M8T4xUXoD64Ut9Yp0Cq4i0Uny3hyKxK9bbbFDhOCtt_4IkUUhguR4S2qc0UBNGr3JqDZIIAcd3gJr5toEVFFry2-ObfbEFuUfmXq05FOQimzSmchXEYG9tqL7xTs10WqwsF9pv46zEVpkFNuZFk5qLWPSgIdlbvs5h1qBGNZY5JV891NMI1FwNTozDdpnwSbZcHGU4DVXqEe1wQbcNw3a9JI0ONhGqbLuMTKeao401dxmTdPkWjIGu3GPxmIAaFfA47z9mLTy76J5-Bfq5CmXP7rTU=	gAAAAABpQBk-CQ4Rj-uXL0HfAE78XJYMIgBzhUVJnpS3YEB1RgWy8p2qZteZlIEu7-mivsMxUrWFQ-ENHCtwg0Fymsmz_hmGezzgEpBaCRpYsc3waitQRcGIVd7jX6w4pc-iEtSJx7nb2G7w6Gy5ERDW_l71jzhW9Vg2o5NksnwCsmSXsEVLXICZaLQM1YoWQApNuYkh6XPzYcZFt3WuahIofVng3PpGVw==	2026-06-06 15:45:39.012681+00	2026-06-06 14:45:41.013962+00	t	t	0	2026-03-02 09:00:18.97251+00
53	53	gAAAAABqJDKV834kxqn0kfayw_CKV9L2smUSLiEMP7uWwmCmzaEaBvk2V2AvcF8O-uVMjmh9pyCjwcFMiofDm5_o5f3rNrQGFZlJ4S74f_qeAktMhBTc8Ej3sZNP49kzKSoRpcWiODJonhFkpSnWR6k6Q8LSGU06h4dez-0HELVHB97SVx2FOjridnVgSlhQZiQVXPT-OoW52jXBWwRMpoPFPTCnwKi0-zZN86vKBwNHXCGGLO7qa-hV6dUnaDJFM8jdy-yG8h-kJ2peyCB7DkOOyc1znNwzvPlhpUlDsHgZsM3elYftipy-43_IRa9VRaHLrWqlLhdsLQ03FWYzLQUj40LcMWIg121shZfN9qAMfsE_5R-oHMqok9XXsyeg0iXIqjXrO_31rcusJ1fZ_IlIQNT6VUiF1p2Yg1zFfTH7bMD_8WgXCY8=	gAAAAABpMZdsNRtT16FLZJqfXjLEzEbE4bm3QRcGgIKdUueVHmk9dLGSoJzT6AiATajXwVsufpcsuc1W-hU6OLqngmaNd1e0MhyXrcStWBgx-tO89xP0iCQRB2bPR5V2najIfYYWIf_jVuhmJv8y2mudLqkDxYbufqUwlXQRh2cGCzbg9Ha-W9WipaDcIfrpU7RBCbWXp_39ww448T-BqxH6ZNBGvTzh5g==	2026-06-06 15:45:40.094152+00	2026-06-06 14:45:41.095353+00	t	t	0	\N
114	114	gAAAAABqJDKVRv-svNDzmIUcPyFitekTdby-YXLysc3jIQfX7bSGnEW2I32krl9XuiWLpwjMvDLX0daebyD82CUfQQTXprYF4GhA55sHcz4GD0nLvDxQB-0P52Ktr8SyujRZ9iqG8nVXjFS-2ZSFgd4exnW7uPXhhSjlf5o5qcz_L2_rzZKDgqqHCvnlvE20XRG8eRaOKiolENA8T2b8W-TsF-kiYLBlxAU2y_z0tF401MUyjQQ_rUEfgJSlJo0cmpboMuOyW2nvxhGR_BOsAs1F3J5HkEO7gA1cv6D-ZbfM7669ifc5yAMuCspUL2N8c_O9dEVFRw469Y7n3Y-fi6KiJsuj53FGZi2wg2TYHm_HRsQJwEGrEXaD58IRIsaH9mYz2xW4EiIO6QqOdSJkKP_mSTx3HbFsybgGSiPnWbiQYB7kALTXWpA=	gAAAAABpQn65Pu2ZG9qlPTTpr2HQGLSvSSxKrVV0D3wjMi9-uNs1V7UVcU3MRHsbqlYbgtxjZs2pVK7IHXKIp2hMwUjmRGAgpK0PePk9sDsDNXOkqsI033AAsrahtHzP8qTjuhylWFxSGn88qUkInltHtZkvRrq1mxsayrV3vE2rbVqbj78f4jXjqzjMgTmQNtJx5IAlh_IxVpuJ_MjUL4CYXnZREu8SEw==	2026-06-06 15:45:40.171521+00	2026-06-06 14:45:41.172504+00	t	t	0	\N
13	13	gAAAAABqJDKVym3TLTvAsKyFyzc3dwObLXyXHl6yjNNrIEGOYfPlwIpTsvnOaJhdXuEkEdzLD-1iYD7N4Oz5sGShsCQbwDdqEdC3cRcTuV4E5G01SzyMCLHS5wEFL5mvC02Dgv3eyR6HVh5aVWyOmFePvfK4XRP0zdHjuVtkXfwB8eEoJGM4X0gzDYfApbG-mGvzLLC7l2WYadH9mIGHGqyc_BR0N0pnOOk7clzaT_wDrLv-VT7aP4tQ1hQiaeauZzu-I81DwSe3S-kUGqYnlOPqUEX3N6h63ntj1FN5k7u3FuxZvqwg62Fkf9MjEEAl3KmQpImVF0q3TJihl-WOfBhRZ2PcyMT_bs9zBGbZosL0UwQRceSbyptxHWFBEp6USGMeFW1K1ANu4Bo__ykfddbsGV22_8x0cY4vnEeWFu_nFZDC3yyCWFI=	gAAAAABpEQQk02Yj7oI89gKjIX5WtCuET4_EbPnsm8fzOY6pe4fzvCTu-mEFS0_n41REtQjUAIaWmzddN7LNsnap50xeYBCWWgt9DbewBoyY0X13Z1iBscFa7QnQPSASfcba6wBiVRQ1usRPE0DUq83eVFSsYtuvyvzd4g8h-TDU5PDOU3pIsXfLDO-o3-DUoPr-ehBxuZZiAx_84aVTPRjJ5FisNN3ULA==	2026-06-06 15:45:40.252145+00	2026-06-06 14:45:41.253948+00	t	t	0	2025-12-08 00:21:30.021835+00
48	48	gAAAAABqJDKV3d8Rf5k7wvgLza48Iq-C_L--RsQ1xXc4cyoQVBDNsv8G_6LSmeg2VvYyQQLwtQ9LIzFFVGTyRVtfImz-iXqyQBUFdoWtkqBCPS50XHVBmr2CZhXU2iO70wG1JvBdcObuUyUB5HfYyuU0ImMquEekvkNFqkM-reENBoEuKwf0P5fmtJuqaVsmHse-vEfZA_wuBWmlPOyS7kb2mDTLMFrJuqr0TGEPz8mK7hVXWKLVxIxgFGFtpq7rNACn52MUjtIMCxEEFdOMLLKASRRCOSh1mKhbu0ZLtrXU-KVQ3FXgRGe8Rx3EFq_v1fIkDIgbjiwhrRcdLaP0DlRoIJ5CQkSBsT6jhp4fiCYXFPBkSdRQ-phXkbTeVOXcqkcrE6g-6cPvVloRFcTy3sk2Zzt84a2o7RCRLB22YLInrNAe3sSl_fs=	gAAAAABpL20CFqSvpMtxmj-CDV44I4-QCv91KwW_-kexPglUbji2Iq8-d7iVtGbXV-hjerHGoqHxPCZBc7l-Xe3d7Y-WyCxQvgEPzN02wWF9O2Qw280QWZNjvHQDVz6CMw6kQoJN6vvSEi95RdJ-rhbvablBlD0iYyDclVV7rcvc-tnjgQiZN6Zq0rhQHkqBRm9KvFqsb0Z6wkx4PC7M5PU0caaJYYBuyw==	2026-06-06 15:45:40.359318+00	2026-06-06 14:45:41.360728+00	t	t	0	\N
119	119	gAAAAABqJDKVY-p6_tFQxhScRoMiAj35hCGrzRgkPNd8IEMmcMrBF_eiqtYs9AuqkeH2AWezVXuEYjMgYT2NxnMWK883d-SUpA9XtlAe7lbfw0WJ-QMnwM1w5fDHJuT9vmpShqbNsC4xmzFDT_gf7cdNYF_APZtHW6cMrdUoCOwYDFH5hF_idr0Vg1XeXeQXvwM87lwqzDBSAkEPdtxrTw1C2tW-v_Z59duTWGjFj0vsiOzeA6An6rQDLR5XwV40r5MwxJh3nWE9EfAUkIglw20Jb7ZINt-OK6V0Y_0bQStqwDDd7LEanO3I-OfBsZ6_caXSUMJjyoLQC1FHF5xxFOV_AiayQJNQc9pzSrYKOAou5IZFFloTKmHguaB3NHkTcpeLCzI2DtEZJfknaG9UjMT3cM6NroZmrHEtiKTHE4e9PThXbxG5pDo=	gAAAAABpRnY9A-_hqq_da58xB4D4u14jwmevyI43Q_UjeGtBFjtnC9qTIS9KR5NHVuqFLAA03IiGEIJYdlCJ20v1G5MM1svoSX4sxyF05-xEDtQtNyeGcc7gY0J2AY9_iOWl9A_i1572kolTEDuq_g3CoZkGibtEVQe7t5980lVuwKqUhER-6YIxLaUvYopEjWCqql3ZEXv63AqrRe-CIoo257NbnYzKbg==	2026-06-06 15:45:40.434942+00	2026-06-06 14:45:41.436411+00	t	t	0	\N
175	175	gAAAAABqCJewBDvTIwOrdFxTfZa9u6ZNHU3oAS9kWjuqZpLgU74KNwMW6j-3zJvoKPL-B0lLzOHQUfF0S9GdKHtrJfmtC6DHadNk7QRjj_-3rBNbqsLA8-sNwYFBZLXS5vIUQcnB9e8AHu11DSMWkEQKhATzGmwrsbN3yzc2fZFD5QXsqK8byQE0MK-2S4kl_G2dZ_8HnyYAwMxpZbqDGP1fE6I7597ZP2mZ2lfUPfyroYzEDRf3qQpZ21Jb4-jdagMxNLnUQ9eaE2EMRmSzDKfEivdXdgVsxZH_U_ZAi8_TM-_9PSuVwyJuGelE16PcQqMa_lUCqgy6DFPgyV1kHXIbNIx-nfCRnJOIRYnZvzt0YlhhU4xxoBgpoIJRC6PeZZPKpOOJDnLd_PJW38jBZuIdiIeU0TafoqfUz7Xfx7eTonTPzObeYhI=	gAAAAABpYnSJiniBS5Hq08VdyCpaEPH6z8vAX4BJIombeg_chT8c1SvDoJNvV8fDNZ6A_jQVcJNF9FFD2lB1noX2CHfMN3hnvA8EGXdqrFE9yh1VYGQqtZx4yPlKthkKQU9Nxx5BrYwQAgR-a27vxSuFTVo8MhiI0q6ZZLGnNR4EauOYOJ__3-eRnzU1ZTVaaJ45fKSdcI_0wE1R3avaswlcQk49nYWRIw==	2026-05-16 17:13:35.626752+00	2026-05-16 16:13:36.627904+00	t	f	3	2026-05-16 17:45:56.742917+00
120	120	gAAAAABqJDKVFeZoeV5fI5N4K--KwmqhObYNC8WE4RcYBV1VbbtRd8-sJ63wosCFptBYfeMu9wc0EX3_-Ug9L4q20Pav72FAls8SPJLRlHxKsnpMYfSyavwBIGST3P8w9TtPO09ef98_5u-T0Cs1gaiKrZB3eDkBdOoXXnsvXHLxRti2-LJhrDlc-VuzSwn4OWT5eNNwEuQl8GehCfEz6vAw-5QXnphs0f6J58OaMKA2YdO0HszBtBark15Rgy7l4Lu5z13rcgocrO4noyrAnLPHGXhfgU_9FfoFUujgtoKgjR94OIgIzI7QXVcLVLmxeEzuYhjz7Suqcv2l9VCPyLe_9EiD3Y_A-_AKj1KkZ2EuSwH4rUDMWjmRCJkRzBLeCYy5AsqyMbggHtvm1CK64HOUglvUx65W_cDSDSGZ41T5yvDOv7NWSiQ=	gAAAAABpRwgd-sd5qrpvXEcuVvkpf9J9-58BRgD2g8g2vT5FJJdj1c2Iu2IhE4jlmNrhWmnvbWFCeYqg80khGRfUM-aQdxkYqmQmrCln1i2ltnoGuKILlwfVf9f15-RJNMW_2GOhNzAUCbe88TjMTVgOv6oGAf-V__psn6Tp-dBLu-XM3tnnSbrhT9oCUmwkwSmfWkBaCnM4jLfV-Rx4tsNRAe0eLVBzMQ==	2026-06-06 15:45:40.506948+00	2026-06-06 14:45:41.508179+00	t	t	0	\N
243	243	gAAAAABqJDKVBeZipl2f1T8m2RZXOwCA3VWOuxRNPXQgw5TerWamW3QRt3I8TAbCYOFU1NoFwco6-tWus_I7okXvt9ZxvJUPOd54bkVzVNCWXse1U54NaqvVOkjohWxFFJuN2hwqIb16evsuBCvLnTlLBqcAAjpY-BQWvKi7CBHvM7JN0x54_W696U9kD9RUJecGYEkzY6QWemW0vk5QcScE4eR797lKcaIn8B-hpwZ-VJj-18N6fUTI6Il5gb_qm_yOIp7pczoon533tk6Ium5NIKHRupo6JgeBNzJawwvptyvcUsKkFDPML1KglhavFsN3HWg8vk_NQaoIpy1ayi-P7ADO4vGrYA9ectEpm74QUXuuOnojWEPUCujObm-n60zBtMTl0mUFfJdXXFEHTnBNsufRiDpgLSrmJhBd-Gl53Z4HEk7d8rU=	gAAAAABplkOkFL0q71UIPJzyW_uQqOHlpGLxwb1d_rnS9Ave0x11K51YTH-p3c_nG7hzGzWmt4k4POrWkqAArdmNyyhSVZzCLP85mCoLkC45K2J9ATd5XkpvmfGiuXOxpEHpSvzQWhBlQuHT6rantSJ14EE0W07WNMzBlpoANrHqPBMteu6xnQcvA5VU1BVl-v5_Q7-zcFo3NRFfd-XPG6ONPIU9PsUF_g==	2026-06-06 15:45:40.595006+00	2026-06-06 14:45:41.596275+00	t	t	0	\N
118	118	gAAAAABqJDKVwEgd8-rnV0VxlPEf1NZoxKcZiIfKL8amgj7o2ZujXVbXeldWrUW-YKVPjQUF0vwFGQRtCjYyyMjKtBO5SmibKWQjUPnNhgcHrkhbrMib3aDQkXC0tcYDgjcU_yt94XRVD0QMkWsrmmw-71Wgt1M69ourIZDtpiVFZjs6Wp8FjHiKujwQ3zSiXIDwg1X2gny0Rj8ls2_rDvE73SKDNnrxbN_nrBf7fmR5RuhLPHmR0k_Zm08E3-CqsnDG-MdKVHIG3JAJGN3qqLqbxQU7_6-mbo2rfdzLUrBb-mrWczuKxIXKMfCeTEDRFR_6mr2Y8dp9czCegyC1HIz03cynb79H8bDHQkMEN_XZNUEH7-FO7dophGw_vdcq8vGqPpfaVKG_afRVD08P78o2ivnwy72XsFJx31U1b1LNS2RYhyPnjfk=	gAAAAABpQpQ4rzeghZBUYxueUdxbab3u-OmZkgfHQ949RcMIH6mlmwsc9OE2BJ2sjvga6nOfBuNapAv3KwUmlw75JQj5TBMvvNqjX7NVO3szjDmEuK4t_irsrRu9mmuWCowRWmtJmZhFmjRmur55BgI5_2T50KJFfjUyq7JiSZsgIdTn__xL6qas1bhv-TuFMraZKM1PrBbga1ZZdnJU3wKs0mHjNID1Zw==	2026-06-06 15:45:40.671325+00	2026-06-06 14:45:41.673159+00	t	t	0	\N
216	216	gAAAAABqJDKVeAyRZVfXsEixJM8aLEUswP09TLf6MdiCAe13UCfqfKtUH3vRoUOLZKAA2bilELgmfhPYIeInDsvw7LSMgj9AA-mVexaET_1FK5cyxpce8TC8EUOd_VKqVO6YXAumTjYyUpzOTpr21y9JY5eNLL-5mVYWRLsZ9hOUEWjw6V7IbkgwT-wsLiHvNyOZeJ1X3ZZFlxkUPEjew4JHXjjaY15mVjaVB5zijZH9SnOHRrU3HrRbknckMBmp_ylFv5skJO7gq4wqo6_eh10_naMa_qR9OP7_z5X5iYem7j7BOqRTxInpBxNBKtt1EThFu8XhIYAQiv_r8DaVOES_gHlAQhWAl6F0fyHuQ1318h9o6_yRo04DLDKZ_N_sHuIr-tUzP3J_5mDXxzAYk5qH4nDyW3xpCy5h0UwibDWEfUrzPQQh0u0=	gAAAAABpd0pA-8OvZyyY0GzO_rJL6jOwBKrZz1L97q4ucG8UwgrVZo-yaL9VEa6z4o6bOlFN-CsrC1yWYlK6AcDNiFw3feKcClNU1c_DXk-tjjErJCG_-0QWKxzABVCGSEjqYXzDvM-RA1WyqebUkS55Cazul8wvOMsm5Apre_e-lk9CnmzOVGHa-4xDoIK4nYzDyCjKW-WPPdHZcRoXmsenEJGdl7fOwA==	2026-06-06 15:45:40.743228+00	2026-06-06 14:45:41.744645+00	t	t	0	2026-05-19 13:20:05.034074+00
217	217	gAAAAABqJDKVXZO8vCDN797MnnQVl3CjDYMNlKo8S34TWmNmkFvaGe1bNIr6EOrBMGECDPPwHbyPCOG5VFKmzLPctSY6hW3q8EosUiybp2jMLMYsoS-CuEx1W8DdL2FkdFUcgGAHAUuuCbT4bTkrciGc7Gwamtq5QSnums_dTwoF6NATmaMP6kjBx-4z3EenZb5mR-StW9sTRJ3IdPt5A-ADjiIBAFlmKtfqeDadwpThVez9SFOMjkYFjLvCzlvmoxovhUsBnL_Y9gXuIhgWXB9avx_AL4ir-9e8BhS162dE1sWtNxGrDuV4s8zM0rt9gP4px-OCEvPJpr7HmrSQr598R4yuwNHxcn7oYYZl38qTvmKuwZv9tQ4BIW4Xgs-ebVIVDrJ8DS6DV9Gf1xRONgH_ICUyOjYs0D7QX9MNZ5pjY6F4SYmmxJs=	gAAAAABpd008U0jeP86SnPrVOl8sUczZ9cVlpJdttS2rWGR8q4pknlXMWOLYdc7t2Ks_qkA78HLNglL9tQgcILcBinOUx9ku1qHQVkATzzNoBXMnwMw1FwS0RLHIF02KruAQ-Em6wHetaJJtqJs0fz4LLv84Kn6c-UmV7qhadsdol1S3QPDOe1_298BbfnJg_MKopeT3e6K-Tq9JoR-2WAeVC9jYwIQ5Fw==	2026-06-06 15:45:40.812336+00	2026-06-06 14:45:41.813656+00	t	t	0	2026-03-01 08:02:22.349955+00
275	275	gAAAAABqJDKVJ_L7vpRX94c2sx-5SbX8sby-cYg4TiK7ky-v_v5W_TxE2eNyzR_Uc8Rz-0zo38SfVSzi87kMliCW0HIP5xJvowC9PFR8iQdUKBJTutPrkIwC0tGg1jliHAuh7k4S_Pn54xUv15rAj2stMmrk13FEmuviNYwe-L8N1cUJdEzeaZAOwfUin1binLMpv7Sn9BmSEoSQWzrPVRpVJdwzbuwAxYd82t1No0nxoE9fM_0aCdKqbHAnerzbjJdyXU08kHwc67jlQDe14gyO8883wX6L9r_NBtWG236QgEwXLZ5Us1WHGJZ61ltgJdouEJFEZEgkbDy4BhUXT8ZoAJAzqKklFClt8N5yUoo12gXx7LFqulldfBh9oIYm9xqv_lmkCebKoti2UgAN-sk4XCQ_s9a7IhUdfeynop6zZYrL7XdY0YE=	gAAAAABpvcjzRKSY6q2IK9644j_D64sZJoPs2gV-6yAyeENGaU37f237JSPaMPk9AreR-U6bCo8_conLvqY-20MjicDAei4iHDfZK5eTbTnspVNdXGJ1BvycFv8cqGcRySDbAGHy-Y6V_rVfZKa5IPKtsrimuHZdKFbdfmKufJ-hO9eKLt1caJkZXUrL_WXzYvOnZpiZ2IYBuqgPkCOaUZvizN5MylNh_w==	2026-06-06 15:45:40.895744+00	2026-06-06 14:45:41.897533+00	t	t	0	\N
267	267	gAAAAABqJDKbe7cCkmS2J4_Hr3e2aAEtN0_Hd7JX0ffpRwT16ejmSlNtlloQn2ImSibCQubwgBpApWqeou302cBLXRzFNqtuac4oCOOHSMJkKV52gnDUPPYP3HfQMbMm36suV_J1g3Kwo-mZ7TzB7z5so7H-KVMjjFHJ2e2k3d3jjeYM8UkDv2QXtKrZRezsjqx8H7enGWTTOEoyolLeJODzOpO10oafjqCIoapeRlILBE9SyPIcwWW3Ufr1sozc_jiDpL-xsbOSYjokDCi0-8olH3cyhgRWPdoQzRjkOenp4ZeIVsDPuj4N7a4nmB71jp4Z9uZTZbU3y9hKp-U5P-KvxPBrRPrNKhL1s7OFQgadcUKjkS_PxZu9DXLAhF5ktUz6LhC3GYBDALBizS-iQ3QuPy5VJGcE9I335vQiquBTqVFH1n1SoTU=	gAAAAABpsxkos-rAL9gRvcnrqPUTmhGaulg5vn07r9oqU3A2UUbgI3KcI0UMuiFy4HVjGheiW8zJjfqf3ob8AcBd2ddw011UxhuG6j4OgVquy5H2B8KnEH9pZYorsTOe1RtaCneIyEPBA_4v22xQSb-9QxH4KhkKRpVwWA_ng4Fk4HGSffDypv7b9XvgM_dNwDKVch7is7aqHWCNVyPlrcuD6hjXsdzeJA==	2026-06-06 15:45:46.077511+00	2026-06-06 14:45:47.078973+00	t	t	0	\N
287	287	gAAAAABqJDKbw0cWYfRtCfPqJxQ47Tv_fCGEpynNZR7Xbw0K6CdiPDWD5Ai8-9rOaGeUViqgPa5V1dEfN2FTWgskpRHQfH2nU6UYrSf79BysEusDhcLcVvE2Dqeqc53StCOjY7JSTeopdsCLHJPM9U3LYsHxz7cdzK-zx4T3XuzOPnGn3T9vliB78-m2kuZYzpU_uv56owDcQowNMQkj5rE-lLzeauTMIK3HZXF7qx5sOOvb7bLqNjdCobPbdaR-5gxsbgkxdv2d9q_cMKTt7te6T8czmTFvQ4mlBmCPXz5y0soYmYxWDs_lT89QS7hg7IgE6bPVvnyI0l99IoaBjWqsHLvHEEFaDflP_SX4vJ9XdWgB6ik4AkFRkbYvB_dmr9SZ0WLQ5iOJ0QcV1GzvboQ569otECzFuJVl5DsOl7cITh-M5dTXLn0=	gAAAAABpwUBv9q9L5y_5OAiJqXn6r6G28ClBu6ABCTnMddDvTldHm-qTikTF4X1kCrrfmwxJViB58cwQe_o0vryRe4ft9a_LAEVJHyk4YMCYcNKguh7FGfCmWrP6Jh4CD1ajBaM4PBeI6pQr2QRNUFtGzic27xNjyvDvl5vNBjqXQwSADCPFEjT1wVb2FDOD9eqQ4yhUFKlyvDzcnu03QD6KD2z9tZfmCQ==	2026-06-06 15:45:46.145925+00	2026-06-06 14:45:47.147335+00	t	t	0	2026-04-12 15:15:30.295935+00
44	44	gAAAAABqJDKbiE26yAY0ECT3_mw4PwOx32YxV9EhM5tNDNi32-FU6V6CUHhjmqSbEppSQo1zPStLEC_3KaHPTuqOa-wa9SFDqRUU7c_ap-EktV407ZGEQwelojMdAiUlEY-u8iqe8Gg8sYvQhwXDcZpZrrF5EKJDSo4VzD7Pzc7XNFu3fKSrErNgdADV9D2EhH5zcnbAp5f7TmxikD_47KYZhwdKe8RZhREiWVvYl9k9uDaiuE5sampSRQicNcOFBucrH803ZJ16AkPlSLfFZ4m39mLVSRRzZsjR_vcdeHr0CIODR3-Zn7aX1TfzUO4nQH1G2yGIUB9_UAFfb7eqg5d7RaA7cO86P8sb1hiH8AMSN8BvcIQ45UlBVo4SXkh6F9Ox2jB_Zs9iJJCI8cYYYNYS57BDj4GCXSZ2aWB-ZCW6znmItL3gFB4=	gAAAAABpLX_Bc1uJZlTriiWjODyBtg6kjtuh-QLkhL9cvbFsoEye0kmyDpULhif9VNIHrWFpzPgbLjvjGk_2DWWH8-7rK1HKYErtW2Wn-vAyYXaT0D25VnCmxCl0Mya2FJlTdplIa6e5f9aooku1De8_pwQ_eCz_cvPDZM3fDOLcPmbA74fKDQtyDKLoKdPjMQt9upX86jg44OL0ErqzxCZot9ma3vczwQ==	2026-06-06 15:45:46.209016+00	2026-06-06 14:45:47.210461+00	t	t	0	\N
115	115	gAAAAABqJDKbPE077E0RiBYKAll84U_oNRwvkNv8WcfCvAFt1s0XJHU_chKCE2pdeeRgEFB3BLAiR62HwyeAxaJF33qduCT7vBR-ZboqVns03z5Ue_AwIA98eWSboQYL4Bm2KJg7p4QH5j5GwcnGbkU8xg7Gz-uFclWpOKLTZ6YnWh2avM-VyV39N_nc1AKgtqIvmJqRpY61uxh4cCK9Yoy2eDsqv5DVGOwslxowFEgKIwa61E1jbz6z9dMpE5joGqwBVpLhnqfnvPoULAdGdYCncv8RkRzOJIeXUI5eTqoFWcNGvlpovPWvBB6VrdpdAmUNB7wGwo5tURq67PpOleReHy5WF0u0IwiDM4ecCwNMZj8H-1ut7sPaRgzBd_bys80AO9pHpKPcnvjepscr91QCdRbp6OqhG6CyncedoBA2z1KrexJ_RSY=	gAAAAABpQoATNKERrAlXjMKJ5kvSa7cmYuwLEu0Gshgfum3G_JSMOQuoaol9NDfrHB_0Gsf1u5V1QwFRMDNnVVNAd5wdrj29hdXRvTqX1zXYsRxIRQNzDlLtzkXiwcVRlWGqJj6P1o-N-sELX1T8Om3bgzjiRqrn9LjLUVv2USHv7Sln4KGAgSNLnCyepcpOVfhu6WkMxooq33WKXwCU7c4k8t5qib2mew==	2026-06-06 15:45:46.272022+00	2026-06-06 14:45:47.272975+00	t	t	0	\N
215	215	gAAAAABqJDKbgtnx3PI4VuMIuuU3wXl1i5D-5j09GGafAAgmf_6kNCnro1_Hf_P5gn1t6QwHAxhzfTYFB5sLP3TU85WGskD2UNviJkJ3S0HvTl_WHTQrxAPhROZhQgoR2YLzinlIYOm8j9JC9lUXhHA6HwCSuu7I6wp6DTIgprf_m0tSvUT0dfLYbcGf0PqD8iL5bGN3R-CJUlMFoXN25YBMiySHQcSkpRl8IoKeNeyTXVuCE63lmSlc24_A4-YF4jVeQAVlmPgXJ7xLFDkTBiRlpgLRU27dEQn3A_ePr0D5T_a2Cu0nCvW5BsmOvWZui_wu4EQVWAieSRaJJd_WoX50_rtmSQKdZabgEzqsk8Eg919xXCwsXxF8BrPYKC8nph4vTjTxuW1MUl0uXl4UfQOcJhZnoAYA_26vgxldMkhz1kRV0AJcYY8=	gAAAAABpd0RdiR656z2pvUTqSHva8B60T_13iiTqhHVv4C2QD96LBzqDUDzTmhjYysRJ_kDaK8lR5we_8ZfNRnUgSmBVmb0QcFvgIUaoLhlz4FS48Qjv555sv7XPbNG32sn5lqvxcEc-YAF0aNAJr9JezCk2d67XHZ3ST5sw21x_1P2SZ9Mdwyfm7VI5X4fxtrpBIz9sYNhq3LTOlxQCjq5NOnQT5S8Glw==	2026-06-06 15:45:46.432017+00	2026-06-06 14:45:47.43314+00	t	t	0	2026-04-15 19:00:23.074113+00
242	242	gAAAAABqJDKb-ujedwXTXg66tmFlNtjh3TilaaCCNpqA1bbAVF9m196p3Og5CYt6mh03Ksb6becjyzUCI7ceNdVPeM3H2OGpNdM3j0Pg7hMq5YkORjlPhtWwoC_IeEpRvC5bhwzpxoUipjuUhE7ozxFCunt2StMFTD0FwWO_7rye_jYdseMAk_d38UZgBAgNE48IsRix3Uro5ms8LibdgovvKCVHh3bQ0o_K0-dIxUD0xK3N3MQy2mqeiJr15hDSzgTIVa1Oq-QzvUMZkp9ag-MSTjFg4-rd703_nPTRF6BEpm3NEtgCDVl8lHZk9M6OtnXFLBh09Ua3a7j1rT2ytUBcLvkfOhx_05darzR98-Fzx7zMJUzuI38JFc8Qh2TUskhMcnab2hTo1RcilZmInT2H0zjJZ0EBFlhjiWp8tBSiL_hSjRsVdD0=	gAAAAABpli8OII6OAEclbwzVGigGfWuDuxQCZI4JJrMLwmSz5yI52phPcb7fwqnGDWSdxpEHyy4Z7yDjfoYJkR-yTo9q8HiKWQY_thwWAjlQWN_qlWgwKblOCGCWdmFEQqVXX2piGhB3YDmJnZtlI-RLMVd8ep8pFAyu3Cm7ne41IYts-o8n_U47hpJExKm_NuQUHwB56YDoG8mXHWkxa4WEiRoW0Q1ZhA==	2026-06-06 15:45:46.49254+00	2026-06-06 14:45:47.493844+00	t	t	0	\N
301	301	gAAAAABqJDKbdnGcuUAqwjGNQ9jkT-iy0s3sBp4tfpMe7cETyFfvtWSQguOv_L3STQcSylf8SZ2vQlU_etVNiUNREn8d0m2iMhsA-ATB8TmeihT3f6dQgFlZ1ocGfOO1RtgLxNXg59T0vuxhBD0DPruiRPu-RqrJdfwbcu7dQpm4iKnwgQoqGzHtz8UCjZ-1MyLb7O4gkTccENR3qMJPM3RGUC2oAWLP9yzsQnWju-Uqm66fgvK5PddxxzMCFf3oa48WLkTZPcZnxPBLlTGS8NPWjxyMH62xlFzSFZD82FLtE60OmlEDCzDlHeJe3RtjNDajD91SNcVyYB4uQxRD-wPuXFEFIFzJOrxnZaGhbP3qK7ZrcUY3q0MJS4dt-TkGZ6KCw1UWc3X5AH57EFYep3s6kp9T7nVR_MXP0YsV0rVCQZnz7XK6JkY=	gAAAAABpyZunHwoPuBBQbrdbb9wRMShQWHykgc0Ts0IP-V4HnvD_FZ6DF90hTkjCjBIBanEygQiIm3P91Tom0HxixyLUylA2mrrUgkTBr8q2_1cY1pueF7FrzPVqHUTuw4WBa7lnFQN1L5pJmJDdex2uEV3ajUVGyWV6r1SWfAG3YQhZQlqIyx-VIyBVqja5jI01yVlJR-38OI_k5Rhf_IoL7BIb53N_fA==	2026-06-06 15:45:46.586373+00	2026-06-06 14:45:47.58799+00	t	t	0	\N
244	244	gAAAAABqJDKbSK93UzlBFijHStePre1qFKEah4BCKDutB44-LPbpSHvkwBKbGJVFNo6hAlaKAm2dzX976hT593CK7nxaV1_k7cNmSks4Tl5qF1r3TN4qTwBbqEey0snv9BNvSIJ1HBQHsvo0KQbkjOqy3ustn3MynXoiRlMRt_zGUQOk3jMi854V19EC8xFcrXozglKLsm1jdcR-_21UAtyJcjvjVZy34QKwgoT8lRcc4upfu8NimbLtmtQIQlFcgcZ64s7umo8FuUPW8QV4XAr_Uw0GEMRLTfn728nk9FxN0_vc-NVLucCcGJReofOefibq23VJVr53cavYp150t6kcJPsSLBuIPHYo64l5RP2DbL-YJyKG5ZJh8Sg49C3pc3KppAO2EcoRc5DUl8U6pZpJgjBIkXhjvOdbjwKGPTChFXu0BlV-Ltw=	gAAAAABpl0qxsOyxmpXWGBopcXstxXtzZpWX4U5QCOtRwDo96VyhjwbqFCLzOZmEOr-9xonWmEv04EjbBpThT_A13uMRQzr4qxrdxiDRPcco4YFY6U872LhdJoW1y1hPGQq-PqxENN8cMh5HXJdtMn0PVTjlFHsysAS_KYSLZIZvR8m86qwxBDZTKaJbVuECW0deRd8pXgtU88SJokjUNG8_CgWBJJVNJg==	2026-06-06 15:45:46.655614+00	2026-06-06 14:45:47.656862+00	t	t	0	2026-03-24 10:05:31.783528+00
254	254	gAAAAABqJDKbUPnao3P8dEF_6O-Bi0z1FKSaR2cwcpUZYUT5dLmRHTzKDVJgJdq1xM71X2WfI1nEJXPcU-drWKrgyT2GHOwpnBK-LgXX7HUzOMrYsucNhBOJyIabPHEr_IjSNhIXAL8E3K7SpfcrarUp8RU06r_ScnWt5vsRaGHKCUMhOzuxZ3hMJDp6rHJhzSdSSPPs66vqpJoYnvYflbqtYRDXyDNB1YV_IlZd88iMIbEpfn4fQexEFK6cA4tA-cOYTKXbH0Gig4WDY3-M6GJLHUYf8_S9jNJEwtbNIq0g4xnanroMg3TrFV3CNtMCrlU-UcpoLZaNI4XTUD2m-ikHnhrKV_HBgkSDmc9JCU8CIeNuKVwMTx_TwTAZDxroTqP2RARA9UIiLIdba9nEqPKGvWGfnLC_Mfhg_0fbTuKPUNAZV5yB-M4=	gAAAAABpoIJPktrpx4-u2VEcB9ex1U3OrMWyfa-GLdJCyV-PAROemftgyhTPb0McIMvM7tBVH4y93Ubnfl3h86Fo_tb4bAbpekYplW1YNN0KV0klPg6i3iPdjfAAKvDvQwKl-NOnzF6AEO83bMKmNwcTLQdPX7Pmf5Pf_a_cwN-Aw05WDUbDc6EOR7MLHorecWSnwkCiRrQQQliCZFX8tr2zoYCXNXh2dg==	2026-06-06 15:45:46.721815+00	2026-06-06 14:45:47.723273+00	t	t	0	2026-05-20 02:39:02.397747+00
256	256	gAAAAABqJDKbriyujxy5qWU-j47lmQXDo3JOiuwdayzte6bifwyp3wRy4kI_l9JghiTkBwrRpqXjBrkZDjjuTQCXFPerSlES5EUsbRNtEUhTSkfNsjqV0yVPQZOiNaVNLpvMZBesL8fO99npSd8Igba-tpCrAbiZNz39Qa_gO5teHBkHR6mh0MWgi46Qc2-PVKSH4A9LqScw0lj5OmRnpz5RM2ZP-Cw5vNEgBSL2n0nNZ-K2uMvtgGnI0qxSFMChhIsJgNKpA52kl7qCHo67ZSHHHmNutnhxiFztAaf3UQMW1Vvg4rtQdxuJKKzYFyxyz6Q9mPKzcbP50dcHVJya3AzXnSgG5RfiPuCXyYABVzgQT92wy-l24oaAQ0WrMOYhlhUvySE9yjP2qcuXMZxvfFBAtUQCwvHd3FAfyrK-G7XK9_OAQF_Vk3Y=	gAAAAABpoMaDylLWUY4IvzUf1XtFYKveHREQFWMcbe8rFXFeVevfo9stxg_qiPtThlf5E9-i_qujLpaUsWlYvoAv4OqiQHabooCLTXzqwqocWGZMfX683vU0P7jYjkSxlgIt8wBDcgRLH87oqNa9EkWd8UuNuCBL5VbNgXNyxuLV1cpzd-UTnHBIZv6TJUpm6q7mRq-HTQ7wpEYljq73qLcKGudTdYd3iQ==	2026-06-06 15:45:46.796551+00	2026-06-06 14:45:47.797865+00	t	t	0	2026-03-24 14:47:59.17387+00
257	257	gAAAAABqJDKb0JAXdH-bE8a-6rrfkD1jRIX71Km0rzRtfHaEisaYybTAbps_C185A75WXNdQjPPltN_tau37Y2LZ62-oM3wfm--t7GoMACnzg609gFk2beJl39PIyC0pXvAODuh4QHvIWVRE_baCg3O1H7oryL5hwhFdMfhgWaSSWNyZxCm1tqaIRtPKvyu7iennGZUztc5MKVc6zs9RdyN6vpQmGVNLULB1sIm9f-mbMzD3J_kBc22fzTk_d4O8_aDKikoUfJUK_fJB8ivzgKkE9diK3OEyNH0lBVTunvwFIiufSItcAiuzfCme28Nbr4hDj8smYOcIM7o9g7MCi8V1hzLVAg3HSyCGzqo-tAlNEziMp-1lBCAeIwo6Zz-umzfvXSiTzUT3ftWXZIfIZ2AW4bWOxYmoAI1FnkYE_sArt-axgYfwICQ=	gAAAAABpoMbG-Ec1BTMqTUZdPaw_laOpK8boVeon0FZKul_VHlJ_gg0BfmeUIyPmOxJbWjgcM0lRbd7saekphYOYwuYFzK4ZXSr53U_OW1YS-67ol_m13VPz8qlX9a6cRuzJCAXng-J-Koc-099RpAsGtQPuFna29uM3KLgHdB2Yk_Rga_D6AxzS3iqbR_MucdrSSC_YnAO9TojE0iXu-ERxqYp4DWFUxQ==	2026-06-06 15:45:46.87785+00	2026-06-06 14:45:47.878908+00	t	t	0	2026-03-02 09:00:10.680358+00
310	310	gAAAAABqJDKbPAhwMFknGKaP_uC9UK4RtM30IdnpsbKQZ2kU3xe_meWJ-AyWkfVIIXRl3ZCXRvLFC7ef0PBHmKdjYcK-DGoFPShQitecUMTP-obT48-IYScKC_Va8sasQt37PeDrCrIYVtsBOeKDqxIzFgi56OIQ9jdf-oCWrWPTF8GL9bjSQE-eZ7ePsTkbhecrIj2AqOjDu2dWygOjCXPugsn2isT9hkwA06ggc2xL2WX6lNdcIWewDhZc9pDRHmA3rLtEdL4IROGQNZsMrWLPVknSW8o49MbTtSebN0_IZrXP3o7ycQbrNvU_q8GX5w1cASu51ZhoVcJyyUswHTg-88JrqgcK3082TGJEQqwBJFpCB5Icis7qZv-5c8G84CypCErS82XpBXzyegKI37-6XclI_15XFlkutr9AQnTEHGdGgH8Cpzk=	gAAAAABpz3BvNLF-k7qVhedlw7myomS34UZgY_REFBNUmk65sJOqSYUBVy9z-IpeuxEMckh13L-4RcVAWiDBkFqqynbVuMcHtyelNhKtr4wTgNJaNmfrS2-UGIqOOg_3pgNNb-stRFrP2NMGo0AHYG_De1F3BLHjakK83CHIcIn1q-hlVlS6VylRHMp1CRPLXM_dOyZb15fN8S84NSz8vAmNqAnTvMO1TA==	2026-06-06 15:45:46.951177+00	2026-06-06 14:45:47.95228+00	t	t	0	\N
262	262	gAAAAABqJDKcoVbL7uz5trwLGB9kBjGE1FJreUAAaaxKMUJYIPU_hL_ZbAUJO569zDnhdrOlrRT5yNFoirJPmpgtJLSy5c1ITqwtSstbcO90FwhA3r8FOxMOTAbOjTUokObRgxLqVj4c-q6Qq7UghTZocpXxIAP9ULcKqC75DpW1c2FU4X-cqJgqrXRH5FxfRMv-L6hkKoxASH908y3pYUZ03kJOeLNicw2DkllzGahUEx20xKiTwnX35hdu9hEk5yrXKJjBiwBX9BTRrSj1BUhARy0FViCO6NyqCfiPHXETsLJ_OGi5Wgj-p8VEmIF7TIgTPEpO3AXh16RRElfHz8VJZQz8UOcaH0AEpCgwD5whJj7nCMYRvlU8mOmOnJ92I3ZAByJ5go3-fexVKI8ul-Pt0Aj5bisifHfsh9njGQ0n2a-IjAT1emA=	gAAAAABpsNXIWaJnRYjO5f6qELr8YrYSCu4HR1wLpn8LK77LDzOFgHmWcyogCi8DkFWiXCZBWZzSW64KurrNmbSgnt8eD30oepGk-3EmvyvOt3sqJRTF4A9Pq_yHpG8ZYmWbkrfzvF9JDDmOx7F7DmIF5Z3-pv2qVjpto2WQ1CRIrUMilSopeZuHjaz3x6L3RMysbBK_6ZJ6yw1LGS69hisXpNDekDO7eQ==	2026-06-06 15:45:47.010087+00	2026-06-06 14:45:48.011235+00	t	t	0	\N
272	272	gAAAAABqJDKcFGGsMNPf9MrECLyOyx79UNmjv57xnj9UtdqfatZev5us4O-C7yQ2oGjY9Rxs7RLsKermL1IHm6QOBiVruauzntxQnfsbXEOlMYsqEeulghncU1uk1dnRgqfwIjriArdefBwnlFOhQRzMvmRdZZSfwhBlZXgFfaa2bFTwbftNNMh3IewKh440VBgpsLQ1dq8H6xWX9AKgPny6CeDx51HySmIIQTjc8SKhetRV8MoJ_STc5bjUykb2SeK8lBmMXrDrwi1WfnXSYMm74rin3Tf4hHH8SE6jJb4D0TWP4GFYJOqWwkNfxEU7dRp99Avo2YTP_RowgIfPZT22j-Q4vwIICMI9Z6eKPkR6kNTodoLuGiaCbYWf5uXcvVEhBgwQK6eCL8eP9BL9CYFWB-Ovqy4cuM40Wg92po2ecy6b417w1hU=	gAAAAABpuwoyBTQDKglOGflcTzEJRXKwQr3pIlysrltuHliWa4aiMLKqbm7vUbV8slERCCWDZNiQkyIc3v50sRUdcDwZEePGpBcXByj90_zbBgv3Mui2qm4XvZitB9B20d0tLL3hQ1zEb5ceMxk_OErQRgCCNO-cDxIBJWcc3WtuBcz5uKz-xLw0iqkE_HzJrUf2qudqiSRE0Yo3AGjuOn0oRh5BT1SY0A==	2026-06-06 15:45:47.073667+00	2026-06-06 14:45:48.074946+00	t	t	0	2026-03-21 03:46:21.185354+00
283	283	gAAAAABqJDKcZkejRz06A0thDiWuWB16Y7lZOblsme1DD1kg4oHN7-UwVpLVzQdLS1MHBe-HrZmDIySl6kI3xRODrH8tmN6lUb2BBZ_D7ZOtIYW2qowBVjbAJT_z37Z1sRLx1rlBzlKfDXW6MvadZWwEmizUtK5Fvn73fGjg4c7wc2fLwz8SDliK1uguJD0UPrM1Z16o3PaXwt3-NIVegd_7IXEi75t3yC29W8jyTlAm4xR6DrY9PpnGHPzfwxKiEBc8JiJr9Dt8toyURXkeDF8zC7bvzRVIYLlLSzdfDVUHU4116sbftx8IPjBDB5lBqh-8DVl64J_LHWJlBowKHljmYm-bSudC9lBvgvF9qluo5-BDt_qfpI5l9U52CiDXJE2X6YeyMUO1lDag5GNbLIWEoaf71qrbeQtZuyduoepeM7FEBuahqao=	gAAAAABpwCsOy5IrlDx_fe9Z1l4BAT2y94ZtrIotdABFexvvjT-wvXaB17Fr8N0fOJbru9IpmAwPxr_ESHN5koeHpjswjGlymzJL4M5V4Y8vULNwwTfS9E26EZI01QgFegZd-XdmjrLRaaR9fjp2lV__oPsZMPLbbB6LusIrcqWrO_oycRzAb4RzK8UWbPEYV6s70fKTMC9R_rBeanHtHVioCDdHHRMAFA==	2026-06-06 15:45:47.141944+00	2026-06-06 14:45:48.143077+00	t	t	0	\N
285	285	gAAAAABqJDKchSMDmuQdzaNtYF8c3A_ErExRTdIm43mZk6OQx9ptxOnNSYC-MqI2f4IztPP9Y13s-TNj8If9SwOinwAOMmoYEQV-89qYvH6DmlejM4hBo_xNvazm6v3MsxKQ0u1vwdo59F5xA8WlvyX5YxpaqHF2MicpRWFONV7E-ELOJBYaV1QxJOVyBiLlPVMJAgZ0Okh6ip6O8v_TsTBq6S83Y-j6EhMZ7Q92c8r-zxMQf9VNS4nzER1s_Bzl5YTjH71m-XAo01bqGpYg2FQUxy4pxwPuRPCEhBchQowiouUk83seAgJwxsiGdV5k9M_amibZcVp7-RkxMVv2uh4Zrs77bx19KSDpzk9e3k8LlSWE6grjwtodF8pqDn_bgRVVLjU1MN4DShR6OCPDU6Fgfu-LgHD_Hn00vm2tjROUjERe3-r30p4=	gAAAAABpwEdyI7NRHhapEy3zGBJPBAvNuMtrJ7oHBGaC3YiG6B4YsWbMGYl2H8WGTkWSjNJM4Bw5BJPQWG6qVTcdf10xM1o2lKUqhaWZDpvYtVY76J31LpE8sIqeEg31OJtDX_Wg2IuPtJV7bRNk_Bns56FaOs_UUp6n3dv2IwMxQoPjCeytjOvZLbkDDHj5HwLrhgx6q7f7HfOwpD6O0Ct8_vT4htxrHw==	2026-06-06 15:45:47.20115+00	2026-06-06 14:45:48.202641+00	t	t	0	\N
300	300	gAAAAABqJDKcHZpPkxWLFzKsickWH9e_vaNilMIm4Hqy5ReIwoCcAwPdlVsyolUkfeOdC6itVtSOYPgOBU-dFCjY4ozK724M2iHBzBNLYS3RtYtJvxory4nkfiPy2MZyEIE2xIkc7cO-bFgM5NP00XrUMXoB1FCM81lNrxtX3r47A4wmbRshyM4wgef4uuMRM4VdhFwcinKMVqrP8Gj7tXtM0XSP7klwe2LpT6wg27lsDPXsgGLN39PICC7BMhN4jBesZYGmUw6zUw7-RnrnTq6t3FZxQdu2QiF66M9M1NjfjgY3JKYaUxUC9Y4x_cwzMNP2tl8vpaKdWW1ooZGreQ7wC3I6XoCNXDTnfrR7LVruK7t7ioTrIcfdAWxR6kf7R3cRfYW3jXthY2JKFU1me4BWsWTaIvD8Ug7V5vThaRD1Fznw7DyyfRk=	gAAAAABpyNDpMNj7VnyRoUwuVED-dD672sISXhp55RfkoExR3kjvEpggg3FlRHBVaOu2NCU0NP0RKVhY0nfA21kVqw1Y7QwyUPa9eXQUQ1KMq2dq8jSFAIok-W6RE2pyFZu-N93II3O5KMVb2Cs8DWH3pTzyOwhBXXmkXdnRyxXuta5vv34XsEnzBQhchBYUul3wVxvuITCL8aUEJE_VnV5nHyoD60IGAQ==	2026-06-06 15:45:47.263782+00	2026-06-06 14:45:48.265028+00	t	t	0	2026-04-20 05:50:39.116404+00
19	19	gAAAAABqJDKc_op2izptr7r61ESzVQgE2DJ8aFfNxa-knsq5iaEla7Eg40kZ_F0jFZblJa3LeYAw9wUHXc1R76i7WQJELFcHjyJIe0GUG_4XFWtz_qmO5ak1rk7CHtL3y3-hB_RAapeD8zxnJTYxzcJJQICU7RDwJprQud4IwyJ7V-NwggwlXm1FRdRJhbH7EIZDKPagv1smBD2GZEOerkE4mQJ8NSErcteAkVjy3AVTn7mOydRjM0croaYrreGpmnJ3WgGip_TEfjU497kHYeQaYPkWPPeVyCiKMZGYP-Ht1DlUM1TiCa23AdeMP_Asaegf-tXfXUbnTljyvqWGaqL7uKc6pjp3CGlKupuh3GgUf1bHOqUss3PT6nlyjQenImgOKMaTjTu8-mx1ufFUBkOZwHvxESj0tVsx5ilt9Bce1tndG-BjIDo=	gAAAAABpEewvZ-c2GT4kQOtVbHhFtjPNFBDRtyrdPFEV0wjMW85cLeDwyDpkdtRItEsedIeJmUtEg66eqcTebbEOQCFrzcwaoUAN6ga2qB3uPg-VVZZ-x4azhgRg2yTqU1wPXezDViCOjjzRINiCo3aul0wZxSQPMzr8WhGKDjemuL12f5SrvuFpEVYguMctQxxpxAORTwCEm5FlFmStG6NBoef-Gea4xw==	2026-06-06 15:45:47.324439+00	2026-06-06 14:45:48.325546+00	t	t	0	2026-01-14 10:00:20.387301+00
26	26	gAAAAABqJDKcFLAPveqc7X7ms9P6_ALqmkGU6vJWzc19fXdAuV4zB6O7YJjzfyQDRywCn87ThYe15rgjpTOEU_EkpvK9FdNWfYguyQCfBNJ2C8KaR69yDf9-QhFgRjQ13Q-_hFgBepf1HeDJxf4toQQepdNUAQk2tr74PNlEj1MRyoDLxcFLThZ2kysJOUkgyBNSQeJiHQnHptTkNpeq5j4sQ0_I6e2nuVABzazPEkf6c_-_36Nulx51fDfJ7DTru2__v4GRAM2fUoFPgvgHrAhNTEZ113cRwNW5Yi-zE0Fwi8PWVhP8SSJGZx3DRq_51TZtwM_K9Jaips8kW2ARWWA2Krgo8BlhPV-nZ8B3qqsj8twR4BaApoEhicE_iL4Q_t6UeDWc0wgld0s9Th1lNVdGYzrCU_zRyGKtaiyW0dXF8eTrR0SjkpI=	gAAAAABpEwQMijvuzPCPrvUWVMkfdFtaOxGTpgmq4nOl7n2pR_EAK8jWEJ6B20vf5uChtTmBC_GWZ8Cwtb9JGoevvj-MYqJOhI4q5MGbrJkceeRLp_wH0jMsr9YYTCExPUGjIdQwjmsn5T785BFPHKVt9rFdmNCTs07oJdO-J7xAvI8j3NEr3PUIFYGktpr_OlSy8ech2VGNdb5dMq0QU5LvRwu-coVFhQ==	2026-06-06 15:45:47.379981+00	2026-06-06 14:45:48.38198+00	t	t	0	\N
28	28	gAAAAABqJDKcVl4ZAKUsbcvu1Tx53gzqiw3H8wvREVguOq4CIEiK0DOlYgoeMVSn2Cwzuqhb1Ip_FtdHt38_zEc1oS0RGi_oE3SJtzd9TVp894AIlghNGswS39pOAJ0QF0T7HWBH5ZD52olyPTevlyu92G_A1Tj2WbWYZmFkCuc3CThCUr_uZNUVGAo5nsli6ge25yBZqZpAYHKCXiHfq55xjyHXet-QFN6dNXBdVBny-uSZKxTZ542ZaAaYSy-cpbpCsFO0Bta62iK_iTbSIL8qGW2qJt0Y9iNH2S7D4k5z5X_gARFlvxqbUVEqrt8wItDjbdq-YbvmZYW7ioElfi5MvXp-oduwjrZO-COh5qSM54xKtMztJRJIyc5t76otsbBqKb2Q4h1A7nZDM5Igd6yyYBj7AE4B8W70dePj4dY_YefpdGZkmrg=	gAAAAABpEyuD8d-jCtp46vOttYXoVvzwBq5ciWyoEyJON8lHXPCsVEHScT_Dn2DeSQneBCo4ExrNrJHMOZ5ZAVOCxQEKAOLIJNbm1PooEJtKBTVYvJY0CYIROj_OFXi4oHArPfYhiDFoDM5j9LDbGkXRTU-P8tSo6R9Wkp4Pb8I2fOlE-nsFSquiM6sLeDP9NO2SHKhgQ4ykNvggwyck7Y852OQREmPtUg==	2026-06-06 15:45:47.444519+00	2026-06-06 14:45:48.446284+00	t	t	0	\N
305	305	gAAAAABqJDKcKprebiItzM13xupDcd5TiVoUBmJTMuKGwmHPS90y1Pox4seRNNMihP94hyWDor3aHAavFz_r0_vpiXqvaAoVDxZ_3fpkqMYSpNIDkxkmMGC8f3J6ilHXCyq_Rax4Rz2lpy3n47pRmXOn2yrmZlB0OViQv9D81RJuWt9WpbTsg0ZijbMd2coTTuf0yOrNky6kAvpBL7FjUt25ln7HvpVz3czJRicoi6DL5B7oyW0Dl8KYlN2CH8RCLh48RsvPkOaMakUrscF1Fg-Y4R2bNZa2BoL6T1tijtLKF2M6wIzty15QamMhgtfh29YjM4IB0SSimYi_ZMjneP085Jzld0O2ob--YqUSfZiXw5GapbuPL6pIYMqCC07LmqTxKiFwMXfszNit8pyLLMCf2m1uHIxUt0Wd77ttID7ATPats8QPPAU=	gAAAAABpza_yEE2ukOIbVWLqYai89_GC3PVvRioVVrG5_sM3z0SynYxIhZF_2tlXsbgl_gkKS9tNgamk8Q192e9T1JRPaL14zjs97DL83tmmNXLSP58uJX9say5X3d7b015iPII8nCIRI8ErWSnl1ioJ0ub0A8vNM4XlxOBayL6Tqf8FbMEGWg8pij7u7uFPaPTCtpuFCTMXT3AdCVrlhqTY0M6EMnV82g==	2026-06-06 15:45:47.517721+00	2026-06-06 14:45:48.519763+00	t	t	0	\N
306	306	gAAAAABqJDKcKQ2gf-lismeD7MtFKwYjsRk6ei6XXgJ5QtytXi3cnys2ymeFjx-_Q3uD2QypHPY2UR3PoVAY4SNU_3l3lkMz02mhNbSNy7hDEpRSl3-1kezKw7ZHsQo2f4BGyiT_Cqad5IjH5WS309c7zyJdMkdlZhRlsq-JNTTJw63PASqCRcB5G26wcjy-BZNxVetQkkO2TSKntbYR6D93K7rTyGLDQqlaT3TCYtxHyWbzoSzXQ00t751Om9E2MSzV8-gGZ3neayKM1W5zBGvhUsQaGQlkkGYo7n98w7LZ6jyhKTT384G1tGwq91_IAyEhTjTlvsJSOVH4IwOgxXbD5AFhBA7D7SSTh7WzZdauiEwlOvCnPfWpcTU-DTbwEoOeZvFhslrwOGXoKGhc2J-oKOF4fBUBEKfkBYGh9ppBO8uQIP2BDIk=	gAAAAABpzbAsZCSSo_sDMBmydY3nHX5N0nEQJA7to2x73AyLNCniA3AeJgO71MIFKTXuow5y-_sTwE3WR2wupm0OPPI-X6c4OiC8Jl-gA4CLT2aOXlgfNYbbqza_Rq225deU9Yf2RpbhMUVbKWrr_K0XwTi8DTu6JJt59CQjYX1Bq17Sw4spowjXwlRoRjacectzoqnNkSkxCGaVvnKZpkTMcIOMyGV9qQ==	2026-06-06 15:45:47.593783+00	2026-06-06 14:45:48.594923+00	t	t	0	\N
68	68	gAAAAABqJDKctj24D7QWsPddRS9YJXJKMqeS-amlPdyEr0VVFFxOFOGeiivvONz0oCaomU8DyyH4mdhqDTixSMuGVlfYRFnEejGHyAUCBXT6kxDzGgQTY5O-RhdC41bSByLd5T4TwPjGJ_yBpGwriYI9ERBCTWgCk8penRDrOcUNthfeb6yvhK78RZpGq9rWF4ee-TtUY1BY2uhys4MIG-Ah0VyfjGD8wpY9kT0FMDP1byCZCi7x7K2J8LQmL2z6XZQHGULl7THNiWFNOc0h8lJDQ60Xi0TEiLU1GwzJK1xatpCBMXy3UuEgWDHCCRRlvuxZXFnPl45RoSJdxeJYzYljNn0wx-1jaWbQygAJWXKk30vyCoxCRW9ng5_YnaktTgVM0JY7ozls0cHZN1ShdiKzAsjBeJ7ZOGeyluAqFH37h5PePKatpcw=	gAAAAABpNDvBxK3Xvrhv3jyRgJyt_Pre7dw047mz4cwZQiEAEjJMwX5b5qCBsSzQfOkzBtHzP3RKHDRwtbKM9WmaH1Kiw8g_pPuWLApSMgzeHcyaHAFvP2_tHOlgQAzUez5HwV-SXhkwwSQTxuCwTvzq-zNUC_4NpofjJ3BvHdR5tfGZYB-HgJvIDO-BX-NZIcm1KZWpbvFrorp-QuWpjh2p3tDCJkoeKQ==	2026-06-06 15:45:47.668093+00	2026-06-06 14:45:48.669131+00	t	t	0	\N
69	69	gAAAAABqJDKccZqCuDz2uGe9xsPOn2w_Uw5Te06AyNkduguhBgozLTCJfZTy5VjI0Jvp5vobKISfRwUvNZqT03D9jHngiWFnrozLPWj1QZXuW6hWYUw436s2Dducslj4hSKuYjh5SWrJ-_yetcNxESJzh4CCbrIEigRoxBwhONxdOs4OKtPssFvCurdXhurXOqI2RCXxhAwP46jBuTvNUXhVhmeW1kkrmsfNsFNJ3OnVw2r-8nDywYmmxobfV3pCnj204vk4yZPHZ6sf5MzgdK0kEpweSwZ27FSyFAmYVjWOnPgab7N3kqGUatVlwM3Tyve6shaQaGNtbiWRJBxtRG2fFegypBXDeAxKG5nq0TMA6Fgxxf2AgmABclReK1Vrk7yhIu4vGK3KwTEIex3EMLzjDz2fotut0dZFc73F3pvMjO2Ab0zmsuk=	gAAAAABpND1-dRj5j2rMwBsesZ1tQ5KaTreYhexPq29C_4F4uUQ3Y7jidvI2Lp_DOXS7E8ERL_uMyeWNeySBiJ1-Foql_X1DjrRyxG9RzjNiGjRoNsDEbM7fa6Pie241joMUv7aSaqXpszj_oB912IQfpC-oqPCuBBIEzKWR9VojM8VmsfwUVdw0Snn-XQxaYQO6KkUJVRvUVrPettNXNEWuf_W2g6UOCg==	2026-06-06 15:45:47.727524+00	2026-06-06 14:45:48.729476+00	t	t	0	\N
51	51	gAAAAABqJDKc7JM1yiP0blTfEtIVGIrxJNULc9akZCxT_EEDw6PSyniuOYkSb6PJE9mNoGaFPvCJnAvGxRJosX7O_BVsVaw2ClNVMy_c2dgx0b7GhkHF577CoAv0GV3cVlXh_ycZPGKDMf8P-JtNeCOu1qcBixsBF2huQEsUxATLotv0MaCIMvUKbOl3UXUnpVmk1iWfNmPvbETfvQyPfR5rpIx1fjXeesGwgl4GXX-3qgkeUYDd7OQnAM3mvkohqTPnTGhy1Rtes-fFfFPWARHMOxxiy99qCOo8yv5sLIxABvMAEbMYWL5zcdZ6w-QR0opXMre0-k0WvpHCxX6TUrsjReFQM-WeJbuHERJMT-owCGYCXym6D_pPanJjLdKFaieLXBAjeHsJq_-qtr5alPavSNWOmbyZeddsoXeanysNH_IPJ9C0l60=	gAAAAABpMXKUIoWJvm6ZhtmvDB-cm0ZM_Umka3ByMtNGj8v022Wi7zheEcacCXzcOKrVaEPBiIZiZov2K2CmoozS53y8LyqwJHDdamZx_Egy7BZYaLjhIOayhoUFHtfr4BLc3hqJopzmtft4JzLDw1wJxZ7Fd6aot0ipn9c8pRt85lDU6EYpt2ETXxFSNKvPYiXZ6GyfKLtgLGcJ2kq7cPyGmxmuNjTOQw==	2026-06-06 15:45:47.787128+00	2026-06-06 14:45:48.788602+00	t	t	0	2025-12-17 12:06:12.539277+00
62	62	gAAAAABqJDKc3Y3iy-Kf75ynkwfSGk2b3HtmdAL-N1m0sDVUaZmt3aPVYBun0ntLnliZ7DM-HGkRCG34k6W3Qrlemxu0j0ci-SFIjUxDXMZgnrn8U8n6D8IsitSP1sV9CVk-dRKpUUlt8ZsBeCpd7Uo6hlzx2Pxo9xx59oDVj3fzgaS-euSheV5bwVxuzEjX1_siCfLOTFHYsJ4xDjEf752T1a7vg9A3TEol4Gv2Ta1FWJJV0smB7DD7kY4kLNEnmor5oC4b1nE65uZ6FeNar2K4a6vqpQoF4xMrstRvpm4p0JwXfNSYlpM6P5_4qugYTgLJ-OLNppUPJ7iLeSH6kl4fx5VURIsEOP_97TYh8wwAMe5Z1UBXrmHnybX40TiPKm4Y-W3ildwRUsiGvHfzOsfywoloo4ERQmkFBVGARutT6vqG0uhU1os=	gAAAAABpNCyYdPGXcYvjT80nsZTy21-mQPifVh-W3Ww7Uw3F7JBCt8cmF27-Na3zgGADaL0YdMxy1iyRGn7ST04VT6E5S4kuusnoTYp0McFyD422XG5h56LYhlbYNy4-dn4_9OWUmkJNAvIjrAYwkYdQFtZvuxCqkcqVneWNVBFeQEOwulNrJN6EBFSDhbI9Jd69fhGkTmdm9hgyDNUsXcvCsddym0Y9fQ==	2026-06-06 15:45:47.847738+00	2026-06-06 14:45:48.848629+00	t	t	0	\N
32	32	gAAAAABqJDKcsZ0q0qipde3Ba_5oYM7cSDDbF_pExsTPksLEpRS_QhxYLUAxuGLJuJuXeFbiGwpO406gCapI1j6Weql2Nvht-SjVex3zAD4hvukeSgnOPd2TrlKfJwgFg2XI8Bu4cTjBbjs1BgM9bdPdfElbAqWcocjkUGS3JTfpgNdi5QwevreVq2TU_vhgxiLTrAmtgD5tAFRe0M1R7Owxs4gSbxed9C5cYHnKxW9PpvP6YwE8vwx2sf0yOezG07ZblRtYBV-zr9A7oFPNIBYrpdtrxmzPDAHD7AKUW_c69KBXgGOYve76FW0blbOoUe5UVcPm-RgTt04wyYHc-HkMvZ0i5NkwFKBmxTpc_GmbfN-yigyEZitOGwl1ePsIcnCtswJGDytYK6UY-6SzdWwA9mlUh0_TA836UoCLzy6FozMwaUUI-oM=	gAAAAABpE03HHeyxgh_T-1-1eddK-c0tKVwMXCjX9WVNJvkhIFmCtoHE7dbXSf7XUed0CjxLzH1Ctf8eTpyxJkeQfhCyCV51h83_I5jOER8OnQF3NKY9F1pCAL8KdCkMRKr6OZYC-bVI40amfv9TZFXaa1e-g04HBtEIhW5mvo_faskL2jB6SlXLu16O-LFcwow3Bw98DF6HJ_jRtgBpS4DxByx89GbeCw==	2026-06-06 15:45:47.916537+00	2026-06-06 14:45:48.918251+00	t	t	0	2025-11-12 16:12:13.397237+00
150	150	gAAAAABqJDKcbri3vKkvP9EE6iBeX0kOv-PGnGRH8H3Z3wgu6PrrG4eHSG78adnjOyFRPj8KmlYeo2-pvn7riSqgXTFd2VfATDaed5OH4vVceujDRYraHe1H4XeaQs8A5kmsi8AtHFWLw0PXATH2B8U64etNAEC8ZjAoTkO43T0VF47Rhslp1leaMMcA9V8nLc-q_XmbmFRziqYYV2SKRx_vfBiyhnfNp_wmh2B88GoeLe-UhalIPAQ5gSmI3w7a9UWMqWMMFOUYYJ85NLB03A2qKLCx2_DvTtIYhlrHXe8FULX6dX4XZYg6u3WuAxW355YyLv39raMF5GE4bEMzen4zJ98cnGIQxH2ys_bKy15TXGbVZ9O7q_PCh428tbph6tgTxeSOFCPskqaB6YbUr-LTfVJ2i1jprfUpRRBsCqNXq7HB60mhSMg=	gAAAAABpVSvMk-3RR2KTzUq1_nYOF7C3zVZoAmmFW9yJlYVYp7y7eBnDpqJfUWL9tVw3SqmC6Yk1ZcUzr1YoZOMeQiuggDOMaDSniCwDF3ylByT4GmpWGXiKR336LQZA_hHAh6YSYDqa8flv79QLRv0-v41yYjzjSQs_ZXbJK-Q80uJeGkKBdy1gKCVIK2PgfG4IhwlJAAPKIKq0J9Dt0RW1KAouWplG4A==	2026-06-06 15:45:47.976862+00	2026-06-06 14:45:48.978571+00	t	t	0	2026-04-16 16:26:09.45223+00
14	14	gAAAAABqJDKd4Ju-cykl_gEGXW5WVyJCwF4ZEdkn6t8OzbYVISsZ4xz8xWP_2GphgqSc_vi4gcPsW1gDbpU0yQ-Bk-9juSTmjiSjRcjPW84s6qoRtaHhblFyzvzV6AKnDcNp0SqLoIO5zQEd4sMnTvLb6b9Z6yecVON2RK3If4m9CxiR-W6JeGIN4XgIwkt2xfxQOnbSqWLkaAar5Uik6lIetzr92TJJRmZO1G1eGyDKN3R0sOrrGKRSA2FqC9CwtnGbv9UY8QM9ebffly4LrrpRATTn6ivEEVhJ-fXXwVPUX1wJ59l8wSNutO_gn3KD_LWHW1OqHvIfpq5L6DEOpnTaQkp7N3mFwZA4rHdUUJ8bAJMwo5ajF2jUVt2V-QcGyC32cg4ZRp9pzK2LdYSDVew30KwY6SFp4SwSKUMkZeh4SQqPjY6EmdY=	gAAAAABpEQY0Pp1LNO3pG2kerkH9_jnqtbW188_i2tt-jJv4h9G_38fLwJOlaBEiYGJoFgcLplsTdD3OWZUdX1-arpLPhRMpFaXmIKOOs16CWocFiJq-bNN8ckXAZLYWv4-4wHUX8NkWNNmQKP_NEggwtCsHgjiukqhhvtJiQ-5yWgx26P_scxkBZosjdHYkVqo0mUMusxYJnHtxn8g1fS5MSvdEekRnDg==	2026-06-06 15:45:48.039881+00	2026-06-06 14:45:49.041782+00	t	t	0	2025-12-26 21:29:08.538285+00
24	24	gAAAAABqJDKd53rp0Az9_jmars5rNHGJr8VlWBCoganhYYDFBx6RIueUms53XYZ1okqYtiaxI9BXVrB96vVv30MGoqhZ9BQWiXbE_kpWNgqu7UlpDGw7Aw5CaYXISpxTDGqGj_m3qLnIuR0LiQpKob4VqM6YYNVmLhvQUWTyhUX-pwRjCFNypQXVfdVX8PKhoqr6SmBsLuHF8Q_eUBAw0Vor-3nFIJLyDTjOpihGZ7z5PCLrHPc5ZH1YpmMcntHw0wjUhFARjBJG4jcRbXl3QKLeXszMztyVUfucN-yXNVKXVCW1f1LXT_TlyBfOUSMqtpALRs-JUKEpA0wesTeZQITj_eZBDM2rW7JufbnPQtywl6bIeQj-Zr9xh8uXhrn_PTV7Xy8ESPzdmDSoxYeX0LQQ28fXmDjKBPGff4435Ogyo-IqA0AWOKk=	gAAAAABpElSSxfZDHyYJBNrkTdL4xIn53FyRbc3vrl4CYGtuX2BLs917dkAZY3-_mcKtFsX6J8BYlNsSZji4aVRGE_GTLQuAeaAYKumcxjQfp3rf88ACFeiuh1f7flLpYzXW8xKhgJEJTx4s2bg_67L1JQmll4Z3gqHYre58fa4gYWvvrbssGj2VBt74KzqjUkyRw8Fea8f_RV8qkDcXKpoBx0NuSOX5Bg==	2026-06-06 15:45:48.096842+00	2026-06-06 14:45:49.097809+00	t	t	0	2026-02-23 19:38:17.093042+00
75	75	gAAAAABqJDKdnEuzVm3yXXDcRpwdORKZGvZJtL5Y1UApymt7Yrg6gsbdkrkkMXfkn-RVL8x-PlQKr_nCGUn33vgVXvjHKk8WFHq1Q9APGvol2KddGoVR5JnVX8PDtiIy0wTngtkxq3QiDcwVFfqIv2dQ35nwW1xvs6SuhuLY25mQApOKvkwWdcFk2fJsnVFQSPRNgVNaNKDr8e4irwLZjVnFBSRj7aLpffWTO_VW4FPzYj7IH6fZtT0O7ArjO_Y1M8sGB8_ZQMC7TP5APcchUD0ORBMWbc-YOdaKHghFncG4uZHe7ReFnCKyIBVU_19bvZP5jxrBcp2cXO8AvVSusf6UI_4Wh18kq65qLxWFm2ia1d68TBt61S_mrTnwE3oAwmmg1zjRRq8FDLzV2ID2ppdcj5d3nUdvTPtaHX1hieMZo2boDgn1GyQ=	gAAAAABpNVX1tsGfMOgn4g9uAm-Bc_bEKIIU40SyQTeJiwVzdjJPYIAlKIoWJT3N2VbFMb7sueMJr0XLbCbzJ9J_VqPZpChyoXiM5H5_yMyLVeaJgCtVu6b9kJ88OcMGdDV9ZFadll_FkroGu5CBc5GEHn6wi8IfhKQpwdK0CVg_aYbSMLTP_hIYdoRTsswTgfWcvM9pCOcYZ7lA9Of-p2nnyayfNC4q4w==	2026-06-06 15:45:48.159552+00	2026-06-06 14:45:49.160976+00	t	t	0	\N
78	78	gAAAAABqJDKdMMI2pQmY9GPWdmBth45h-q9CGIvZj3aQ-iN6wfvHEG9dT3Mo17V22DTVZx29CxwHn7xGKdRAqBuwF83WS5i4IcLVtLN-89tQ3fxGc2JWuffKQuVwZl3T4Q0S_Bz_GbDzqlQvLXZxdzlUw4HiGhkvH0thnTN3OTCXHMZpSYWIQS6BsNHFu6qQZBm4EGLmlxrtDhaOW9T0oz6nYs7SqiS5pe_0SIjSXBiX_MrPTOErQ8XewD9SD0AWdfsOeD3bzxHR0PQGcfiOQgqvY3wJV5PwHyYZfwDyc8c1E4F5WI9F-cbtmRFhY86qJ6RYeyJg0oqi3zXWit9PPks1bU587gSargbjZ2JsjIby1Y0G9QBG_BI0VL5r9ceZiTiyH3Z38CNdJ2Fn5pVqKhkxEK5wOLXqMf0Oi3CWS3tiYgMYfAkjpmg=	gAAAAABpNXZpiD9I0lWPOhFdS977MUtUNP1y3YSV-9IlrNlxy8grgEtniFYrT9O-Tifg-k1gB7H_XTNYJOCoxkSs3oTrGsUF5XdJVXCZIslWoCZRR0LT4n0gC8CIFPGJ8H7qZvPFPe4KUHw68K6rka3jsdU3qDy_w-TG_CGZzBx7lPimjNrjuDX9tZfXBYxGEyUZSetqVGIfqaqhz6-W63TiigdsE7Tvaw==	2026-06-06 15:45:48.223862+00	2026-06-06 14:45:49.225121+00	t	t	0	\N
279	279	gAAAAABqHykI1uuBld5mtqel0e8-Ysh7jeWAEigwZEBhL6BP3NDHO36E24xYeEb1Pi3FLXg9_12KhZ4hJyziyypxI-khRVHFNR93sMidXhbyo8XHlBdjuQQstch9Wnpz5o_eMqmPrB--fBe5krS-PcULGpfQkLKxxD-wnI2qcJrpsK7G8Mx0yDqdaYXI4bEeAkUCwR61KJEFTnAS-VQdmhnXj7rJBHE4W_YG3kJpGHQDAOZ-vTfTSMqW047mCZNcmQg_y7_AyiOO_fbefIoFbqrQTAcXOLs3eUKB3_XtdpiYTHJxm_CArIuTdxMm7J6FLYpDBMqDIiI-pYHrz9e_gVoYm2tvDn3UiYXiHTW4V3oRbEX-Rc6pOjvpLmXtSnucgmGKG_62WlkTCse817ubFjgHS8JKpPjYnBTOd_fhgq6wbxqZCq4zWJk=	gAAAAABpv-GVRx9Bn2oMUUVIU9MiquI7QkvWZh4vaaq5BiX8rTsO3hVzCry0rtPMprMA2XlBSAacywrrvj4md0Q7fzyFa6NSIsL1A7zafhHteLd1x33Q_edEknzO1R7AQHgRnEuUwAIK_fLXsSg7k-W4eoZuwI_AeaRXH67EotZruQIDhab1iz_Tg6V_jUmrUQ6oGznjNwgXONtmn5yndJRRO6M82vPr3A==	2026-06-02 20:03:35.703556+00	2026-06-02 19:03:36.705038+00	t	f	3	2026-06-02 20:35:36.654884+00
264	264	gAAAAABqJDKdnmkFOT05BA4OEpTjlISMd1evx5F4NzXOliJtRqbkhkDkFVuHCZNgvLivTNU5lEoUwQmABJyiG8bPj_Gm9068sH2yAfn90IG9sCcL_3RrhoCeB0ZKkzM_DN7-FneKnJxQ0lB3eblEJjmzufrPpI9Bk-5NfyPH8OGFMTTQKLgswJXZLU8v8-IHhG7JksdTE-HwQflBxDd45Ha49yZLHBaEvmuODx16e3_kl_i0lRcXFW8pkvLsiLLoyvwepV_z4zMJrTDjTnQegZnZZS_q0YdjS2PXh07ZwRbeLOj6qDeTSo-C415nLojTx-s2y2M1IWdWTm7x98zTUAlB-z2shv_fBaq44kHTecRKVipgLY3xgm8HK0jVZ7ely2Tg-Mr4wX7mZcZbG_SIgGBIsim-WuM-ckt69ogyrTkvTxbYPu4AKXk=	gAAAAABpst3MUgUDU5dbG9XW--2BgR9YmFa1RQ9DXg9k8y29IPYomdZ2RD4Xv7gVU8WK8Bl3quotqb_YVhWUARdCU1ceWbz9huNk78LX2tVyJIaBFZmYg9nUeVR1GFcpvD9ayudbGiZPvRcL2CAna-agxCqt8FyG12V4Z_Uqkqvp-ZmLjMkNHpw8MGknvkQzJdF_N0GMFdrPqIcHtz1ntTO1wZO2EFU70Q==	2026-06-06 15:45:48.28274+00	2026-06-06 14:45:49.283802+00	t	t	0	\N
203	203	gAAAAABqJDKdLWBgzYomF55wFiIld6Xok-d_T8UN2OFhlqSSOOrLvRLkHqP1kpOraRjIaInpjWt6suoMON1awnCb3LnqSOD4PyOXMYR-T_73MdSqlcpNvni6iZpFe_njPS-PVf6DuYUVKYRpE-sfNlr4af1fwCf0mPgUq1Sty2C-fl7Tla3XuDfLnKt2BKzi7Vn7KkXSiPiC5npRvkYiluM9EZQFz75IynyoWpFRtDBnuvW8Hy_zr8M26zl51Cu6Or2gkDal8QpadZoqkYHHgQq6DsddAmPOjBGi56rt_nE9d2Eu2RBAOI3Z0d8ObTOcjHHTJ34YvvQB9AvZYk5jOrNxANWBBRlOK__FJEhBBDacshvmbSmPzzWtZD9Gkc89KGdkdFPOwceHElkntFERtmm-rEKycmwakobC17dj8gslvUZBOsoL5Qg=	gAAAAABpbK2An4AUFJdMgYEKggMb50YyVfmwp5d3n_mW-itUh90XtumJ5X4Yzomvlazx-6n6PxWMtQl3Peg_GCJTo2fGnxV0Gboeu9VoI1P_TD1G2JWqxvNYlnMMz1uIw7FSH1Dav9bVp4wIOngygd8zYzXGUqoUAAXiNDzppuk8qa20-DuThsPuD_FjLCsSB-7BHpEzKJHJ6yUKcLyaZZ3OwDqe61PuIQ==	2026-06-06 15:45:48.345331+00	2026-06-06 14:45:49.346774+00	t	t	0	2026-02-20 14:49:25.018286+00
205	205	gAAAAABqJDKd4OyVMTDEswfeALT-8k3Ts8uXW3lzpRwQQFFUPag7bCldy47fsQ9_FlU8H3_3dB5fwG5VKTpeFYhejw1SmGWfJrdtVmz-SXNPnzZANkxZbbJ9PbaM1FnpLzXt3ad3pMZUf9NSd5oRpDIcrWWe7cshHqAnFuj2RbFhvRwLIX-vvcOZSAjdVuBtCv38GP8Q8ymvs3bQXfiS0Jm8WmqSprEC_DbdsKyJpONvrVX4P9YiASEVtKArZ-MxHe4uW1sARIl1livkvrNW1iIFgi46kHYTJApUbw8aJSG8dwx_FiMORT58mYgKZcCUeY5bhSahThHL_ZUyrKgVCBYZk0G77a7OWc4I6DZdSuJf0GSkaMCruGvVv_oKXvkzvsF7KbTLhSnB8kBLJbP9OhvRsqPEQMpuXiSiqU1AqJrm_-4Y6rdi9SY=	gAAAAABpbqoZhrvkSURovFL-g4dhYRWjZhnY09Ym59u-KXvs-jdYAB4_MooCp6spw8wrWIehLcO2fSzzdNKKjoEQhv7QS7qs_5OE5ah8xOGHl0Uy7KHkhv6Q0W9w7OjZ-5TKjkYDLfcnPy1teh60o8qUqgtIs-6026eo9Ha9X1SRaHjZVK8vU-mcEBXBdGUvdL0a3cys7h2QN5E2UL8QiuhkjfuGjnOMMQ==	2026-06-06 15:45:48.410977+00	2026-06-06 14:45:49.412781+00	t	t	0	2026-04-16 15:53:53.781619+00
25	25	gAAAAABp5cXLgXnEqkvkVokDcJ8pFPayl7VA7z6q7IqI8BFA9M81fF09IcjmLlX7aJ5wC16PLe1pJZWnX8O2CYCzUFnwgUFaUcGWiZJxeRje7ZUuqxbnZMmx0HVRMTlJq-QFrgyYGpLaPDmdsuavOUecIgLjFnwYl4kdYPi1-oICEz_yerRIZTgSEV-fJjuxhkFFGyFgLvj33mMBfIRNI2szmTIOpFfAgeU_JDsZT5KGP6pJI0Jb3gBX8cXa-FINC11EJLG9LM5nHLjv4LoUQXyE68_CVilGuln9cM5a4OKQtXlknh1CPidVd0Hk17WEXlbNNL6oOYljKF52BFpTtS8yP5VxAipZkpfhBTVTnwPQgFTLYV-OmdLVQtgVEiD4cNa-CbkK-RQggj-ai_V50ppWKfwKLfXvE4cVJ5GnZwPYVEcnIWpa7RA=	gAAAAABpEoCcgiv6fem9mTi7Vb_Mc5XTCK-kEACOeVufBJd4C4xny6Ze8kio3woYpsRsWt33Nydq9P9E_qz0_UyDelEz02KxD2ef06fQj50rkkRXCf3Bg9QoVPykc11cFSmYyte-vdo8NxjA_9062MY8YT2QPEdiWV3JcBHTwFI7rybKw8AZhJtLG_5LQ_0KqyB06c7Pr3yKA5-HhXWfI0VM3zQEmd469g==	2026-04-20 07:20:58.537677+00	2026-04-20 06:20:59.54067+00	t	f	3	2026-05-11 15:37:04.172282+00
221	221	gAAAAABqJDKdERFbN0Mdpaxvvys8FVhW8cizIvdTYj5QsTP51vCpcm-55hYw1siUrEdfEAsyA-WYfI1aUE5QrsTRUyysi4BoGUZewp57e0zgF0x2q4ybQ8Dh3VXBgI4ZctngIP7bfvgIoA3hWJTsFOZi9ROVvHGtAuomjZVFFcvNBwiKyPXNio07ADkyplIuykOA0Sx2r45x5v5ETSPejE3ZxrvkakwY6aume6dL1p6uECuTL66H50Lp1vnRf1J8gadYBiTAk0SBrjZP-N7aQ2GQjvCkbiTATfNAoLR_BYnvMaxZk1-3uNa9XeFDn_upjpV3i0KlGTd_qDySH01I4Lfta226FWBXjzgWPlZYWiA3Soe-SBGpiJ6c5Ih7XxaAEUUbIKaCYzGzEpUHWpaxU4OoFjyRv3vzkLnrhoZWJHVlmcBioeoXrWU=	gAAAAABpd_vrZ4X7yDqp5Tw4DSJsd_JIAH_e5tpKYiKIOkZuv1fjLJXtjCDVoxbg0o7pUg4SxbtCwkAONCmQ4ONmPEDBVU3JmFuGBbzok8Gndls57AwxOrnBKm3cae1PYlWZwrNqW-faffUG-f1W8IMHV2QOMXmgXx0uFDfUac-O_vlHZe8-qn805c-LRJDQbiMJAmr6p7fYP6yOTibwwas13ZaYJdtcpg==	2026-06-06 15:45:48.471015+00	2026-06-06 14:45:49.47242+00	t	t	0	\N
253	253	gAAAAABqJDKdT6y88H3jW23ZZYOu3yhluL8i6pFjQHq9srnSv2o1txAZf7n5z8gfeXo2oT5jpTaKsro0R963fNvtZ5vFzBDivrav10rZSSIu6TISZeME7APgQ6w-wDja4wiKuB3o4S4iKWf2jQo2kVSoow0c4q0PmTrQ5J5fXjSjs40Ik9MFWMkLO9qF_ngo9Wa-vcgFqKjWKLQgtSj8p1_Npb_zRBFe92PpUy6DpGQHhCiBC5x0L4FvuAoEkTwfIIRHDEnuDgZn9duBsmrZoE8HsOWWF0pQ3jArdaPMw4vhj0kB8KP6sfwTSMjFpe5ndtHR6erPn3oqXXzJI6trcqwbsY7zL82u_T6egNM6leqNFB0BzWZxoe8vcgNigaeHufzaOy0VH0HsVxW6CMJ0_y--31g1uKoKHq0nOxx294HVDVYjQhPKAss=	gAAAAABpnhq3TTrD3EHLs56ixvMKDuq4L1e5CDBGCAbdqwlrHG1NcgF-Nio3ml7PGS_3pJ1W6fw8GMIEZdcSMeHtZDnM6VIxXHws51kiBVBO16SD7ItOnF37W2gABfyh95HNtsuUSyZkmiRLAjOpNlMzLBbDeKQ1E5IJ1BlUeSjmRyiYuKBqm0dD2E_hO3Ze9Jw_kQJI0ebSFiYDq65_mx8yftcvN60LDg==	2026-06-06 15:45:48.539817+00	2026-06-06 14:45:49.541486+00	t	t	0	\N
255	255	gAAAAABqJDKd4O5ozIdvXCrQcU0GCOwl7CRY60La1VZuUqr6-QOCwpl7zeI5TjZVaSKSZAqO0gz8i6zubLB8cKbUloPV9X-1cMrx9MszHLgOFC8Vm6-mV_Rs2DYCkATd39_2HSljWu3r2Z-GAfQw12OBKxs0dZvrQ9_4uZeFTGVoTp1DDWApN3XzerGIaX_Rs40XASvuZpyj-ETc4VYxG-0BPIJGCS5bFHMBnbQBHMrgmH3nG-5fErD9kOTlDp_m-zgzwmiShdP2MUhuHH596D2M9mTzc4ugp3fV0RlOWsLBfxI-FDfEOa7vr-JgnYco88ZvrUWZ-Ss7pcHgbAA6inA13ULQ6V42ELz93xIh4Yu3Ub1Ni7iTrFfvBcqKeEbLiPZMypVU466nK01szbc4ugFw180-iqHb0QVRJhxtKtiS45UvXpnlcgQ=	gAAAAABpoMZOEUMpEX6tvqSypsGiWdWeFdBpKQPM0akxGXSsBFN138_9v6eDDKPXMkyTMzS85jNXxmeTpaGz6WKa-meTAntPKwPidQW_0iSsqrLR1cMkfNX2oBEecQ2ayh54cq0lQziIq0O6aqXs4MkFwKH2uf50ZZAmMV6Tvwf81Y8wv97GFsfmnZn-AXw6VQ_8kPeeNgoQRLJCsbF8kzNzJ-qi_c2IBA==	2026-06-06 15:45:48.611671+00	2026-06-06 14:45:49.613443+00	t	t	0	\N
259	259	gAAAAABqJDKdPdxjf-jfZ3VAYU9XT7blcqtNdMSKSu0YNyI23o-Tn0bBQ096JqtV9p2JkGiFwf6vhnxt_haFvoJjZuz_iUNLd57gNQSDAIBThOi7ECAu98Wf_w5i29FWYOhRBz7BmDcE63ww_MXUVlEbEyRJCNFlcwmG06HS46rEqrvvDIQEPEvVpZx4CcOW_GoIIgHug8aNV4fjNK3K_QyfayhIksumWAVWpHsobVMvTVjlXy7zOzMiuvgSohUjIpaGA2xXcz8rAsr9bjma6RAEaVxjFk9SgyWqrZ6siavrjuIWutuuansXyXprU5SUh6xLMsPe26c5LxbDGv2luedBfpaaOiIbLD-JHBiTI4PCwZLzj2Rp-N4YfX8mlgBBu2zMvARDNZ64sFbqm5RniJPlSxxRfHnDBnWr6tTnzjzxTlOHRcbn23k=	gAAAAABppvqX-YJ6HczqpR0A-6aQpgVtvVDfH6HWRoCIyrsAJ38pOydSD8yN1z-evyhW2PM8wo74DjWc1-B6M7aRHxU1aYOvs2yPBeDmFDSp9sJ_GCacIVHhni5MG6Ln_iIzliKBhOHGRYOagqtQP-raRzMuTCTy25Siudsk6jTwqNfHz6FaKKBfI6yDfNxrWaOg0Bd4sRIY-NdcCjeIqujUd7DARsxZ2Q==	2026-06-06 15:45:48.687359+00	2026-06-06 14:45:49.689394+00	t	t	0	\N
288	288	gAAAAABqJDKdP7z2745fI0j3UhlqYibH6-tpUY9Sg-Icf1OTue9Wei7NCwPnU3Gm0wM95-Qn7KGyV847Utwj1EN2lm6oaVhbGRBmynoMrtcdeznfdBVf647s0k0EAkQnVXjCdZTIrQtZeL6_-KVP3ED5qrMXD8W42Pz33oyUQNzBZ1QgiNnzPhnvUdC253Iv2veMIWfvHwZJUX09zqGxIuLDV3xdeNq8Hi3_vs2Vyuc0kw3bYozWchyr8D4ZzbIbQ3jnOzB8m08bRXtJnzy9ycPXSWSGjEw8FkP0515wldn9Zmzs-Ut8IjuVrHMkYqhE0_b1qqIT5psRbz3MNR5vXmJ39MkqrMPD9ZTviUQzJtocGSvgMe4WOK_L5xE46nBe68cW-r1cuDUu5voIFEcwG0c7p5tcJHS_CLLVHNb3H7o6_vBWeEd0LKY=	gAAAAABpwYImpsfXM1Jkh5DwKBKDMp8_cP3DCtnrGuX9Fx4X1r0Eo8n0OgQnr-1HksShuCINR8GCyy8I11o-ynmpARu_AbQOQpUToae6ViVS3Y-wbpkGsEH3r-rw8a9eysco6Y9sOSA8TYR6nls2bG0pS78NxrX2BntbiTzB6jo5suq9jQOzKC_SU4mkg9aI_76sGbWAkw6Xe4dtyrI4yrjyoPO24NLY9g==	2026-06-06 15:45:48.758157+00	2026-06-06 14:45:49.759278+00	t	t	0	\N
38	38	gAAAAABqJDKdQcSc9IkZkhkXiK7oWALJFcoD0RsLAnIVLciIqiOVEdvyaM9dhDHYjpmS1iJMa9EAzW9nBsxlReC9qtl2iWNkwLDAsBSi5hT_MI4o7uJNnXc64fIDMQ5RRsa34Jsxb1gdkr2kpLFy1RfWZDCw-FSrQXsGed2RNfrCQd-y3qnuAhiHZ0MO5H2DF5vIjI_hPUsmaJSdASNCEFyZonau6luD-j65ROiOkwBgxnQbmL3iSnlSeYLYV-KyeZGsnypKF4oa9JrqmQe4eWiKTA2l0L7Vah-UeVk0VgTT-JmiHVJ5XrBwJIF5OY0xe8u2kw-UMnfI2TY8YIpIMT9TAcpx8lmEJikLRQXm22OOPY6nTqA3dxkCavdlNwnUISsQLias2SK9PoTv2_W9tD-RI_WTbbXsFrhBmwaMDUBetKi8DG_V1fk=	gAAAAABpFJihxW2sOsh6YBQB4Dedbgbo9xH8q0wCDzTAbxxovXHvMxfbNIzOJuqLcP1mkz-QNolq_ltcDEJqnO8ehY8eJN0Y0ptu9tQXDdW_KJqfM4Z6nCgYYR9Q7nuEKxVYqfRIqiJQlCNe7KfWM-8dVYBQuE28Y86rO7nctHwX8cJSo0kt4C8OMymgXSQ5QpwS_B1mVOG4J2BZfurUsRvF5NtnaBveZA==	2026-06-06 15:45:48.81838+00	2026-06-06 14:45:49.819938+00	t	t	0	\N
40	40	gAAAAABqJDKdg0mb5p6419IbGLQlsFlA7tv8sC1rBPUrULD5gzv8iEBZqBM89MbFNfmgI3hSSXgX8RSINU14KrEWcxfSFrga2UZ_byMak4yrnS7ygaTE5LrrxzBYHjBFO4GtXcH6eHN2wxhZhQmhkIGlaLmG0j3uHavo4IDqb7IT9avG8GIU8xM3S2OGYZwGCOgwHcEeiDZ7C6JKx4haVakesF2JbfS7PEm1MYKNv_1Lte7jmoh_H87e1vINkYoTYvIjd74MSE5xwYiyz4n8IMN-Hq9mOLQ93lvEIZlBTJ8ZJguZkfTiE0LvKwuRv60wAXMFKWsiBKfTQ8PZYN-KQ_t_NpaIrtnvH0zdCLrPzj7iIXekhPgLYZ932JS4LZRZ9FVGOR413BBqnwKvCex8R1lMjEJ2T6zH2tRPBSNSPw1z3R6ElHFHycc=	gAAAAABpKv9P2R1XdO6G_b5d_e_gsis9_n-VJZ63tn5PnimBrjhwh2ORnMxHboC37XjnyFFNU-PDcSMQJCX3D-clzMjcVETs23NecKvg4URTy64Bi7sTMLoc5zrCgJmJTPzfc-Xc3f60Lt_qvRxba-uWV0Sdxe1VoseC57kQhj5h_g-v8z78-zYN-lYkssIs2_yD_YL1B8nLnGDyUTRyknBp3hLtVF_zmA==	2026-06-06 15:45:48.88288+00	2026-06-06 14:45:49.883948+00	t	t	0	\N
41	41	gAAAAABqJDKduEGTStzWmI4COcZrtxQQfwnwWqlVrPnZZIJEMtz8U4KSFKg6PmRirMfCdiTNknrMH83_YC1z0sktmVj2XqdUih53bepTgXjHAQUxrTvurWoglrB0hVWC0YoqZYTdc8s6F0arU0BqD5qaFyiCTzJhwg6pf4S3b34f3ooMfsSbURKiqJmRKFks_jvxXvucP4UJ0zwG8BxOwAg5K7Eh1oLMrS2EDEg8lfZmKOup31g1DbU_dyG5fHdkyU_m-7RsE-uAu6OyO4PTOpQRLRsVhbWcBzmd_3h8hHzQfdL5hIhZ2Uczp_-N0oYqnt51NSowHeu1pPqtckgSm5iewRGlEnILCNNocuNZQ9aQK8wm3wJgNd_DEhkQa6PTAMBZled_BnuFWFXVBuQAiUZcP8qMqdJzGGVk0Ng21JuAsKUCl8E2KfE=	gAAAAABpKy3Af3tPPp0jc-KZvI3qN5uksVvn0titXb855hU2GjIO_E0vagoMs3_xeiZyQ15usBChutjdJDGsxYCR-iQSpZCghSsBq-h8srG6LYuNt6PzxrTPrHyopAxkkKDLWodCyOLoSHjUfDBNwW_pOwBHguEXdXFOyWsmfdKS5XXwN749Ef_qUuBC8OdH75DUOGuyIdhVaS4VoIxPH8uwg_42EhfxFQ==	2026-06-06 15:45:48.937914+00	2026-06-06 14:45:49.939056+00	t	t	0	\N
164	164	gAAAAABp5cW6GtKgDhhZVmGzW1hLuyQWxZjHKzRu-IiVpGxHxROXGP9pyjARPlPBxdhzxH6JmkNr55tHPl7sMpWxxI2dqIgEQrP6nifccAjoUgguoEUwSFgpCctmUrK3nAqOoHKaQVQ-hzLzE6oK6w4SjLeyaMC4IQtF60Z1M_W8CtvGr5ppa2bk8W0z2mXlzURK08qqtzvSswQq1DrzwAHDpZcu5a9clB3vSayy20OGLRsMZQ7HYLHm0E8XTsa2gLcIm-BYSzzxFMmyVnvOtGCpKYfmHffrwg4b513LAnSckbvOTB_31gzZh-w_ltR_Q_qUzbtWC80BrsopuZttmf_2ToyaOx7XpuPIHnhvLk5H7U7JDpc3J-O5IVGiMKRNQnSpV8M37iKBw3hfXt_DlkwGdSOtoHX3j-Te9j9pvLbYAyQVAHQaFss=	gAAAAABpW9YgJefUSs6ijJkQbAKQHP-GZoz8ChitOC-e-cLUvhPNQW9BeMJHZBTxsqdWsED5ON08hm-75oUs0ySwBzdbtGLr6CHptxhLf_D4pZicW9W6OPX3sAEH11vWPBk-FWsywrbrJnrskQmrNaOBl5TW4t5KJ-wDjbTxDfp7BqAj_k85wrtut-ofdoqG5LZTJyz6KQzLC1HPM1eY74FTF93Newig0Q==	2026-04-20 07:20:41.571608+00	2026-04-20 06:20:42.573226+00	t	f	3	2026-05-11 15:37:05.584745+00
36	36	gAAAAABqJDKd8XkwK3H-reevFPTIMMEU5eFdRCSgBrFffuE2y95D5OnBPhkV7ASRfnSxPL8hDdtTBk1G88CUWQwQ4-ZQU5GNcVlJyCW46NGGHWigCeCxJBUoG7kbxfm8v4mM3Dig8dsbMGY8cRQ9x6AVP9fHVNZa2O7xh8Rkg8_LemOVfV22I4cqUx6uQzKxtoZaK-oCVNRYHia_d5qQTb_Avq2AKk9LvLsOAZjJZQsIZFghmjvvH0akbn0pZ4CxYzwh99TfTwbggf3wpWsuNNQ9YfQSQRJmkOFj5f_lHGRGM59WPj109_NnkE04QG6ocRoptEKfvtlqNfCHpCFOil8FCMqd1X89JlgP8LfLAuFJOSJZ1nLtnYmWwT2ORxqiKUdpK147IHm60SG6jef3fhNGdj40gUMPUkFxG9e_sDoW0xETex0InK0=	gAAAAABpFIi6RWfd76eE9OYSpo6wIkOsMLJHX3NfHh_Z8qGfqeAB1h_zgJ0TwRq-MOyZ3zTuPdLKG2Izla6LXCa3ZnnVhrs63PqKgmOgdQTCS40v-4svbdgtR8o1jjA2crcfO0REF61qQC7QxjBIcozVmtQMp1vDlLyg_K20z7dkCpyXzG7Bkg4YoSG-8_M1EK-TK4pZVOJaASjddRudAYQrvypI7YV-Uw==	2026-06-06 15:45:48.997326+00	2026-06-06 14:45:49.998416+00	t	t	0	2026-02-23 07:38:56.996397+00
5	5	gAAAAABqJDKeWg86lcErjo8zomLWuGubLejgSxzdgEhiQeMV5wdqJE_MJJBs_o6fUkadenXObEiTt61T56K3_NbtAbfGKBLP7ZXn7jX5IoCAw_VDpyagFSiJjjH-kyNNuoh3vo6LAaZF9kXrcln0FeNIvWhrEUkPRF9ThG_zqrt2pXjQctYxPInDAkne9370UmDtKVrDbnvamX2E4oeV14fALmR_onY2fdWI9xRnVqHZf3OGdisEDsIXicuLRas4Px14qoa9hqH0h4S4Elzs_9FuITHonVwubb2YMmt6ltIQCin0IcbQcmVrFCBrKUhShAVVzqfwV4CuxeJQsOqEJrzENd7QdyqoLIMRPRRrbmA76kOg3rVD5gPzweaxMFOP7wcGVw8v0GYOQNxOu1B4UFZxr8NEWiIos3vPxw9SE71J1taT8e2oyEs=	gAAAAABpD9DmIQTWOhhg1q2vxLMwQnWHonPtlhv9GvqKV0bfbHh-4AEg5ypeOXbNLi5zwD4lp2E_c3R5Fq5j11TCRQjnLy6HGol442zUooFEKSxWCOxdsbGE9ZT-JuJrb9NododG3UBDcmnT8zZh4hO3oXKU_9tCIfUii7Xi3qu2Q1dwbhM5KMN2V68PwfkTYIU2lBjOUB1JMamRqZK8nlK4dyNtiPKd4Q==	2026-06-06 15:45:49.172873+00	2026-06-06 14:45:50.174371+00	t	t	0	2026-05-27 04:43:59.970378+00
9	9	gAAAAABqJDKegOMAg10fwGWKVsKau2oFBO4e7mlh6QcNiAAZ3OVJRrI4sSNJSC-k7J5gY2FbChcaZNs3c8Ar9WE7yEyi32s9o51dFTqj5dH8VT3LnL_e99OzR5wfVogjwFCvZLPr9hvWuPj8luYkjgjz0fnnijhTvGjbyoECL8hDX5b01f2tDaWxnZm3c1i4HrOiTzD1sF_aA1hV8QBBqScvGNzJDPCN5UJGULe7US5u9kznVZbpKH-IziIVyuliNFqZLuJjuugDYvmJcVyE75WtJczAiSOR7wzj6MgpIF8YZMfAcyD1pottmrADX_A_2ecRo6Wfm4mkPeNfWK_AwSRYAZNy7pwO-4-3fYVaGo6S1z4sIKvbSXXHgaO2PWifvWW45j00Xkw3M78qik-n-oZARQrg-QQAp73h7gB8iGsCzNgk7jcz7Mg=	gAAAAABpEGf3KPGhwCZL4Y_cENpkoeL95Wo85KYSUdc6DVc1essPQPYQgkcfb_jxDjHZ_O3lKRGLWgy662ZB2wW8PYWqFP7_nhaA5X20haJIbL7LBWE6ophwdMlSit3CzZbtxekDJ2qOgQpE6Pf4LUZKWOgikLBw_47GJpesAnhNtxOZI857SSfrDCYKXIHZqdRtOTLElX7OAzJOPQQednR4TXystL49OA==	2026-06-06 15:45:49.055561+00	2026-06-06 14:45:50.05689+00	t	t	0	\N
134	134	gAAAAABqJDKena0uN_Q_Z5vM1R8W4XYpIjLj-2_2zTQ22utmKnc2yIitplYSKUNnDAxE4qDQHNuICYVZCHG714SO5V80OmMEjEcrW1gC5dILth68M1vsSNdPHu_LqsUrpPH0_Yc8v7KAk12zDblUDMMqKjDwJ5iCNmsses_CxMps19viRPb9_FfbwNegU-wACM_ZqKknnaFsZ6xWDI59jShmBxZn-brTIsZy0_4G0Gqm1Uvnah7fQkc7EJnDOCYsn4GXOm0WALhnFDJELzhtztPQkIjFIEFkaW_K-vISVa6s2_qZg5xnELlvBa1qh6890zy5dASlDyDoR8DvV7Ct-zgHnCW6pQGGWAMJd5m-pFvGRMaf2TNPB0sY1jSpyuqb3GR4M9Z8JiKAb-VwpRW4ChcNatSJs9u-H9CDnaulw71uHxIde-6CQyQ=	gAAAAABpTrYp4n4SpJ0rrdDPIsaNqJaWPptXQD79oNxZDwfOL55IlLLEQG0hY-ifYBjz70QDeQLSZ2zhZnE9-L3AzdY2pepAUZKMohQbh9pX7EGG7a-qEDBQTs549Z70NMD8AcxLeSd9Awk9XP-3Ku5GAWpuar0ivCWFLjhZs-TfEUv1Bthtni7kaT062pt3cF3bFUOt-4GSovZni0-q6HBtP_V81xsm9Q==	2026-06-06 15:45:49.114524+00	2026-06-06 14:45:50.115897+00	t	t	0	\N
297	297	gAAAAABqJDKea9YTPYHWBazqSfnV2V719zGewVPVNNOdx4nDe697uWKaQ4R6-Qckvf2LiWYO1iMieEPXduNp43zSWDOpxrRQYajtJam1FCyeuFljESRGf6-x4R3QBpjy2mJgkq3ree_MPKNwjwHixkRTZQU18JP8qTNkWG5zAxRzFYrQUpVSTpIiv83E5okdipEfPUNqQfHzp3sBHVVAWY545Tnl6bwqxaN4F5DOOlJHOOy3MojwkbdzxdLpdA5jgjPe4HZnkkAfwG4lGmbxNe1h5jy-iDzvcRcueWITGO_8RaedQKPtW8JWcV-nZZJxWOjpvdsrTIfdgUL8uOg4faJmlWEZT74FpqEL-9yxs8l2ABmgwk5rVw73rR0CiK6NXPesH4QVDb6Jcvw6iMEEuNgDF2Zo9iOhbni0Fj9dHjlNrotkWXd5YC0=	gAAAAABpx_CDaHYg7shZOcDlzVMX70xzAy0-c0VYm6-9AzzqiOKs65HoZNTMncdfShajkIXTwb6elJCnmEHDzxI4hjh0CL_l08MDc2K1ycF4di3_lQOJCk2nOnqZdhbqXTFDMl04a1hMiD7nuSe09rvz4xp4EkEoxfIDKmoCTELsWtQ-wJ4SJSGMeBe09A92QLTFkVItalD_260280MC3RDQGn6Ya0do1A==	2026-06-06 15:45:49.277235+00	2026-06-06 14:45:50.278973+00	t	t	0	\N
296	296	gAAAAABqJDKjikWzOJJenkYTO8a0kch_bL1hxb99VZESJKvbHcaxpRHaXR05t-eQ6zybVWQi-WzpJSeyywTKxu6RkDd5ydPCu3cR71ZsjtvGCGuBSdueFhyj6KrgqoCbH6eEC-6FjSvnmcnJnSXY91LnD0W-q43vP-s06GKHp1G0PP7WXhQ5lV5TJEH-40oavH6HpTL59mMFrYMfbfVAygMM8jZTQKzqF8eN7tIJ0uYpPJzHXYtMOrubeSOwtDeQLG8I9xp22hUhbPl-gwTB3aOUlu83aRaXIvcJ0vv213TbaDUWKudEIcLD1zpHtbl7yOBbtWTVT7FJaTy18Dif-XRWXEIXFguVuW2UOiD97xx8ddfQkftjJBTreyGdLewHnb-CRDbu51RNvAPYo44MGhkPpjRE6hRPGIgMV_Yk0hZfq7NOCJDL1Ck=	gAAAAABpx7HNaFKlU14j7jvgPLxZ7kZSX1fpDnr8XWKjTypf_A6ROYmm1KNws6kAMOyznGcaCBBhrg-8VdYhKIkm8vEBCJl0fQ-ygyDOV-lLZ_zAS1-LttpQ1jgTDq0_-LLK2A4zpje3i4QhMZyRquBXetbZxHwWAAOXgrjH1KBhdPkew6sKwLRE1fMzUD9XTVJn9-9ZgObMn-fnXioS1LBqv8qgu5WSvg==	2026-06-06 15:45:54.691835+00	2026-06-06 14:45:55.692825+00	t	t	0	\N
292	292	gAAAAABqJDKeUFYca6oNYF86a0bdvvvTICVd8wOhGkQ-eHMWrArVx6r9WL_X6HC4UWJiD_QZSYa0kog2QxGnvCtQjxVdXCBfi9iNnEcbPLDrG8uBUsZr7LeIW6GioqcXtrzd6LgR9sSTbz6xMHFEDKgvqrOxYtzK_xvL8yO2T5OgnYVQyNweEeS6PxjfMUqh69i8dCEQZiH5vRSMauc2du4gsKk_zFq6VydvJ7iAFrZPX35OOf8SnYepSePl3NdBdkWbX3ccD3h5Xu27qE2DEhm1lb3c2Pz4zhFhIgSI1NWAP5uAhfn9uV02ba6RQH5C740juqfCYQwCvUojSowIa4hRTgGE4-gmBgJ-a1ptSqSIIti1Ok2eMs5yti63Z61we_c5QZKad0pb2meU5LYb7xbIrmt230146Kcm72kUOnWtLkocwJC1HvA=	gAAAAABpw7fq3Ig-7D8V-aZElZX4wBlrnEwVEvvx_IR3XFEryJ_2UFU8xAxIWpY8jGwMmAfzWWTeCeHWh2y9bGj6iJcnPTFwUDaNCsbWnCiOKOgazd2ylg_oX5AGLlr4vyMYoejfDlACKvawWmvF0Su32r7koLAU-_IQBDdt62Oiii8EH0x87wSUH5_D5DNX-HmWjNutY3lWy2mkkUBZuXqNhh5vnYAJQw==	2026-06-06 15:45:49.411156+00	2026-06-06 14:45:50.412689+00	t	t	0	\N
295	295	gAAAAABqJDKeTW3Mb4RPB2fRBGHb4FX5WqlxTWutTKsoWlv7ow0r35PIl-sgED219ysuzT0xPZUBeMt8wVZPL8HUnaWst2temtay2eB-DilCcY29XpdDRx_MaUZ15lw-bojQRIeSy3z08JSHvN_ys5blTXof2iPnSF3aL285MVwuLN6AaIyNJCIqCTI9UOOP4W0kc0Yrrs-NT9HPDkI7Kq0Z_k8RLzgVd7EAmUIjcA_LPQXUMYUwPvQgQI73TXTvi0Kt0zRvyWvHuJZj4HKP5bq-3X0tuLJF8xXCgYBJxGq8Zat9w8Qns6KBIlwuRZSKbTedYWToPkEFey6fQE3mtCfk75ahAIzTRh4nXM13jjhWXZPVvpogKCJRD_DAKOUubrvegF707A9EYmsn-wHkNjsxfQELAJv-RISnFbSmdYiRsatOPIJST6U=	gAAAAABpxSE4BEE_zizctLfaDW4IjU67bOD1nOivyRCahsZOX_0C_aERmPLTIQpwmlCWfMWa9K2U2tueA8dpFwKV-_h6Ol0jrg5MVxjEABQX4eYXRNUuPThz5f5R2QO7jJdhOM0-GY3LK3DlsjDzMED3xUfnTlMA7q26fDbFuJRzSnnYOphj77vXMyqpqg4FY2b_OJ9VSNQWMorBMkMIq1pexdGJIfJ8Jw==	2026-06-06 15:45:49.342502+00	2026-06-06 14:45:50.343421+00	t	t	0	\N
1	1	gAAAAABqJDKj80d5Q4CdlVvF0imLbvgx_IF16BcqFJ_fYa6cw1xr7ZMKcfFlehaGzHMGnCbvNmgeiZXVDkz74Dl8HT7ccUGMrpQvgr5o4b297fHCSoM9ewnDZQmeu58LLkaSRY2eOsl_TVgmyZnQwwRd64iLJYAFN7KkLOVBmmzgW1w9NL8rQP9IpKEdgfnNzuP8CG1NN72xEHK2cn1CCEGr6vYXzn-Kt2YTWKyruOl2dY_h1a-CRGi0BuU6H7vWeI7R1vAk6WbvK1_Hv2L-yq-BN_wzeO6Z6B2nnjN4Nd2XrVUf2uMHUcaIAq7XLC1rWB6Nw5S07_a0zRa0lUOrXU7Nb-d2D_VH1iuvS18_KowI_-lNnH_R53Ik_Lhu59fy08jAGf_cYilFF5uDO0Z4__O2edMQG_YT5w87r7wSN2pdjS55QxTRI1I=	gAAAAABpAomCHEcMKlPxbvmwp5Tm0Nb8RWsm_0QDBC9HE_yxFTwLKuFI3uER9KS6Yovv8dsfoSj-zd7v0fM_43V9_DwN4HWlX6VrNCSMcrYBEvGdsisvK-q0Yzd5sH-RhUcM-m6T-NDiu64CFF7rm1mJ_eEaxarsyLT7wCWa0iFDWwDnSEtjAyVrYKTsdD1HZ6L5F8-jpog6ZgSeCeI2jcGGipmb46IFuw==	2026-06-06 15:45:54.749205+00	2026-06-06 14:45:55.750347+00	t	t	0	2026-01-20 12:02:21.645889+00
268	268	gAAAAABqJDKjT_oOPgkRh3FnR9PjHZX6dU7Yvr2rtD5MFwNe9YjmtyZPSw6dD7c3O9G096qAMqHgsdzDuMXwHG4OelP31viNaus5AM36WfIj1GHTwGU_HCJhzBjDWO6BogrcG6FYXQrboVW1MwdXULH0ey6y5b1EzEtFZuha1ndiZXGksSMBHI4P2HmiNTVD7xZVvYYVj5EhxSmKJ-i3rRiX0TF0j73X0Bby55aOXRNkPw_hFWtDPQa6Zz2V8xpG88AaUAJKokU0GRkmRI3-hwKUawcLAg_-oVKXC6xy1LkG2etjO_1Re62nuqu3OybvTbsLcWl4E9_iDSmvyZ-1v3G1qIEqq7NnGinl9sm4thw580EVVrb4mdxoRCSVvfqoFw55uIO4zzKanA8LSWK0AwUfDFpAjxq710AR3iqBh69Lr32mthJ3CSM=	gAAAAABpuVhQI-UeUFNNgYFtNj68-dd8r2n_7lYw17l7Z_nGI31GxGyJmKkxKjDVWSHOszwGRKVuv2gCCcu5Om8KgY2EUIoe6vYjkk1zrp0cjrsMZ_NHuZaOUfq1LsCEluW3LHgYn6PEUo6Pi5O-xXaO5z8gtJ03e07V9bWO_CDXpzwqiAdLJTtQKEU9Z8OGiKzVt4TlUdvsgFfUCrbtwdj9tm2DOlQA3Q==	2026-06-06 15:45:54.829732+00	2026-06-06 14:45:55.831029+00	t	t	0	\N
271	271	gAAAAABqJDKjLpOkQo62oEQGdQQv55JuBA9xkFbt1X5Isb_fBRAPr-dbdP7Os90UDTBj4HZI-adM2Wm2mKjKV4gJ-zzO8R9krC5muoCUyEwMezEXkZHxWFBu8i5tciwT413quhVjQTyIZr2qKKO5ZeopcKhtQTRD9pBlgkhg1SNDNob_P-b0nQ5I4r2nSIIlLmxPARtxQkT_Q70hZhnlpBp0AqE-V56Osyxutl0S4aZeqVgtO7SInIm6ET9I041bTTKWr12hcuwYvkSWPfhaKiyek-XznPhK0TX8FhKlnT98WqkzeycXsuw1XSmFi53zWF1qP6tqelb7w_pqooC71lLy_S_M1o3WxtB-IQXL9EbQ7J0xKuLiH39BVm9v7ZJgBzNms30BBOoPLu_FKRZwrlZULOVjpxMZUuXVUZGtDqLU-tM4MghirhA=	gAAAAABpuvTgjI2w3WTLQ5ysbm0LX61U0KI22h4U17ka9alE4IBrIjFNKw5Upb26Mc6ZG_VU1Ch8vwgaY1YOwb_IeFY27eMPdY6wiSweNlqqWZShPVCLVqp1vYJzChcQWCZ8-V3PM5KoLdQM-37z55IW76N2la5ER2GPsZKPYwD2NP2JOx_ihtPS3dg4DW3JuNQS6eJjfexV4CTB-Fy_I2U3XQIpA4efRQ==	2026-06-06 15:45:54.893956+00	2026-06-06 14:45:55.895142+00	t	t	0	\N
274	274	gAAAAABqJDKjfB6qO571jEaDC7OfyBEu7cDdwY4q7Z2ghpxL9b38YIel5-2s0JlC8bZ50cLeHobSmQB4EcL7IGe07pUrfZK8v4Mvd1G3u9X19UNM8tn33h70ga_jrpf0KhEyFOer4MhiGcHC6LQSy7sqmKAOsHamvx-8COXCY3VmcWQl2Ay8L8-PgR7pr_ddkr_PMPUW7KzZTm5M-EF5AXRuPGbjjlwjLeXmNIU4hNOCsGK1a9xDzMoYKpYMw5CBm0pqGjw9Qdc5KHecHB8Ul80ZoCO7ZfYKYnIlg98Ldkc9yBpi8ucfscFkCWpNIFw1ii54Phh9J_xaLKbf2Fhfp2yFZoDA7Z8GfBcSa1wsYzpcWCWa8JLsf0MmgTmc8NrUmVG_jLWVntaUIJoAjp8wVj5eUE8bbYb6xf_Lwcs28odu8s8d58cQYZc=	gAAAAABpvY4pBlqRjP9UaDdmltfXzHOtHqCNlD18v-2krW_wxQ2ZIA24mFHI2smWfDaRmEwBj8-prnAMf_UwnSpBJQ9Pk7J6MS--8gCFO7Hn_LhkW3adTGSwqrrOMkuL1FJ41_MIb3jAlk9QPosSfuCnPMmxgFdRaiaNuQzOELuCRTN-nIj_PGjr01Faba5peiFWy2QCk3f3v3souMZ4euU8ZQFYRdPTQg==	2026-06-06 15:45:54.951465+00	2026-06-06 14:45:55.952923+00	t	t	0	\N
277	277	gAAAAABqJDKknpa5DpSzvszPYU3irVsb5RN1v1imvdFqy7Ou3C7qKHq0NH_p2K4hmrutzJormrtwFT9AY0AkaEPRfP6aPVqat8PhrIcsQmK3bpR6KLVH9mIrYS6xzeF00NGxF0aH0rQ10aCGMY7ndR3gexhrm1CV2pE0kqLz4b8w_Tam4JWYaOJBjYC6E5aee4ouUd0YTzDeV3mzaS9A3SmySQOwBYD-sZWC0t7AJclFRXpwxalBpAufcG1twy2YQ5GMRDebYNvBx8pXdSFBXCHx-mJWxbm5DfBqwydVVi77BeSG-vStjhqyrhSqWAivSnRBS4SNH20gg3W5xie5hv7Pl8lobJe_TpHrIBdeYSso7kGQtRj2DbcZPOyC5HExziurtOaI4mqOs28L44Owx5jV7fTe4fhaNec90OrcUWX1-PcTNe3Ayw4=	gAAAAABpvrQ6s9shCfJz1t9pkyatDfTrSBvk23oEyk_K2VcTvlv0LFQqoTo6kIFRoZZExn_Fq93N2UmGgQUd_OhuHhDujTg4YOPkiXDPbfPXfSlXXgY1_vuWgr0kMkS83gxW27bUboH_XDuqSYkexCS8kM1xIpE3nY2kfmmX7boevdP4S7JqRd6M3lvGM_hmK7bw9U73p7f_DbSaKS5oQbASpKiSMr11iw==	2026-06-06 15:45:55.014824+00	2026-06-06 14:45:56.015907+00	t	t	0	\N
281	281	gAAAAABqJDKkI-6Il0N7mN1-qn2FWdj9Xf7qA7JdiPBF9KN-25sh0paFdhuJSJTddDhGH8I7SWGd9q8MF16fQqy68jvlFaNkUKytzIokRjoqZYkSsMsM3s_amkkwBP2Fcqs2GapMfqdWnR0U5cgDx5rXsLc6zW7UQej4QiBh8gMBJOtSUtZ4B-j74PGsJkBJEfnk9fX95z7-ZN3jVEaBlQhH1C0sxXDgdo4jsqIbCUXj_JKQv53CDUwRh-_jsozAGUs-vdvon6pHd9w3BFl2f2jTVSN-8XTWO0NQCY_f-_YU-QMu7ELTxEVL2hu3HvHh9HDuozk5hrahU-Dh4mZLG_ncsmu493EV93x6aUJbtiib76GcGg7FDyvst69dTOeJEArUMLnDz3jbJOosGeTpaJQ_YHc-PnyUbQWYDfdk_ji7yGTAuH1aqwI=	gAAAAABpwCa-8zn-VVmK2_H8ivHFTgcg4EqzNJZNoVw_K61lGvQPCyB9xK_uuyOLDXsGCo6XhEO8ftNgsGi7bxqnhZeLa7sYo7NqWNgAeB_hud977d0a57eRb7q4BqTcya6G2vBksviyv6g0p8nX0NofDOyzQZfp62AOnJOn-oIsqaqf-0_0TVhs2AftEnpt7mKhneimcZPtRG806YlJfQJb-sZp70C_CQ==	2026-06-06 15:45:55.085647+00	2026-06-06 14:45:56.086924+00	t	t	0	\N
282	282	gAAAAABqJDKkQvJWHUD-A2IApEovHBtduetoQPd8PIizFTL2YhcMTWtzbUznMAY94swOUCsHOm2NBGzYn1CQpVgYrCFm7DAvfqCUBd2J-0wm98NAjAVOhB3nMqDIWTuCBCEoadAtYvJ-b9qXrTH3inFPWM72Q_8tSFkuMLJxyLxWXPpTqq2LxVemrQoTEhQuEFdr6bwWU5ZLbnPtAbTTclO5RlDcyvZ2z_aQDBWQwMWnBNenutiIM5Tjotm2alN8y1HMHuukhU80wKHoQ_947fP3bInMlxG-n7MDTpIovWNR9Y8mdUiygV-cqBjFIuUvcp8PKZXoYdwjphfxDEwXk0PxJHQgGNOtkySuz_DLmUyqhkkX5QDvSGncaT69wcZYzsVwHbl6Bfo7bQdsotsLIZmpo9NTu865_XxXCTgcd_xLQAI_JAuLoMk=	gAAAAABpwCjWjfCbUi7zSbnWfN2qaorMBYJ9lYKh2lyz5FVJB0YuSIiBErO6YDd-SYVsx-FIhsvx5F6ONxwbtCOa4BCMxh6eMRGSNbi15oyOIpCfcumyk1eNarVNvvJ665yBAse-HtKTTtv9I2j1Tce7znXz4Rxjs8Gpr_XDUx80y-h3UTUDcWVMzGA20EjC_lYLckhn0Pz1shNrNrvDr7Kqb_MmJgszLg==	2026-06-06 15:45:55.154919+00	2026-06-06 14:45:56.1564+00	t	t	0	\N
55	55	gAAAAABqJDKkKwKb4kupndEfUYvU-A1dBkNsDRbpfnbZ718xGq71le5aD6MTjej_Uwlljz9Fw7RY4J4K1gprMtMhObjcM29GIEu0HBUcSjd-EeweUHaiB410JWjJa38ZECaBQIEnHWz_70SX9jOvmjzm3qaM48gM2IjSgyxYOtceXv2mViXPHGmbOUtmIPMEt6SnwCMeOrh4zj3cOHR-GMhuEx82wAEn-jeKexSWLJUDHSTr52ZPV_-yVvET3Mb3gnxwOrVKFe-Oatd9IYqmUYKN-kNmzTffIjYgBhoX9T5PSJYzWwquwRvRJJLboVyXwVbXCgOy4t5SK5CCWVWhJFmInVs_JghSpo28D0WV8Izkj8M98OXC7iRHOakai1KvfpoExL3G23bhTF4L9SHaYYJ4-_psnGv1AINo9IZNzeAa_adw6EVmVuk=	gAAAAABpMsV0cZ7FDXGyGrswJhfOyEPOXn5QqYq-KJijLaU3SMb5pawMLWBELLpwijcHYX1N3jx0LPXWxfBDV7f6d8rXjnjDQ8rdhbaaFQ-Q__GN_-dm4VWQeC5vH7kLqPiobPXTkTjcrnBgRyhrkxnvR5UP_AWUSx1ImXIFxs0ZZ4GjpNngeQSPAXI6VASX3KQ437FWvwC2VRdWuFl-pjCdAJaRUDmvvQ==	2026-06-06 15:45:55.23241+00	2026-06-06 14:45:56.234505+00	t	t	0	\N
58	58	gAAAAABqJDKk-Exu-5kRHeT4oXDvWGwgvFFRPi70LwmX_OI8TeMIL6HLmIRvtqsNnbcJqazQ6ooNvREuObZJl3CpdHvyBit2kp8hiahnCInCeS7bb37yfPMvqc90mO9BAMl6aMPIIK0wt0IacNP42T89CUYFebcYnDJhQgfWxL9Ovhfv2GKC5njPT1rNJLg1v9t964NWJ00SJmFyTPwJMyS50IGHsNE3Itt0ERwgA8RMZc5vtN6otwDqPe72NqbFsObQnsjPR7mbg27MUO8H-1GDdYkSWyir-aT4hr8x-1joWMD59AK1os0X1ferytgQbP368AQITbJDcBFpM1LksEvsFEKJastVn9pdC7h6KbyXOcezId57Ks5zCpzh7qYI5GiyV2v9r96MTlMhmwgyltotmujriD5tAcsIRRfWeML4N7SVzY0yvqU=	gAAAAABpM0JI69ukM1PH9BIpEX12ex9AZ1Y-CssO5xYulyyjbq0-S-brTzOmC90b_3ipn_HzoQD1GL9RG3ftzZ8-NgcKeEtDuQwsRlGo9uhdfssr55c9iTFHcFRHpQIY5VRz_HklX_2pfuXq_gMOePNwwQfvpOF9yFZsAZ48y0dH4dPoUDbT8n0_0l0ory-HKYcdH7CSuF89gAXwJy6m2O-Q0Jxuc8s7rA==	2026-06-06 15:45:55.305503+00	2026-06-06 14:45:56.306931+00	t	t	0	\N
45	45	gAAAAABqJDKkvQLIwXwK4ghShevRHysSKe4oH2txgSw9ThN42UW1XF0IC4WcodCHb5JdaB98CpZ18RrAGK2SnSEcsDTIsJI847Htgor87iuOF7HLcoZP5m0Qkr1_-YepaZv8vJpNI5gKHqIjhk1VdRXEMyxxXhrMFW_my94UjLa_xVuZHrOTJgRkBQZn5jedTZodPd1Tu1RuEoS4eMwtvS-eI9TLe5JwYGako13vojYcrbcO7CtxSdxL5SrWIlytSbB1k6nPRKt1_-ZIou287zFtSkfRAMm20-XIfL_kolfMGLgWJnpsAFmYLCAi67Idd5rOhQL0XxvrADNbjesO4uekqF0J24lqbHekDvbwvYatTuUz4GTw6ZLG72hdHoPn_i0vsuFt8M8Myj6bcP0_L5Jy6Sx4NhC4zDwKzot4YB7vVi6pJeUxByI=	gAAAAABpLvHZ68kuku3piT6HM-NgcNAhfZrbM-R2kzvTrxvzzcZwu2onyqecPoGFxF2ucGnPZvAD3NURwEN9ZGcik4tj4aIuCB4eNc-JGRDtZ6dJYxA6C9uRhXT5QbUJvE-zvqziD-FMZ9Jy9m9GkM2E11ywtcxF3pvfeHX2JmUMHqVwYoZwcnTqBbcm4oA3VDEm_pVkORgRoZ-TxmKdfBheZGu8XTUCxA==	2026-06-06 15:45:55.381194+00	2026-06-06 14:45:56.38312+00	t	t	0	\N
54	54	gAAAAABqJDKkIAb1e5Bkku1kem0RGgKoQx9d9zYVXGzAogm6JrRvUvsRqBSUdEn4MoZEk9gsyD4utkmNtDWqK1b2dLITzpMfWAO0IHKmgXmS68JUKMKHOKV2SXXhVWRL1wk_iIm8itID8Uj-KaVrdeAh5R5ZPtUmTOANYAG6wZQ6irl6yAiYIR3JkGyKyjC151hAQ17hKBRgZSMzRGMfvEcN95zXZFouU5JUb61aPCIFWKfm3U2z6qAYDxrXC02Vqopmpn2GJ9UrGP9y6ylLklW8ZYg4Silr1WM0v5SNGAPpQ_Z2__QbdwmbiTPuqj4aDf6ePZ2_D5yw9VSwiLy2n5g8HqydFhLY8hRt4YY6W1D3etW_N9SmR_pACkDa4PpRpsisHJL1CugEC5PJWBnZgI_izVnaay7yn7yHXk-WurjaYBUwVT-CDAI=	gAAAAABpMcNgZyXq-fLSqDa38PKKny8t-Np9gcFY22m_HM9cuISY_51XE6Uqed2iC5Gzqk-jY9ljlfuYTqHeZMfiAnwH5aZrUVdM31fRYGmz-EjgYTDlNI7UVfKLOlOiNLuPI8y7OHdfl72B6-d8KE4RHxMEVw9nPd9UijqiIFW312Pfl4Htp-z5BpbqRppTDyK6GXkxCk98W6yIS0zLCBP02WN9o94jBw==	2026-06-06 15:45:55.455016+00	2026-06-06 14:45:56.456225+00	t	t	0	2026-04-14 16:52:25.325407+00
182	182	gAAAAABqJDKk80mYGRhMs7gp7xt6nj9dNrATW3k7QzudHV2FOgbU-oPyRDiY-RbLa73DTjoD3NsMXXiNJ6aDSRUwKh8Ym_W_f5IkUy8SafOtNcG-Qz-DKrPxxYVFtBoTEgUBVBNTg3KtwuDV83E-U4WGoMtB3ArErgSWquIb7uuynD-JYZuztki9wFuPvL1mBmSMvqTUFuHm-JJcOv5mhnCz8WgOINJc1qZEeQsXqCrUrEfR3p7ewQJAjjBlgxNHoDRxTxz30eae__z4yfa0i3G301bc0myBlRjeQI4c1qg1KsqdMv38We-CbDuD1e2z2kNJE8yM047OZ4avmWsY-6v-N-OB63uLRfYtpw-Qh29z5SxyCuEhsJ0-JERmHhwjgNjln0pHL7Z-Gi_X5zFuF24vCOvfMTjB_ELoaUe4jIyjSupD6lUNit0=	gAAAAABpY7kf39B9jyw9lUP0MJQyPXQhBeleltyZtrXyirYof5g2_OnVbhOIpDG9i0RLzkgXAi7HE478cjK4cxGVo3IK-v9OyE1Ts9ih6cYS-vW7DC_P6FIe344syK1_gyt0oXNIFE1msv6sCEfVoGCKZ8BIO2gbdIXqq7HDqZMnVSg9vcQNIoRjwfWd-WQ9umnYk9PkGqjNUzw63i5wCrMe5-9bzThlXQ==	2026-06-06 15:45:55.731278+00	2026-06-06 14:45:56.73285+00	t	t	0	\N
263	263	gAAAAABqJDKki5DS1WomnXF1oTB0ZlAL7WB5ieDiNVAgjLQglKuVExDIC-DoP-olhINi7w8a8A_LNlfqTGrRNXbVIUlIMfYNZNdvmhsOW8I0UsmemSjoO3UTXvcXvEgKpWzSg3FN7PT5V-aH4Zo-W6gHBkl4xTsdHVMpWdqcq6VrS0HZPfmrB8SBdbHBP2eQLY-MsX2w9AflWzJgSX_OvZsGB3zP57ZxVkN-OwVV8XF1mteW_TH4gz8sw6xdNK6czmx6-2gFwfrakPJljPjxUZ40oNtW6JWpwWwrgUlhhD7swZJZvJ9-tPinYLgTdaOd8IXfqsdmGpg0D15vw8Iwiv4LdHLjLF-oaHeWFg_yUkKrbu4qt2b_lrVjPIG2uklwst0ndziHdgEcy_NqG8J6EEDKxVmBFIouVENX-dQMLZyGSeKfMFrw5cc=	gAAAAABpsdnOPPwUcblTrXMpFaCP-SeFbpHStdJ_t3aIVI482vcmn0bMAvVxcnp9OE8WR97Q7giZvltLWUmjwSr_luujmpXrZQL9sympdEYoK7hl9J2U6v4pkN-O3UCjRD-YJU9zJu492N0FJshth1DfTS4pVBG9Qz9qnG6LW9PAabvUgKXHMn7Iwl_akgNi718MtUoBBHjsrW5m6UYSC-Rg7vo_hLIVxw==	2026-06-06 15:45:55.524645+00	2026-06-06 14:45:56.525917+00	t	t	0	\N
265	265	gAAAAABqJDKkumcLz_hH4ablStqXzr3GW13oRGcFFRIhRNW9mbIEBkCu-V_V5kjt-q9Mf5h400lbH2BOCSOSomw79uNFnCln0QyzlFDTVCo-v0_JYeH5OpmVGTXpB4X4YkSL4RCtWymCZnA_DhaB1APJrUwzk-uqUaVgcU674sbM-Gl534VV_zj8E9VjBW7GIvE1TkWekllI8kYjx9FyBfrL7aRQASK1kovDBBM-fQp7WrmBTmdgh_rmqaALaKe4o04VWg-pmOlfUo_tK935XFOW0yes-pnkrEBEesdV2WR6m-3sVOpv4nc7UoJs5UYctXWHbsYgwYI27kxxkMU9qXG3xa9cJNr5DlKDZX1YEXVRPVOj-gHbfQY9ZkPXYzY3ZeK2l2zezgdc00V3GhZ1Hm_hR0sb9lgvQLa4OKymHKKNs5oJujkdh3I=	gAAAAABpst8RQ6KkTahgn-c7msfOde64HFKED73PZ5G6gsK0hZIHe9qFB697-AAI8ZseGGTTnkOMwrj1ocfSMO75UVzC2vpUitKsyKxvv4FFa9nhMbpzawAn2PpmzgEowy6mEJUutnXH7EKlDJikAtilxUqnA1wqKo7aAjbOa_ZR9aXJVoEaQb8QV0iNKFkHyCi6PQrEm0RWw6c26HvceEJ88lXCSaHBKw==	2026-06-06 15:45:55.663652+00	2026-06-06 14:45:56.665028+00	t	t	0	2026-04-16 11:39:56.89215+00
\.


--
-- TOC entry 3473 (class 0 OID 16532)
-- Dependencies: 225
-- Data for Name: sync_status; Type: TABLE DATA; Schema: public; Owner: -
--

COPY public.sync_status (id, account_id, emails_count, last_email_received_at, last_sync_time, sync_status) FROM stdin;
36	36	33	2026-06-05 04:59:11.153745+00	2026-06-06 14:55:22.853797+00	success
3	3	59	2026-06-05 09:59:04.545849+00	2026-06-06 14:54:29.813381+00	success
50	50	71	2026-04-12 01:24:30.684066+00	2026-06-06 14:54:34.3508+00	success
20	20	225	2026-06-05 22:41:46.586621+00	2026-06-06 14:54:37.322044+00	success
71	71	73	2026-05-30 21:54:41.189473+00	2026-06-06 14:54:34.639535+00	success
15	15	179	2026-06-03 12:54:39.488387+00	2026-06-06 14:55:05.366321+00	success
7	7	159	2026-06-04 15:25:35.614884+00	2026-06-06 14:54:43.698745+00	success
63	63	185	2026-05-27 17:05:03.148143+00	2026-06-06 14:54:55.646277+00	success
79	79	113	2026-06-06 00:14:17.360691+00	2026-06-06 14:54:34.976477+00	success
81	81	57	2026-06-02 14:43:24.114136+00	2026-06-06 14:54:31.729126+00	success
101	101	63	2026-05-31 21:20:03.737587+00	2026-06-06 14:54:58.62961+00	success
52	52	67	2026-06-05 08:05:59.09864+00	2026-06-06 14:54:37.578433+00	success
92	92	98	2026-06-01 00:19:32.265707+00	2026-06-06 14:55:08.791523+00	success
34	34	108	2026-06-02 19:31:52.981871+00	2026-06-06 14:55:05.496526+00	success
26	26	68	2026-06-04 12:01:36.487676+00	2026-06-06 14:55:16.790822+00	success
38	38	60	2026-05-11 14:35:23.447045+00	2026-06-06 14:55:22.190002+00	success
56	56	30	2026-04-01 10:07:47.692417+00	2026-06-06 14:54:37.66173+00	success
116	116	39	2026-04-02 13:08:25.244182+00	2026-06-06 14:54:59.216735+00	success
40	40	46	2026-05-26 14:18:22.828537+00	2026-06-06 14:55:22.432501+00	success
61	61	109	2026-06-04 16:56:01.576541+00	2026-06-06 14:54:39.547408+00	failed
122	122	90	2026-06-04 10:22:39.259428+00	2026-06-06 14:54:59.451525+00	success
41	41	96	2026-06-06 14:05:51.661436+00	2026-06-06 14:55:22.557906+00	success
16	16	198	2026-06-03 12:35:11.979203+00	2026-06-06 14:54:44.048124+00	success
35	35	98	2026-06-05 18:52:17.077622+00	2026-06-06 14:54:44.525853+00	success
64	64	140	2026-05-30 08:22:22.965795+00	2026-06-06 14:54:44.732188+00	success
65	65	104	2026-06-03 21:17:42.493699+00	2026-06-06 14:54:44.973131+00	success
93	93	12	2026-06-05 01:03:57.089132+00	2026-06-06 14:55:08.916242+00	success
4	4	100	2026-06-05 09:01:32.307404+00	2026-06-06 14:54:29.204926+00	success
60	60	7	2025-12-27 02:25:36.995417+00	2026-06-06 14:54:52.43757+00	success
43	43	86	2026-06-05 01:40:51.373217+00	2026-06-06 14:55:05.621954+00	success
57	57	45	2026-04-01 10:08:13.985767+00	2026-06-06 14:55:05.853394+00	success
103	103	64	2026-05-23 09:56:41.247504+00	2026-06-06 14:55:09.498198+00	success
28	28	151	2026-06-06 09:44:33.043571+00	2026-06-06 14:55:17.009217+00	success
32	32	228	2026-06-04 21:15:40.32247+00	2026-06-06 14:55:18.172099+00	success
114	114	79	2026-06-04 09:05:07.816621+00	2026-06-06 14:55:10.214502+00	success
157	157	51	2026-06-01 12:53:25.776763+00	2026-06-06 14:54:50.63328+00	success
51	51	69	2026-06-06 02:20:00.569185+00	2026-06-06 14:55:17.817628+00	success
171	171	63	2026-05-29 21:42:13.822878+00	2026-06-06 14:54:50.212269+00	success
45	45	58	2026-04-09 03:06:28.510448+00	2026-06-06 14:55:26.018131+00	success
229	229	34	2026-05-11 14:35:24.306399+00	2026-06-06 14:54:52.977182+00	success
30	30	298	2026-06-05 22:11:07.344161+00	2026-06-06 14:54:28.535469+00	success
251	251	219	2026-06-06 14:31:16.637073+00	2026-06-06 14:54:29.494704+00	success
314	314	6	2026-05-19 17:52:14.165683+00	2026-06-06 14:54:27.396868+00	failed
2	2	93	2026-05-31 08:03:01.313924+00	2026-06-06 14:54:33.370111+00	success
10	10	101	2026-05-26 21:24:15.239877+00	2026-06-06 14:54:33.625779+00	success
70	70	85	2026-06-03 10:32:25.082316+00	2026-06-06 14:54:37.189365+00	success
12	12	158	2026-06-05 21:45:22.350207+00	2026-06-06 14:54:58.279996+00	success
83	83	41	2026-06-06 14:45:09.707612+00	2026-06-06 14:54:35.503033+00	success
82	82	127	2026-05-29 19:36:53.240701+00	2026-06-06 14:55:06.282877+00	success
225	225	60	2026-06-06 10:29:18.104645+00	2026-06-06 14:55:06.075455+00	success
73	73	67	2026-04-16 21:30:19.836533+00	2026-06-06 14:54:37.876292+00	success
84	84	39	2026-04-03 04:21:26.756351+00	2026-06-06 14:54:36.776129+00	success
72	72	116	2026-05-20 21:05:33.252632+00	2026-06-06 14:54:45.459309+00	success
230	230	36	2026-05-27 17:33:25.744529+00	2026-06-06 14:55:03.160204+00	success
14	14	241	2026-05-17 18:31:10.975008+00	2026-06-06 14:55:18.651901+00	success
74	74	36	2026-05-11 14:35:41.845493+00	2026-06-06 14:54:45.543299+00	success
21	21	152	2026-06-04 11:42:47.88918+00	2026-06-06 14:54:57.778526+00	success
19	19	58	2026-04-18 03:00:35.243638+00	2026-06-06 14:55:16.675711+00	success
24	24	100	2026-06-04 15:37:01.785578+00	2026-06-06 14:55:18.885668+00	success
76	76	96	2026-06-06 09:14:14.845867+00	2026-06-06 14:54:45.685173+00	success
94	94	47	2026-06-02 14:21:40.527154+00	2026-06-06 14:54:46.507781+00	success
58	58	49	2026-06-05 11:07:13.602614+00	2026-06-06 14:55:25.812779+00	success
98	98	80	2026-04-03 07:22:02.48528+00	2026-06-06 14:54:46.290763+00	success
23	23	58	2026-06-06 10:24:35.887457+00	2026-06-06 14:54:57.869674+00	success
27	27	106	2026-06-03 12:09:56.95014+00	2026-06-06 14:54:58.081663+00	success
182	182	42	2026-04-20 01:58:37.201853+00	2026-06-06 14:55:27.465089+00	success
29	29	212	2026-05-11 14:35:57.705572+00	2026-06-06 14:54:56.597482+00	success
46	46	56	2026-06-05 07:13:38.085026+00	2026-06-06 14:54:58.501175+00	success
13	13	173	2026-06-06 14:10:16.233689+00	2026-06-06 14:55:10.437055+00	success
44	44	90	2026-06-05 14:01:26.850564+00	2026-06-06 14:55:12.669985+00	success
48	48	83	2026-06-06 14:10:16.360723+00	2026-06-06 14:55:10.555485+00	success
1	1	105	2026-05-19 21:46:52.127454+00	2026-06-06 14:55:24.173197+00	success
11	11	72	2026-06-04 12:11:47.509693+00	2026-06-06 14:54:32.38+00	success
5	5	57	2026-06-04 12:03:24.523992+00	2026-06-06 14:55:23.066029+00	success
9	9	145	2026-06-04 21:17:21.522605+00	2026-06-06 14:55:23.158425+00	success
25	25	124	2026-03-28 11:10:38.640088+00	2026-06-06 14:55:21.001471+00	failed
31	31	52	2026-01-24 01:24:20.874049+00	2026-06-06 14:54:33.93156+00	success
42	42	47	2026-06-04 21:22:33.946812+00	2026-06-06 14:54:34.161211+00	success
90	90	47	2026-05-11 14:35:34.606337+00	2026-06-06 14:54:38.187488+00	success
47	47	71	2026-05-31 20:14:10.387742+00	2026-06-06 14:54:32.577251+00	success
249	249	7	2026-02-21 12:45:26.69815+00	2026-06-06 14:54:38.817814+00	failed
258	258	73	2026-06-03 13:03:51.276009+00	2026-06-06 14:54:39.913428+00	success
6	6	172	2026-06-06 14:02:05.643346+00	2026-06-06 14:54:42.594894+00	success
49	49	59	2026-04-10 01:08:02.607324+00	2026-06-06 14:54:56.848575+00	success
53	53	72	2026-06-05 08:06:31.674203+00	2026-06-06 14:55:10.010442+00	success
112	112	43	2026-06-05 19:50:40.227619+00	2026-06-06 14:54:42.853099+00	success
126	126	77	2026-06-06 11:05:49.158497+00	2026-06-06 14:54:42.983688+00	success
127	127	56	2026-05-16 03:01:48.934887+00	2026-06-06 14:54:58.989192+00	success
128	128	63	2026-06-04 14:05:11.426247+00	2026-06-06 14:54:59.107227+00	success
312	312	12048	2026-05-18 10:26:56.042881+00	2026-06-06 14:54:33.14083+00	success
313	313	126	2026-06-06 09:51:29.366225+00	2026-06-06 14:54:35.238304+00	success
241	241	28	2026-05-11 14:35:46.653661+00	2026-06-06 14:55:00.256514+00	success
194	194	42	2026-05-11 14:35:34.783639+00	2026-06-06 14:54:31.602621+00	success
219	219	152	2026-05-11 14:35:50.509156+00	2026-06-06 14:54:32.878955+00	success
86	86	70	2026-05-11 14:35:01.34692+00	2026-06-06 14:55:06.537455+00	success
130	130	36	2026-06-05 14:08:10.586885+00	2026-06-06 14:54:52.641319+00	success
68	68	102	2026-06-05 22:54:45.714914+00	2026-06-06 14:55:17.553047+00	success
138	138	63	2026-06-05 14:17:45.696747+00	2026-06-06 14:54:52.769747+00	success
123	123	91	2026-06-04 23:08:51.041668+00	2026-06-06 14:54:59.541572+00	success
281	281	40	2026-06-02 18:52:38.912146+00	2026-06-06 14:55:25.28565+00	success
139	139	45	2026-05-11 14:35:10.056341+00	2026-06-06 14:54:55.728917+00	success
133	133	48	2026-06-03 21:33:47.358722+00	2026-06-06 14:55:01.464216+00	success
265	265	62	2026-06-05 06:03:32.183328+00	2026-06-06 14:55:27.76355+00	success
100	100	73	2026-06-05 09:40:31.907592+00	2026-06-06 14:54:26.810876+00	success
161	161	54	2026-06-05 08:23:20.544228+00	2026-06-06 14:55:03.50884+00	success
107	107	46	2026-06-05 10:28:57.669318+00	2026-06-06 14:54:38.314955+00	success
110	110	58	2026-06-04 09:10:47.113895+00	2026-06-06 14:54:38.933977+00	success
189	189	38	2026-06-05 09:04:46.590798+00	2026-06-06 14:54:27.74049+00	success
106	106	28	2026-04-01 12:07:28.179203+00	2026-06-06 14:54:46.635335+00	success
91	91	32	2026-04-01 11:06:47.853425+00	2026-06-06 14:55:08.677207+00	success
203	203	71	2026-05-18 21:10:02.873917+00	2026-06-06 14:55:19.643337+00	success
108	108	43	2026-04-04 21:19:33.868298+00	2026-06-06 14:54:46.865414+00	success
99	99	73	2026-05-16 11:05:44.470812+00	2026-06-06 14:55:09.129732+00	success
102	102	47	2026-05-22 16:18:14.739586+00	2026-06-06 14:55:09.406964+00	success
272	272	218	2026-06-05 11:33:32.953303+00	2026-06-06 14:55:16.096672+00	success
113	113	89	2026-04-02 13:08:30.365774+00	2026-06-06 14:54:38.760199+00	success
132	132	70	2026-06-05 05:59:42.192758+00	2026-06-06 14:54:43.248695+00	success
144	144	66	2026-06-05 11:08:14.609515+00	2026-06-06 14:54:54.059772+00	success
310	310	5	2026-04-03 07:47:37.59084+00	2026-06-06 14:55:15.663951+00	success
134	134	54	2026-05-12 16:47:22.891739+00	2026-06-06 14:55:23.399443+00	success
18	18	117	2026-01-20 16:44:28.25144+00	2026-06-06 14:54:29.873845+00	failed
164	164	58	2026-04-18 07:12:19.426212+00	2026-06-06 14:55:22.605082+00	failed
221	221	138	2026-06-04 14:22:55.858416+00	2026-06-06 14:55:21.101889+00	success
259	259	125	2026-06-03 13:54:06.533275+00	2026-06-06 14:55:21.731053+00	success
252	252	28	2026-06-01 09:06:49.053823+00	2026-06-06 14:54:32.267528+00	success
80	80	88	2026-05-23 10:11:38.018131+00	2026-06-06 14:54:28.735154+00	success
153	153	56	2026-06-05 09:39:24.235599+00	2026-06-06 14:54:51.182446+00	success
154	154	6	2026-02-07 03:27:46.434669+00	2026-06-06 14:54:53.200796+00	success
158	158	60	2026-05-11 17:21:46.832016+00	2026-06-06 14:54:49.194767+00	success
159	159	55	2026-05-24 21:10:39.915328+00	2026-06-06 14:54:49.970783+00	success
160	160	41	2026-06-04 22:09:40.190482+00	2026-06-06 14:54:49.289958+00	success
207	207	128	2026-06-06 09:26:07.962776+00	2026-06-06 14:54:27.979201+00	success
156	156	57	2026-06-06 04:55:26.921708+00	2026-06-06 14:54:55.301127+00	success
162	162	43	2026-05-26 21:09:16.432081+00	2026-06-06 14:54:55.453441+00	success
85	85	119	2026-05-11 14:35:29.208296+00	2026-06-06 14:54:31.038216+00	success
147	147	84	2026-05-30 14:04:09.177728+00	2026-06-06 14:54:31.950674+00	success
77	77	89	2026-06-06 09:17:11.068429+00	2026-06-06 14:54:37.964757+00	success
179	179	26	2026-06-04 16:04:33.065916+00	2026-06-06 14:54:57.068829+00	success
181	181	36	2026-04-19 02:58:22.820205+00	2026-06-06 14:54:57.282461+00	success
163	163	92	2026-06-06 08:10:10.005223+00	2026-06-06 14:55:03.638287+00	success
149	149	110	2026-06-04 23:12:55.815165+00	2026-06-06 14:54:32.07373+00	success
89	89	84	2026-06-01 15:26:55.632168+00	2026-06-06 14:54:36.896889+00	success
121	121	211	2026-06-05 02:44:59.835253+00	2026-06-06 14:54:39.055448+00	success
191	191	69	2026-04-17 14:19:17.823092+00	2026-06-06 14:54:57.50279+00	success
239	239	31	2026-04-16 03:23:01.563851+00	2026-06-06 14:54:56.378677+00	success
165	165	74	2026-06-06 14:11:41.378743+00	2026-06-06 14:55:04.326223+00	success
167	167	85	2026-05-19 19:34:37.596211+00	2026-06-06 14:55:01.694436+00	success
172	172	29	2026-04-16 02:51:05.515344+00	2026-06-06 14:55:02.570626+00	success
152	152	51	2026-06-02 14:24:38.34955+00	2026-06-06 14:54:32.149402+00	success
131	131	39	2026-06-02 21:11:32.230917+00	2026-06-06 14:54:39.188816+00	success
192	192	25	2026-03-08 19:18:05.366509+00	2026-06-06 14:54:38.498101+00	failed
195	195	35	2026-06-05 21:46:36.510534+00	2026-06-06 14:54:40.34603+00	success
135	135	37	2026-05-11 14:35:31.004503+00	2026-06-06 14:54:47.101277+00	success
136	136	78	2026-06-04 11:04:06.24202+00	2026-06-06 14:54:47.324622+00	success
137	137	36	2026-05-21 16:08:01.588297+00	2026-06-06 14:54:47.702051+00	success
145	145	53	2026-06-03 10:27:57.528995+00	2026-06-06 14:54:47.577774+00	failed
148	148	78	2026-06-02 09:51:09.68009+00	2026-06-06 14:54:47.458775+00	success
183	184	39	2026-06-05 11:44:03.529488+00	2026-06-06 14:54:43.479834+00	success
125	125	67	2026-01-22 15:15:47.692906+00	2026-06-06 14:54:50.415398+00	success
166	166	41	2026-06-06 03:55:22.340111+00	2026-06-06 14:54:49.506173+00	success
178	178	36	2026-04-19 02:58:41.572092+00	2026-06-06 14:55:04.556436+00	success
197	197	55	2026-06-06 00:38:00.610732+00	2026-06-06 14:55:05.113822+00	success
198	198	41	2026-05-22 09:59:44.63613+00	2026-06-06 14:55:02.665932+00	success
104	104	53	2026-06-01 21:05:50.597433+00	2026-06-06 14:55:09.619713+00	success
105	105	66	2026-06-06 08:50:06.057332+00	2026-06-06 14:55:09.824218+00	success
111	111	23	2026-06-06 02:06:02.177938+00	2026-06-06 14:55:09.918053+00	success
115	115	106	2026-06-04 08:16:45.469291+00	2026-06-06 14:55:12.889921+00	success
119	119	43	2026-05-28 11:33:52.456651+00	2026-06-06 14:55:10.682356+00	success
120	120	72	2026-05-11 14:36:01.843569+00	2026-06-06 14:55:10.86338+00	success
175	175	46	2026-05-11 14:36:05.001239+00	2026-06-06 14:55:10.745475+00	failed
268	268	159	2026-06-04 11:56:53.111334+00	2026-06-06 14:55:24.3003+00	success
271	271	90	2026-06-03 12:29:35.72461+00	2026-06-06 14:55:24.806851+00	success
190	190	47	2026-05-11 14:36:06.112448+00	2026-06-06 14:54:31.511189+00	success
196	196	33	2026-04-20 01:58:39.915203+00	2026-06-06 14:54:40.601226+00	success
169	169	134	2026-06-04 21:05:58.466276+00	2026-06-06 14:54:49.631659+00	success
233	233	175	2026-06-04 08:41:37.205447+00	2026-06-06 14:55:03.986163+00	success
199	199	37	2026-06-03 14:01:31.894208+00	2026-06-06 14:54:40.810289+00	success
218	218	190	2026-06-06 08:40:29.843694+00	2026-06-06 14:54:40.920222+00	success
303	303	10	2026-04-01 23:26:42.931609+00	2026-06-06 14:54:36.573851+00	failed
177	177	5	2026-02-07 06:31:03.720107+00	2026-06-06 14:54:51.999544+00	success
185	185	5	2026-02-07 04:59:19.371112+00	2026-06-06 14:54:52.116445+00	success
228	228	120	2026-03-17 22:36:47.92904+00	2026-06-06 14:54:52.894295+00	success
237	237	51	2026-06-01 21:36:35.574968+00	2026-06-06 14:54:51.051129+00	success
240	240	26	2026-05-26 08:18:22.70625+00	2026-06-06 14:54:51.275395+00	success
186	186	22	2026-06-06 01:04:16.455719+00	2026-06-06 14:55:04.822911+00	success
282	282	107	2026-06-02 19:02:08.045681+00	2026-06-06 14:55:25.48744+00	success
214	214	11	2026-01-25 12:00:48.447584+00	2026-06-06 14:54:29.55635+00	failed
236	236	182	2026-06-04 00:06:58.925485+00	2026-06-06 14:54:28.946092+00	success
109	109	46	2026-05-11 14:37:21.139002+00	2026-06-06 14:54:38.436732+00	success
216	216	174	2026-06-03 12:38:50.596464+00	2026-06-06 14:55:11.503574+00	success
257	257	52	2026-06-05 21:41:04.019625+00	2026-06-06 14:55:15.448731+00	success
261	261	19	2026-05-11 14:35:48.582126+00	2026-06-06 14:54:28.292516+00	success
176	176	37	2026-04-19 02:58:57.04637+00	2026-06-06 14:54:51.798015+00	success
201	201	156	2026-06-03 12:06:43.94959+00	2026-06-06 14:54:53.293008+00	success
245	245	27	2026-05-27 09:25:24.915339+00	2026-06-06 14:54:53.384935+00	success
280	280	19	2026-04-02 19:34:22.116534+00	2026-06-06 14:54:55.525326+00	failed
187	187	37	2026-04-20 01:58:11.782261+00	2026-06-06 14:55:05.025074+00	success
262	262	170	2026-06-06 09:23:53.3644+00	2026-06-06 14:55:15.8863+00	success
264	264	29	2026-06-05 04:28:35.184711+00	2026-06-06 14:55:19.42902+00	success
223	223	70	2026-06-01 04:39:24.959487+00	2026-06-06 14:55:02.926315+00	success
217	217	140	2026-06-02 18:33:30.38195+00	2026-06-06 14:55:11.769763+00	success
295	295	74	2026-06-06 12:14:41.940009+00	2026-06-06 14:55:23.932184+00	success
263	263	84	2026-06-05 15:53:23.150068+00	2026-06-06 14:55:27.54915+00	success
235	235	32	2026-05-11 14:35:02.000857+00	2026-06-06 14:55:08.19449+00	success
222	222	187	2026-06-03 11:58:16.599448+00	2026-06-06 14:54:41.050838+00	success
238	238	32	2026-05-25 10:05:22.207825+00	2026-06-06 14:54:39.776145+00	success
276	276	99	2026-06-04 12:25:50.243631+00	2026-06-06 14:54:39.275099+00	success
246	246	27	2026-05-11 14:36:07.914853+00	2026-06-06 14:54:53.643056+00	success
247	247	178	2026-06-06 02:19:36.518483+00	2026-06-06 14:54:53.783305+00	success
248	248	29	2026-06-05 06:16:41.628324+00	2026-06-06 14:54:51.489862+00	success
224	224	73	2026-05-28 21:31:12.055663+00	2026-06-06 14:55:03.765924+00	success
226	226	40	2026-06-02 14:20:21.696923+00	2026-06-06 14:55:01.815756+00	success
227	227	46	2026-05-27 17:38:06.778387+00	2026-06-06 14:55:02.013549+00	success
243	243	31	2026-05-11 14:34:43.880253+00	2026-06-06 14:55:11.064105+00	success
267	267	174	2026-06-02 19:19:26.453143+00	2026-06-06 14:55:12.223689+00	success
275	275	67	2026-04-01 10:19:24.517611+00	2026-06-06 14:55:11.986527+00	success
150	150	6	2026-06-05 04:11:42.510768+00	2026-06-06 14:55:18.425821+00	success
242	242	22	2026-05-11 14:35:46.939159+00	2026-06-06 14:55:14.255511+00	success
279	279	611	2026-06-02 19:08:32.172827+00	2026-06-06 14:55:19.308119+00	failed
301	301	30	2026-06-05 11:11:40.152647+00	2026-06-06 14:55:14.509851+00	success
305	305	22	2026-06-02 10:23:13.182557+00	2026-06-06 14:55:17.095691+00	success
306	306	20	2026-06-02 11:11:47.173554+00	2026-06-06 14:55:17.326849+00	success
205	205	35	2026-03-30 13:08:56.03957+00	2026-06-06 14:55:20.942375+00	success
253	253	27	2026-06-02 10:46:48.189758+00	2026-06-06 14:55:21.365492+00	success
274	274	154	2026-06-03 12:51:50.516658+00	2026-06-06 14:55:25.061797+00	success
140	140	37	2026-06-05 01:23:23.566499+00	2026-06-06 14:54:27.278358+00	success
155	155	23	2026-01-23 21:55:08.680896+00	2026-06-06 14:54:26.867973+00	failed
277	277	123	2026-05-11 14:35:49.868108+00	2026-06-06 14:55:25.140995+00	success
174	174	12	2026-01-26 10:18:02.06744+00	2026-06-06 14:54:28.597577+00	failed
188	188	7	2026-01-26 08:09:32.537284+00	2026-06-06 14:54:29.263054+00	failed
204	204	11	2026-01-19 13:02:45.557517+00	2026-06-06 14:54:26.537385+00	failed
206	206	11	2026-01-21 01:14:47.742877+00	2026-06-06 14:54:28.411517+00	failed
284	284	174	2026-06-06 02:36:30.890044+00	2026-06-06 14:54:29.698922+00	success
87	87	79	2026-05-14 10:30:07.493579+00	2026-06-06 14:54:31.249136+00	success
293	293	162	2026-06-03 13:45:31.013611+00	2026-06-06 14:54:39.485908+00	success
8	8	116	2026-06-05 20:10:33.729799+00	2026-06-06 14:54:43.788819+00	success
17	17	80	2026-04-11 06:23:42.559676+00	2026-06-06 14:54:44.283021+00	success
66	66	139	2026-06-03 21:57:44.425653+00	2026-06-06 14:54:45.103276+00	success
67	67	64	2026-06-03 11:01:08.298456+00	2026-06-06 14:54:45.227628+00	success
96	96	106	2026-04-01 11:08:16.80579+00	2026-06-06 14:54:45.799709+00	success
97	97	113	2026-06-06 08:43:37.036296+00	2026-06-06 14:54:46.077575+00	success
146	146	69	2026-06-05 00:09:43.558073+00	2026-06-06 14:54:47.927496+00	success
193	193	1	2026-01-12 19:26:31.300705+00	2026-06-06 14:54:47.515898+00	failed
117	117	42	2026-06-05 08:43:30.662979+00	2026-06-06 14:54:58.864922+00	success
124	124	84	2026-06-04 09:23:32.046075+00	2026-06-06 14:54:59.807247+00	success
231	231	38	2026-06-05 21:53:19.276788+00	2026-06-06 14:55:03.379933+00	success
141	141	37	2026-05-11 14:34:58.970723+00	2026-06-06 14:54:55.943712+00	success
142	142	60	2026-04-19 09:32:36.606762+00	2026-06-06 14:54:58.145216+00	failed
232	232	8	2026-02-10 07:51:15.906263+00	2026-06-06 14:54:34.698788+00	failed
273	273	4	2026-03-18 21:58:08.372471+00	2026-06-06 14:54:34.224655+00	failed
234	234	167	2026-06-05 05:26:17.687471+00	2026-06-06 14:55:04.11813+00	success
250	250	44	2026-05-30 08:28:50.51478+00	2026-06-06 14:55:01.341473+00	success
168	168	66	2026-06-04 14:33:15.91825+00	2026-06-06 14:54:51.685708+00	success
170	170	66	2026-05-24 10:46:14.356395+00	2026-06-06 14:54:49.836125+00	success
143	143	34	2026-04-19 08:29:25.867819+00	2026-06-06 14:54:56.073931+00	success
180	180	22	2026-05-19 15:43:54.607682+00	2026-06-06 14:54:56.284024+00	success
200	200	54	2026-03-21 03:50:48.817883+00	2026-06-06 14:55:00.041417+00	success
266	266	25	2026-05-11 14:35:49.554351+00	2026-06-06 14:55:02.138956+00	success
269	269	118	2026-06-05 00:28:27.148314+00	2026-06-06 14:55:02.348619+00	success
88	88	120	2026-06-03 21:44:58.010175+00	2026-06-06 14:55:08.4246+00	success
118	118	109	2026-06-05 09:24:09.017377+00	2026-06-06 14:55:11.292349+00	success
129	129	53	2026-06-05 21:25:39.033554+00	2026-06-06 14:55:07.672413+00	success
184	183	67	2026-06-06 05:35:52.576199+00	2026-06-06 14:55:07.921975+00	success
215	215	189	2026-06-04 10:09:05.278651+00	2026-06-06 14:55:13.022801+00	success
244	244	32	2026-06-04 23:03:03.03076+00	2026-06-06 14:55:14.732044+00	success
254	254	15	2026-04-19 03:22:40.91228+00	2026-06-06 14:55:14.960961+00	success
256	256	48	2026-06-04 09:28:34.316036+00	2026-06-06 14:55:15.183958+00	success
208	208	10	2026-01-21 08:25:41.286249+00	2026-06-06 14:54:27.513656+00	failed
209	209	10	2026-01-21 08:27:37.079383+00	2026-06-06 14:54:28.110639+00	failed
210	210	9	2026-01-21 08:27:32.973611+00	2026-06-06 14:54:26.93322+00	failed
173	173	60	2026-06-05 23:41:55.171997+00	2026-06-06 14:54:50.842996+00	success
62	62	60	2026-05-19 19:38:00.666714+00	2026-06-06 14:55:18.074991+00	success
69	69	0	\N	2026-06-06 14:55:17.604212+00	failed
75	75	87	2026-01-16 19:34:29.426377+00	2026-06-06 14:55:18.975715+00	success
78	78	77	2026-04-02 13:08:00.349195+00	2026-06-06 14:55:19.240886+00	success
283	283	152	2026-06-03 12:03:56.64462+00	2026-06-06 14:55:16.221687+00	success
285	285	212	2026-06-06 07:50:27.949172+00	2026-06-06 14:55:16.333343+00	success
54	54	91	2026-06-06 06:09:07.373749+00	2026-06-06 14:55:26.241779+00	success
55	55	51	2026-06-05 10:17:17.96015+00	2026-06-06 14:55:25.726656+00	success
255	255	59	2026-06-05 21:52:02.054171+00	2026-06-06 14:55:21.607934+00	success
211	211	4	2026-01-20 15:59:15.227493+00	2026-06-06 14:54:28.352293+00	failed
212	212	10	2026-01-23 19:46:03.829558+00	2026-06-06 14:54:28.170263+00	failed
213	213	12	2026-01-25 09:44:31.784842+00	2026-06-06 14:54:27.339761+00	failed
220	220	11	2026-02-02 15:22:58.366482+00	2026-06-06 14:54:27.456312+00	failed
270	270	9	2026-03-17 22:53:14.999998+00	2026-06-06 14:54:29.615516+00	failed
294	294	19	2026-03-26 10:42:17.866298+00	2026-06-06 14:54:28.040242+00	failed
299	299	9	2026-03-29 02:07:03.411259+00	2026-06-06 14:54:26.994061+00	failed
95	95	66	2026-04-15 21:33:08.442476+00	2026-06-06 14:54:34.758223+00	failed
309	309	12	2026-04-03 13:07:27.894487+00	2026-06-06 14:54:30.942655+00	failed
286	286	116	2026-06-03 13:17:13.544442+00	2026-06-06 14:55:02.439989+00	success
287	287	321	2026-05-26 01:01:39.971828+00	2026-06-06 14:55:12.445612+00	success
300	300	142	2026-04-02 00:15:07.07401+00	2026-06-06 14:55:16.563492+00	success
288	288	40	2026-06-05 05:32:46.450336+00	2026-06-06 14:55:21.937128+00	success
292	292	214	2026-04-06 09:48:46.058093+00	2026-06-06 14:55:23.845623+00	success
296	296	151	2026-06-04 15:43:23.952372+00	2026-06-06 14:55:23.740183+00	success
297	297	68	2026-06-03 14:04:10.964326+00	2026-06-06 14:55:23.491397+00	success
302	302	14	2026-04-03 06:15:47.990677+00	2026-06-06 14:54:32.627209+00	failed
304	304	10	2026-04-02 21:47:04.758455+00	2026-06-06 14:54:34.411287+00	failed
307	307	7	2026-04-02 00:50:45.527452+00	2026-06-06 14:54:33.673635+00	failed
308	308	8	2026-04-02 10:23:40.202147+00	2026-06-06 14:54:32.680552+00	failed
260	260	153	2026-06-05 08:09:06.223275+00	2026-06-06 14:54:41.318946+00	success
289	289	188	2026-06-05 08:52:22.78441+00	2026-06-06 14:54:40.123206+00	success
291	291	23	2026-06-04 21:19:51.376637+00	2026-06-06 14:54:52.317797+00	success
\.


--
-- TOC entry 3487 (class 0 OID 0)
-- Dependencies: 216
-- Name: admin_users_id_seq; Type: SEQUENCE SET; Schema: public; Owner: -
--

SELECT pg_catalog.setval('public.admin_users_id_seq', 1, true);


--
-- TOC entry 3488 (class 0 OID 0)
-- Dependencies: 218
-- Name: customer_metadata_id_seq; Type: SEQUENCE SET; Schema: public; Owner: -
--

SELECT pg_catalog.setval('public.customer_metadata_id_seq', 36, true);


--
-- TOC entry 3489 (class 0 OID 0)
-- Dependencies: 220
-- Name: email_accounts_id_seq; Type: SEQUENCE SET; Schema: public; Owner: -
--

SELECT pg_catalog.setval('public.email_accounts_id_seq', 314, true);


--
-- TOC entry 3490 (class 0 OID 0)
-- Dependencies: 222
-- Name: google_apps_id_seq; Type: SEQUENCE SET; Schema: public; Owner: -
--

SELECT pg_catalog.setval('public.google_apps_id_seq', 5, true);


--
-- TOC entry 3491 (class 0 OID 0)
-- Dependencies: 224
-- Name: oauth_data_id_seq; Type: SEQUENCE SET; Schema: public; Owner: -
--

SELECT pg_catalog.setval('public.oauth_data_id_seq', 314, true);


--
-- TOC entry 3492 (class 0 OID 0)
-- Dependencies: 226
-- Name: sync_status_id_seq; Type: SEQUENCE SET; Schema: public; Owner: -
--

SELECT pg_catalog.setval('public.sync_status_id_seq', 314, true);


--
-- TOC entry 3289 (class 2606 OID 16544)
-- Name: admin_users admin_users_pkey; Type: CONSTRAINT; Schema: public; Owner: -
--

ALTER TABLE ONLY public.admin_users
    ADD CONSTRAINT admin_users_pkey PRIMARY KEY (id);


--
-- TOC entry 3294 (class 2606 OID 16546)
-- Name: customer_metadata customer_metadata_account_id_key; Type: CONSTRAINT; Schema: public; Owner: -
--

ALTER TABLE ONLY public.customer_metadata
    ADD CONSTRAINT customer_metadata_account_id_key UNIQUE (account_id);


--
-- TOC entry 3296 (class 2606 OID 16548)
-- Name: customer_metadata customer_metadata_pkey; Type: CONSTRAINT; Schema: public; Owner: -
--

ALTER TABLE ONLY public.customer_metadata
    ADD CONSTRAINT customer_metadata_pkey PRIMARY KEY (id);


--
-- TOC entry 3299 (class 2606 OID 16550)
-- Name: email_accounts email_accounts_pkey; Type: CONSTRAINT; Schema: public; Owner: -
--

ALTER TABLE ONLY public.email_accounts
    ADD CONSTRAINT email_accounts_pkey PRIMARY KEY (id);


--
-- TOC entry 3303 (class 2606 OID 16552)
-- Name: google_apps google_apps_client_id_key; Type: CONSTRAINT; Schema: public; Owner: -
--

ALTER TABLE ONLY public.google_apps
    ADD CONSTRAINT google_apps_client_id_key UNIQUE (client_id);


--
-- TOC entry 3305 (class 2606 OID 16554)
-- Name: google_apps google_apps_pkey; Type: CONSTRAINT; Schema: public; Owner: -
--

ALTER TABLE ONLY public.google_apps
    ADD CONSTRAINT google_apps_pkey PRIMARY KEY (id);


--
-- TOC entry 3309 (class 2606 OID 16556)
-- Name: oauth_data oauth_data_pkey; Type: CONSTRAINT; Schema: public; Owner: -
--

ALTER TABLE ONLY public.oauth_data
    ADD CONSTRAINT oauth_data_pkey PRIMARY KEY (id);


--
-- TOC entry 3312 (class 2606 OID 16558)
-- Name: sync_status sync_status_account_id_key; Type: CONSTRAINT; Schema: public; Owner: -
--

ALTER TABLE ONLY public.sync_status
    ADD CONSTRAINT sync_status_account_id_key UNIQUE (account_id);


--
-- TOC entry 3314 (class 2606 OID 16560)
-- Name: sync_status sync_status_pkey; Type: CONSTRAINT; Schema: public; Owner: -
--

ALTER TABLE ONLY public.sync_status
    ADD CONSTRAINT sync_status_pkey PRIMARY KEY (id);


--
-- TOC entry 3290 (class 1259 OID 16561)
-- Name: ix_admin_users_email; Type: INDEX; Schema: public; Owner: -
--

CREATE UNIQUE INDEX ix_admin_users_email ON public.admin_users USING btree (email);


--
-- TOC entry 3291 (class 1259 OID 16562)
-- Name: ix_admin_users_id; Type: INDEX; Schema: public; Owner: -
--

CREATE INDEX ix_admin_users_id ON public.admin_users USING btree (id);


--
-- TOC entry 3292 (class 1259 OID 16563)
-- Name: ix_admin_users_username; Type: INDEX; Schema: public; Owner: -
--

CREATE UNIQUE INDEX ix_admin_users_username ON public.admin_users USING btree (username);


--
-- TOC entry 3297 (class 1259 OID 16564)
-- Name: ix_customer_metadata_id; Type: INDEX; Schema: public; Owner: -
--

CREATE INDEX ix_customer_metadata_id ON public.customer_metadata USING btree (id);


--
-- TOC entry 3300 (class 1259 OID 16565)
-- Name: ix_email_accounts_email; Type: INDEX; Schema: public; Owner: -
--

CREATE UNIQUE INDEX ix_email_accounts_email ON public.email_accounts USING btree (email);


--
-- TOC entry 3301 (class 1259 OID 16566)
-- Name: ix_email_accounts_id; Type: INDEX; Schema: public; Owner: -
--

CREATE INDEX ix_email_accounts_id ON public.email_accounts USING btree (id);


--
-- TOC entry 3306 (class 1259 OID 16567)
-- Name: ix_google_apps_id; Type: INDEX; Schema: public; Owner: -
--

CREATE INDEX ix_google_apps_id ON public.google_apps USING btree (id);


--
-- TOC entry 3307 (class 1259 OID 16568)
-- Name: ix_oauth_data_id; Type: INDEX; Schema: public; Owner: -
--

CREATE INDEX ix_oauth_data_id ON public.oauth_data USING btree (id);


--
-- TOC entry 3310 (class 1259 OID 16569)
-- Name: ix_sync_status_id; Type: INDEX; Schema: public; Owner: -
--

CREATE INDEX ix_sync_status_id ON public.sync_status USING btree (id);


--
-- TOC entry 3315 (class 2606 OID 16570)
-- Name: customer_metadata customer_metadata_account_id_fkey; Type: FK CONSTRAINT; Schema: public; Owner: -
--

ALTER TABLE ONLY public.customer_metadata
    ADD CONSTRAINT customer_metadata_account_id_fkey FOREIGN KEY (account_id) REFERENCES public.email_accounts(id);


--
-- TOC entry 3316 (class 2606 OID 16575)
-- Name: email_accounts email_accounts_google_app_id_fkey; Type: FK CONSTRAINT; Schema: public; Owner: -
--

ALTER TABLE ONLY public.email_accounts
    ADD CONSTRAINT email_accounts_google_app_id_fkey FOREIGN KEY (google_app_id) REFERENCES public.google_apps(id);


--
-- TOC entry 3317 (class 2606 OID 16580)
-- Name: google_apps google_apps_owner_admin_id_fkey; Type: FK CONSTRAINT; Schema: public; Owner: -
--

ALTER TABLE ONLY public.google_apps
    ADD CONSTRAINT google_apps_owner_admin_id_fkey FOREIGN KEY (owner_admin_id) REFERENCES public.admin_users(id);


--
-- TOC entry 3318 (class 2606 OID 16585)
-- Name: oauth_data oauth_data_account_id_fkey; Type: FK CONSTRAINT; Schema: public; Owner: -
--

ALTER TABLE ONLY public.oauth_data
    ADD CONSTRAINT oauth_data_account_id_fkey FOREIGN KEY (account_id) REFERENCES public.email_accounts(id);


--
-- TOC entry 3319 (class 2606 OID 16590)
-- Name: sync_status sync_status_account_id_fkey; Type: FK CONSTRAINT; Schema: public; Owner: -
--

ALTER TABLE ONLY public.sync_status
    ADD CONSTRAINT sync_status_account_id_fkey FOREIGN KEY (account_id) REFERENCES public.email_accounts(id);


-- Completed on 2026-06-06 14:55:54 UTC

--
--

\unrestrict lXcangmIxGhZrrCwohYCbClcMcp4NnCmlhgauxUi4mgO1tXumyI7oxkD7k19Frn

